{"id":18,"date":"2020-06-25T17:39:34","date_gmt":"2020-06-25T20:39:34","guid":{"rendered":"https:\/\/www3.unicentro.br\/edunicentro\/?page_id=18"},"modified":"2025-07-02T14:42:16","modified_gmt":"2025-07-02T17:42:16","slug":"sobre","status":"publish","type":"page","link":"https:\/\/www3.unicentro.br\/edunicentro\/sobre\/","title":{"rendered":"Sobre n\u00f3s"},"content":{"rendered":"<div class=\"wpb-content-wrapper\"><p>[vc_row][vc_column][vc_column_text css=&#8221;&#8221;]<\/p>\n<p style=\"text-align: justify\">A Editora da Universidade Estadual do Centro-Oeste do Paran\u00e1, EDUNI, foi institucionalizada pela Resolu\u00e7\u00e3o do Conselho Universit\u00e1rio no 026, em 29 de outubro de 2001, e define-se como \u00f3rg\u00e3o suplementar ligado \u00e0 Reitoria da Universidade. Ao longo de todos esses anos, publica livros com o objetivo primordial de contribuir na gera\u00e7\u00e3o e na difus\u00e3o do conhecimento constitu\u00eddo pela produ\u00e7\u00e3o cient\u00edfica, tecnol\u00f3gica, art\u00edstica e cultural de sua regi\u00e3o e em \u00e2mbito nacional.<\/p>\n<p>Filiada \u00e0 Associa\u00e7\u00e3o Brasileira de Editoras Universit\u00e1rias, ABEU, a EDUNI profissionalizou suas atividades editoriais adquirindo excel\u00eancia na publica\u00e7\u00e3o de trabalhos voltados para o ensino, para a pesquisa e para a extens\u00e3o, centrando-se em tr\u00eas eixos tem\u00e1ticos: (i) NA SALA DE AULA, cujas reflex\u00f5es envolvem as rela\u00e7\u00f5es de ensino; (ii) DI\u00c1LOGOS ACAD\u00caMICOS, cujas produ\u00e7\u00f5es s\u00e3o oriundas das atividades t\u00e9cnico-cient\u00edficas, art\u00edsticas e\/ou culturais desenvolvidas em Institui\u00e7\u00f5es de Ensino Superior e (iii) DI\u00c1LOGOS EXTENSIONISTAS, que abrangem resultados de projetos extensionistas.<\/p>\n<p>O Conselho Editorial da EDUNI \u2013 \u00f3rg\u00e3o consultivo e deliberativo, constitu\u00eddo por representantes da comunidade acad\u00eamica \u2013 orienta-se de acordo com o regulamento de publica\u00e7\u00e3o da Editora \u2013 <strong><a href=\"https:\/\/www3.unicentro.br\/edunicentro\/sobre\/conselho-editorial\/\">Dispon\u00edvel aqui<\/a><\/strong> \u2013 e delibera no sentido de garantir a publica\u00e7\u00e3o de obras de relev\u00e2ncia social e acad\u00eamica e condizentes com as linhas de publica\u00e7\u00e3o da editora.[\/vc_column_text][\/vc_column][\/vc_row]<\/p>\n<\/div>","protected":false},"excerpt":{"rendered":"<p>[vc_row][vc_column][vc_column_text css=&#8221;&#8221;] A Editora da Universidade Estadual do Centro-Oeste do Paran\u00e1, EDUNI, foi institucionalizada pela Resolu\u00e7\u00e3o do Conselho Universit\u00e1rio no 026, em 29 de outubro de 2001, e define-se como \u00f3rg\u00e3o suplementar ligado \u00e0 Reitoria da Universidade. Ao longo de todos esses anos, publica livros com o objetivo primordial de contribuir na gera\u00e7\u00e3o e na [&hellip;]<\/p>\n","protected":false},"author":3,"featured_media":0,"parent":0,"menu_order":0,"comment_status":"closed","ping_status":"closed","template":"","meta":{"_exactmetrics_skip_tracking":false,"_exactmetrics_sitenote_active":false,"_exactmetrics_sitenote_note":"","_exactmetrics_sitenote_category":0,"footnotes":"","_links_to":"","_links_to_target":""},"class_list":["post-18","page","type-page","status-publish","hentry"],"_links":{"self":[{"href":"https:\/\/www3.unicentro.br\/edunicentro\/wp-json\/wp\/v2\/pages\/18","targetHints":{"allow":["GET"]}}],"collection":[{"href":"https:\/\/www3.unicentro.br\/edunicentro\/wp-json\/wp\/v2\/pages"}],"about":[{"href":"https:\/\/www3.unicentro.br\/edunicentro\/wp-json\/wp\/v2\/types\/page"}],"author":[{"embeddable":true,"href":"https:\/\/www3.unicentro.br\/edunicentro\/wp-json\/wp\/v2\/users\/3"}],"replies":[{"embeddable":true,"href":"https:\/\/www3.unicentro.br\/edunicentro\/wp-json\/wp\/v2\/comments?post=18"}],"version-history":[{"count":2,"href":"https:\/\/www3.unicentro.br\/edunicentro\/wp-json\/wp\/v2\/pages\/18\/revisions"}],"predecessor-version":[{"id":800,"href":"https:\/\/www3.unicentro.br\/edunicentro\/wp-json\/wp\/v2\/pages\/18\/revisions\/800"}],"wp:attachment":[{"href":"https:\/\/www3.unicentro.br\/edunicentro\/wp-json\/wp\/v2\/media?parent=18"}],"curies":[{"name":"wp","href":"https:\/\/api.w.org\/{rel}","templated":true}]}}