{"id":21,"date":"2020-05-15T18:36:02","date_gmt":"2020-05-15T21:36:02","guid":{"rendered":"https:\/\/www3.unicentro.br\/educartgeo\/?page_id=21"},"modified":"2020-05-19T12:55:23","modified_gmt":"2020-05-19T15:55:23","slug":"sobre","status":"publish","type":"page","link":"https:\/\/www3.unicentro.br\/educartgeo\/institucional\/sobre\/","title":{"rendered":"Sobre o EducartGEO"},"content":{"rendered":"<p style=\"text-align: justify\"><span style=\"color: #000000;font-size: 14pt;font-family: georgia, palatino, serif\">O Grupo de Pesquisa e Extens\u00e3o Educa\u00e7\u00e3o Geogr\u00e1fica e Cartografia para Escolares (EducartGEO) tem como objetivo desenvolver estudos sobre temas, conte\u00fados, linguagens, conceitos e categorias diretamente relacionadas com a did\u00e1tica em Geografia e com a forma\u00e7\u00e3o de professores e jovens escolares. Com isso, espera-se contribuir com as discuss\u00f5es sobre o curr\u00edculo e a pr\u00e1tica pedag\u00f3gica, com foco nos temas e conte\u00fados sobre a cidade e o campo e no aporte te\u00f3rico-metodol\u00f3gico que sustenta a did\u00e1tica em Geografia.<\/span><\/p>\n<p style=\"text-align: justify\"><span style=\"color: #000000;font-size: 14pt;font-family: georgia, palatino, serif\">Em rela\u00e7\u00e3o aos temas e conte\u00fados geogr\u00e1ficos busca-se verificar como estes podem ser reelaborados na escola, sempre considerando o cotidiano dos jovens escolares, assim como entender como os cursos de forma\u00e7\u00e3o inicial podem abord\u00e1-los com vistas a contribuir para a profissionaliza\u00e7\u00e3o docente, da\u00ed o interesse pelo curr\u00edculo escolar e do curso de licenciatura em Geografia.<\/span><\/p>\n<p style=\"text-align: justify\"><span style=\"color: #000000;font-size: 14pt;font-family: georgia, palatino, serif\">Outro aspecto diz respeito a investiga\u00e7\u00e3o sobre o uso das diferentes linguagens na educa\u00e7\u00e3o geogr\u00e1fica, em especial a cartografia e as geotecnologias, com vista ao desenvolvimento do pensamento espacial e geogr\u00e1fico, com foco na did\u00e1tica e no uso da cartografia convencional e social, sensoriamento remoto e geotecnologias.<\/span><\/p>\n<p style=\"text-align: justify\"><span style=\"color: #000000;font-size: 14pt;font-family: georgia, palatino, serif\">A preocupa\u00e7\u00e3o com a epistemologia da Geografia \u00e9 uma constante no grupo, com vistas a atualiza\u00e7\u00e3o quanto ao aporte te\u00f3rico-metodol\u00f3gico que sustenta a ci\u00eancia geogr\u00e1fica e que pode servir de base para as pesquisas sobre a educa\u00e7\u00e3o geogr\u00e1fica.<\/span><\/p>\n<p style=\"text-align: justify\"><span style=\"color: #000000;font-size: 14pt;font-family: georgia, palatino, serif\">Outros temas como a educa\u00e7\u00e3o ambiental, processos n\u00e3o formais, tecnologias da informa\u00e7\u00e3o e linguagens tamb\u00e9m s\u00e3o de interesse do grupo, seja na pesquisa ou na extens\u00e3o universit\u00e1ria.<\/span><\/p>\n<p style=\"text-align: justify\"><span style=\"color: #000000;font-size: 14pt;font-family: georgia, palatino, serif\">O EducartGEO tem buscado fazer parcerias com institui\u00e7\u00f5es e grupos sociais na realiza\u00e7\u00e3o de projetos de extens\u00e3o universit\u00e1ria voltados para a forma\u00e7\u00e3o inicial e continuada, bem como ao acesso de crian\u00e7as e jovens escolares aos conhecimentos produzidos pelo grupo, seja por meio de oficinas, palestras e cursos, seja acesso a materiais did\u00e1ticos, muitos deles produzidos de forma colaborativa com os parceiros. Todas as a\u00e7\u00f5es s\u00e3o sistematizadas e avaliadas com vistas a aprimorar o trabalho realizado e a divulga\u00e7\u00e3o cient\u00edfica em anais de evento, livros e peri\u00f3dicos.<\/span><\/p>\n","protected":false},"excerpt":{"rendered":"<p>O Grupo de Pesquisa e Extens\u00e3o Educa\u00e7\u00e3o Geogr\u00e1fica e Cartografia para Escolares (EducartGEO) tem como objetivo desenvolver estudos sobre temas, conte\u00fados, linguagens, conceitos e categorias diretamente relacionadas com a did\u00e1tica em Geografia e com a forma\u00e7\u00e3o de professores e jovens escolares. Com isso, espera-se contribuir com as discuss\u00f5es sobre o curr\u00edculo e a pr\u00e1tica pedag\u00f3gica, [&hellip;]<\/p>\n","protected":false},"author":3,"featured_media":0,"parent":19,"menu_order":0,"comment_status":"closed","ping_status":"closed","template":"","meta":{"_exactmetrics_skip_tracking":false,"_exactmetrics_sitenote_active":false,"_exactmetrics_sitenote_note":"","_exactmetrics_sitenote_category":0,"footnotes":"","_links_to":"","_links_to_target":""},"class_list":["post-21","page","type-page","status-publish","hentry"],"_links":{"self":[{"href":"https:\/\/www3.unicentro.br\/educartgeo\/wp-json\/wp\/v2\/pages\/21","targetHints":{"allow":["GET"]}}],"collection":[{"href":"https:\/\/www3.unicentro.br\/educartgeo\/wp-json\/wp\/v2\/pages"}],"about":[{"href":"https:\/\/www3.unicentro.br\/educartgeo\/wp-json\/wp\/v2\/types\/page"}],"author":[{"embeddable":true,"href":"https:\/\/www3.unicentro.br\/educartgeo\/wp-json\/wp\/v2\/users\/3"}],"replies":[{"embeddable":true,"href":"https:\/\/www3.unicentro.br\/educartgeo\/wp-json\/wp\/v2\/comments?post=21"}],"version-history":[{"count":0,"href":"https:\/\/www3.unicentro.br\/educartgeo\/wp-json\/wp\/v2\/pages\/21\/revisions"}],"up":[{"embeddable":true,"href":"https:\/\/www3.unicentro.br\/educartgeo\/wp-json\/wp\/v2\/pages\/19"}],"wp:attachment":[{"href":"https:\/\/www3.unicentro.br\/educartgeo\/wp-json\/wp\/v2\/media?parent=21"}],"curies":[{"name":"wp","href":"https:\/\/api.w.org\/{rel}","templated":true}]}}