{"id":18,"date":"2014-11-06T00:00:00","date_gmt":"2014-11-06T02:00:00","guid":{"rendered":"https:\/\/www3.unicentro.br\/dircont\/outros\/"},"modified":"2025-12-01T10:55:47","modified_gmt":"2025-12-01T13:55:47","slug":"outros","status":"publish","type":"page","link":"https:\/\/www3.unicentro.br\/dircont\/outros\/","title":{"rendered":"Outros downloads"},"content":{"rendered":"<div class=\"wpb-content-wrapper\"><p>[vc_row][vc_column][vc_column_text css=&#8221;&#8221;]<a href=\"https:\/\/drive.google.com\/file\/d\/1vVAIe_tYb2eYhCi-LAL236BHEEY9EckK\/view?usp=share_link\">Lei 9295-90 Institui a UNICENTRO<\/a><\/p>\n<p><a href=\"https:\/\/drive.google.com\/file\/d\/1fjh62azmRlbcTU6ZKCWMPQglMRdfhL6r\/view?usp=sharing\">DEC NOMEACAO REITORIA 4714\/2024 FABIO E ADEMIR<\/a><\/p>\n<p><a href=\"https:\/\/solucoes.receita.fazenda.gov.br\/servicos\/cnpjreva\/cnpjreva_solicitacao.asp\">Para consulta ao CNPJ: clicar neste link e em seguida digitar o n\u00ba do CNPJ 77902914000172<\/a><\/p>\n<p><a href=\"https:\/\/drive.google.com\/file\/d\/1kL_zIZx54M80Tm5wWCKo3VDcJRFz45e0\/view?usp=sharing\" rel=\"\">Estatuto Unicentro\u00a0 2024<\/a><\/p>\n<p><a href=\"https:\/\/drive.google.com\/file\/d\/1Danll84SFnbyD8KrBbqhvccL17me3D1d\/view?usp=share_link\" rel=\"\">Alvar\u00e1 Santa Cruz &#8211; altera\u00e7\u00e3o nome Rua<\/a><\/p>\n<p><a href=\"https:\/\/drive.google.com\/drive\/folders\/1SuhLf5_H814Jmwg5BtoTekewpZPIPD4U?usp=sharing\">ALVAR\u00c1S CEDETEG<\/a><\/p>\n<p><a href=\"https:\/\/drive.google.com\/file\/d\/1_KzskTauxCfPRGV5UScGsEpvevj7JAaR\/view?usp=sharing\">ALVAR\u00c1 CLINICIA PSICO E FONO IRATI<\/a>[\/vc_column_text][\/vc_column][\/vc_row]<\/p>\n<\/div>","protected":false},"excerpt":{"rendered":"<p>[vc_row][vc_column][vc_column_text css=&#8221;&#8221;]Lei 9295-90 Institui a UNICENTRO DEC NOMEACAO REITORIA 4714\/2024 FABIO E ADEMIR Para consulta ao CNPJ: clicar neste link e em seguida digitar o n\u00ba do CNPJ 77902914000172 Estatuto Unicentro\u00a0 2024 Alvar\u00e1 Santa Cruz &#8211; altera\u00e7\u00e3o nome Rua ALVAR\u00c1S CEDETEG ALVAR\u00c1 CLINICIA PSICO E FONO IRATI[\/vc_column_text][\/vc_column][\/vc_row]<\/p>\n","protected":false},"author":3,"featured_media":0,"parent":0,"menu_order":0,"comment_status":"closed","ping_status":"closed","template":"","meta":{"_exactmetrics_skip_tracking":false,"_exactmetrics_sitenote_active":false,"_exactmetrics_sitenote_note":"","_exactmetrics_sitenote_category":0,"footnotes":"","_links_to":"","_links_to_target":""},"class_list":["post-18","page","type-page","status-publish","hentry"],"_links":{"self":[{"href":"https:\/\/www3.unicentro.br\/dircont\/wp-json\/wp\/v2\/pages\/18","targetHints":{"allow":["GET"]}}],"collection":[{"href":"https:\/\/www3.unicentro.br\/dircont\/wp-json\/wp\/v2\/pages"}],"about":[{"href":"https:\/\/www3.unicentro.br\/dircont\/wp-json\/wp\/v2\/types\/page"}],"author":[{"embeddable":true,"href":"https:\/\/www3.unicentro.br\/dircont\/wp-json\/wp\/v2\/users\/3"}],"replies":[{"embeddable":true,"href":"https:\/\/www3.unicentro.br\/dircont\/wp-json\/wp\/v2\/comments?post=18"}],"version-history":[{"count":2,"href":"https:\/\/www3.unicentro.br\/dircont\/wp-json\/wp\/v2\/pages\/18\/revisions"}],"predecessor-version":[{"id":1212,"href":"https:\/\/www3.unicentro.br\/dircont\/wp-json\/wp\/v2\/pages\/18\/revisions\/1212"}],"wp:attachment":[{"href":"https:\/\/www3.unicentro.br\/dircont\/wp-json\/wp\/v2\/media?parent=18"}],"curies":[{"name":"wp","href":"https:\/\/api.w.org\/{rel}","templated":true}]}}