{"id":163,"date":"2021-10-29T11:07:25","date_gmt":"2021-10-29T14:07:25","guid":{"rendered":"https:\/\/www3.unicentro.br\/dircont\/?page_id=163"},"modified":"2022-03-22T13:27:42","modified_gmt":"2022-03-22T16:27:42","slug":"despesas-exercicio-2021","status":"publish","type":"page","link":"https:\/\/www3.unicentro.br\/dircont\/prestando-contas\/despesas\/despesas-exercicio-2021\/","title":{"rendered":"DESPESAS \u00d3RG\u00c3O 4533 EXERC\u00cdCIO 2021"},"content":{"rendered":"<p>Os dados constantes da tabela referem-se as despesas do exerc\u00edcio de 2021, extra\u00eddas do Sistema NOVO SIAF e homologados pela Diretoria de Contabilidade do Estado DCG\/SEFA.<\/p>\n<p>FONTE: site transparencia.pr.gov.br<\/p>\n<p><span style=\"font-family: Arial, sans-serif\">Para realizar a pesquisa\u00a0<\/span><strong><span style=\"font-family: Arial, sans-serif\"><b>Consulta Detalhada<\/b><\/span><\/strong><span style=\"font-family: Arial, sans-serif\">\u00a0atualizada, baixe a planilha aqui.<\/span><\/p>\n<p><span style=\"font-family: Arial, sans-serif\"><a href=\"https:\/\/www3.unicentro.br\/dircont\/wp-content\/uploads\/sites\/101\/2021\/11\/Consulta-Detalhada-de-Janeiro-a-Novembro-de-2021.ods\">Consulta Detalhada de Janeiro a Dezembro de 2021<\/a><\/span><\/p>\n<p><span style=\"font-family: Arial, sans-serif\">Para realizar a pesquisa dos m\u00f3dulos\u00a0<\/span><strong><span style=\"font-family: Arial, sans-serif\"><b>Pagamentos Efetuados\u00a0<\/b><\/span><\/strong><span style=\"font-family: Arial, sans-serif\">e\u00a0<\/span><strong><span style=\"font-family: Arial, sans-serif\"><b>Consulta por Credor\u00a0<\/b><\/span><\/strong><span style=\"font-family: Arial, sans-serif\">com as descri\u00e7\u00f5es, baixe a planilha aqui. Os pagamentos demonstrados na planilha tem por escopo a execu\u00e7\u00e3o or\u00e7ament\u00e1ria do exerc\u00edcio.<\/span><\/p>\n<p><span style=\"font-family: Arial, sans-serif\"><a href=\"https:\/\/www3.unicentro.br\/dircont\/wp-content\/uploads\/sites\/101\/2021\/11\/Pagamentos-Janeiro-2021.ods\">Pagamentos Janeiro 2021<\/a><\/span><\/p>\n<p><span style=\"font-family: Arial, sans-serif\"><a href=\"https:\/\/www3.unicentro.br\/dircont\/wp-content\/uploads\/sites\/101\/2021\/11\/Pagamentos-Fevereiro-2021.ods\">Pagamentos Fevereiro 2021<\/a><\/span><\/p>\n<p><span style=\"font-family: Arial, sans-serif\"><a href=\"https:\/\/www3.unicentro.br\/dircont\/wp-content\/uploads\/sites\/101\/2021\/11\/Pagamentos-Marco-2021.ods\">Pagamentos Mar\u00e7o 2021<\/a><\/span><\/p>\n<p><span style=\"font-family: Arial, sans-serif\"><a href=\"https:\/\/www3.unicentro.br\/dircont\/wp-content\/uploads\/sites\/101\/2021\/11\/Pagamentos-Abril-2021.ods\">Pagamentos Abril 2021<\/a><\/span><\/p>\n<p><span style=\"font-family: Arial, sans-serif\"><a href=\"https:\/\/www3.unicentro.br\/dircont\/wp-content\/uploads\/sites\/101\/2021\/11\/Pagamentos-Maio-2021.ods\">Pagamentos Maio 2021<\/a><\/span><\/p>\n<p><span style=\"font-family: Arial, sans-serif\"><a href=\"https:\/\/www3.unicentro.br\/dircont\/wp-content\/uploads\/sites\/101\/2021\/11\/Pagamentos-Junho-2021.ods\">Paga<\/a><\/span><span style=\"font-family: Arial, sans-serif\"><a href=\"https:\/\/www3.unicentro.br\/dircont\/wp-content\/uploads\/sites\/101\/2021\/11\/Pagamentos-Junho-2021.ods\">mentos Junho 2021<\/a><\/span><\/p>\n<p><span style=\"font-family: Arial, sans-serif\"><a href=\"https:\/\/www3.unicentro.br\/dircont\/wp-content\/uploads\/sites\/101\/2021\/11\/Pagamentos-Julho-2021.ods\">Pagamentos Julho 2021<\/a><\/span><\/p>\n<p><span style=\"font-family: Arial, sans-serif\"><a href=\"https:\/\/www3.unicentro.br\/dircont\/wp-content\/uploads\/sites\/101\/2021\/11\/Pagamentos-Agosto-2021.ods\">Pagamentos Agosto 2021<\/a><\/span><\/p>\n<p><span style=\"font-family: Arial, sans-serif\"><a href=\"https:\/\/www3.unicentro.br\/dircont\/wp-content\/uploads\/sites\/101\/2021\/11\/Pagamentos-Setembro-2021.ods\">Pagamentos Setembro 2021<\/a><\/span><\/p>\n<p><a href=\"https:\/\/www3.unicentro.br\/dircont\/wp-content\/uploads\/sites\/101\/2021\/11\/Pagamentos-Outubro-2021-1.ods\">Pagamentos Outubro 2021<\/a><\/p>\n<p><span style=\"font-family: Arial, sans-serif\"><a href=\"https:\/\/www3.unicentro.br\/dircont\/wp-content\/uploads\/sites\/101\/2021\/11\/Pagamentos-Nov-2021.ods\">Pagamentos Novembro 2021<\/a><\/span><\/p>\n<p><a href=\"https:\/\/www3.unicentro.br\/dircont\/wp-content\/uploads\/sites\/101\/2022\/03\/Pagamentos-Dezembro-2021-NAO-ATUALIZADOS-NO-PORTAL-PELA-DCG-SEFA.ods\">Pagamentos Dezembro 2021 N\u00c3O ATUALIZADOS NO PORTAL PELA DCG-SEFA<\/a><\/p>\n<p><span style=\"font-family: Arial, sans-serif\">Para baixar os relat\u00f3rios\u00a0<\/span><strong><span style=\"font-family: Arial, sans-serif\"><b>Consulta Detalhada<\/b><\/span><\/strong><span style=\"font-family: Arial, sans-serif\">\u00a0no modelo PDF, selecione o m\u00eas desejado aqui.<\/span><\/p>\n<p><a href=\"https:\/\/www3.unicentro.br\/dircont\/wp-content\/uploads\/sites\/101\/2021\/11\/Despesa-Janeiro-2021.pdf\">Despesa Janeiro 2021<\/a><\/p>\n<p><a href=\"https:\/\/www3.unicentro.br\/dircont\/wp-content\/uploads\/sites\/101\/2021\/11\/Despesa-Fevereiro-2021.pdf\">Despesa Fevereiro 2021<\/a><\/p>\n<p><a href=\"https:\/\/www3.unicentro.br\/dircont\/wp-content\/uploads\/sites\/101\/2021\/11\/Despesa-Marco-2021.pdf\">Despesa Mar\u00e7o 2021<\/a><\/p>\n<p><a href=\"https:\/\/www3.unicentro.br\/dircont\/wp-content\/uploads\/sites\/101\/2021\/11\/Despesa-Abril-2021.pdf\">Despesa Abril 2021<\/a><\/p>\n<p><a href=\"https:\/\/www3.unicentro.br\/dircont\/wp-content\/uploads\/sites\/101\/2021\/11\/Despesa-Maio-2021.pdf\">Despesa Maio 2021<\/a><\/p>\n<p><a href=\"https:\/\/www3.unicentro.br\/dircont\/wp-content\/uploads\/sites\/101\/2021\/11\/Despesa-Junho-2021.pdf\">Despesa Junho 2021<\/a><\/p>\n<p><a href=\"https:\/\/www3.unicentro.br\/dircont\/wp-content\/uploads\/sites\/101\/2021\/11\/Despesa-Julho-2021.pdf\">Despesa Julho 2021<\/a><\/p>\n<p><a href=\"https:\/\/www3.unicentro.br\/dircont\/wp-content\/uploads\/sites\/101\/2021\/11\/Despesa-Agosto-2021.pdf\">Despesa Agosto 2021<\/a><\/p>\n<p><a href=\"https:\/\/www3.unicentro.br\/dircont\/wp-content\/uploads\/sites\/101\/2021\/11\/Despesa-Setembro-2021.pdf\">Despesa Setembro 2021<\/a><\/p>\n<p><a href=\"https:\/\/www3.unicentro.br\/dircont\/wp-content\/uploads\/sites\/101\/2021\/11\/Despesa-Outubro-2021-1.pdf\">Despesa Outubro 2021<\/a><\/p>\n<p><a href=\"https:\/\/www3.unicentro.br\/dircont\/wp-content\/uploads\/sites\/101\/2022\/03\/Despesa-Novembro-2021.pdf\">Despesa Novembro 2021<\/a><\/p>\n<p><a href=\"https:\/\/www3.unicentro.br\/dircont\/wp-content\/uploads\/sites\/101\/2022\/03\/Despesa-Dezembro-2021.pdf\">Despesa Dezembro 2021<\/a><\/p>\n","protected":false},"excerpt":{"rendered":"<p>Os dados constantes da tabela referem-se as despesas do exerc\u00edcio de 2021, extra\u00eddas do Sistema NOVO SIAF e homologados pela Diretoria de Contabilidade do Estado DCG\/SEFA. FONTE: site transparencia.pr.gov.br Para realizar a pesquisa\u00a0Consulta Detalhada\u00a0atualizada, baixe a planilha aqui. Consulta Detalhada de Janeiro a Dezembro de 2021 Para realizar a pesquisa dos m\u00f3dulos\u00a0Pagamentos Efetuados\u00a0e\u00a0Consulta por Credor\u00a0com [&hellip;]<\/p>\n","protected":false},"author":335,"featured_media":0,"parent":271,"menu_order":0,"comment_status":"closed","ping_status":"closed","template":"","meta":{"_exactmetrics_skip_tracking":false,"_exactmetrics_sitenote_active":false,"_exactmetrics_sitenote_note":"","_exactmetrics_sitenote_category":0,"footnotes":"","_links_to":"","_links_to_target":""},"class_list":["post-163","page","type-page","status-publish","hentry"],"_links":{"self":[{"href":"https:\/\/www3.unicentro.br\/dircont\/wp-json\/wp\/v2\/pages\/163","targetHints":{"allow":["GET"]}}],"collection":[{"href":"https:\/\/www3.unicentro.br\/dircont\/wp-json\/wp\/v2\/pages"}],"about":[{"href":"https:\/\/www3.unicentro.br\/dircont\/wp-json\/wp\/v2\/types\/page"}],"author":[{"embeddable":true,"href":"https:\/\/www3.unicentro.br\/dircont\/wp-json\/wp\/v2\/users\/335"}],"replies":[{"embeddable":true,"href":"https:\/\/www3.unicentro.br\/dircont\/wp-json\/wp\/v2\/comments?post=163"}],"version-history":[{"count":0,"href":"https:\/\/www3.unicentro.br\/dircont\/wp-json\/wp\/v2\/pages\/163\/revisions"}],"up":[{"embeddable":true,"href":"https:\/\/www3.unicentro.br\/dircont\/wp-json\/wp\/v2\/pages\/271"}],"wp:attachment":[{"href":"https:\/\/www3.unicentro.br\/dircont\/wp-json\/wp\/v2\/media?parent=163"}],"curies":[{"name":"wp","href":"https:\/\/api.w.org\/{rel}","templated":true}]}}