{"id":15,"date":"2014-09-15T00:00:00","date_gmt":"2014-09-15T03:00:00","guid":{"rendered":"https:\/\/www3.unicentro.br\/detur\/inicial\/"},"modified":"2021-07-20T16:29:16","modified_gmt":"2021-07-20T19:29:16","slug":"sobre-o-curso","status":"publish","type":"page","link":"https:\/\/www3.unicentro.br\/detur\/o-curso\/sobre-o-curso\/","title":{"rendered":"Sobre o curso"},"content":{"rendered":"<h2 style=\"text-align: justify\"><span style=\"font-size: 14pt\"><strong><span style=\"font-family: 'andale mono', times\">SOBRE O CURSO<\/span><\/strong><\/span><\/h2>\n<p style=\"color: #292c25;text-align: justify\"><img loading=\"lazy\" decoding=\"async\" class=\"wp-image-853 alignleft\" src=\"https:\/\/www2.unicentro.br\/detur\/files\/2019\/08\/67651436_655295161618071_2609542758053969920_n.png\" alt=\"\" width=\"342\" height=\"130\" \/><span style=\"color: #808080\">O Turismo \u00e9 um dos setores da economia que mais cresce no mundo. O profissional de Turismo \u00e9 aquele que planeja atividades tur\u00edsticas, reunindo informa\u00e7\u00f5es sobre caracter\u00edsticas, recursos e atrativos de determinada localidade. \u00c9 respons\u00e1vel pelo planejamento, organiza\u00e7\u00e3o e promo\u00e7\u00e3o de eventos sociais, culturais, cient\u00edficos e art\u00edsticos. Tamb\u00e9m recepciona visitantes e realiza pesquisa de campo sobre flutua\u00e7\u00f5es do mercado e per\u00edodos de perman\u00eancia de turistas.<\/span><\/p>\n<p style=\"text-align: justify\"><span style=\"color: #808080\">Coordena o uso tur\u00edstico de uma regi\u00e3o, promovendo e divulgando as atra\u00e7\u00f5es locais. Atua ainda em ag\u00eancias de viagens e empresas de promo\u00e7\u00e3o tur\u00edstica, al\u00e9m de museus, transporte tur\u00edstico, meios de hospedagem, \u00f3rg\u00e3os governamentais e institui\u00e7\u00f5es de pesquisa e de ensino.<\/span><\/p>\n<p style=\"text-align: justify\"><span style=\"color: #808080\">Algumas disciplinas do Curso est\u00e3o relacionadas a: Cultura, Meio Ambiente, Gastronomia, Elabora\u00e7\u00e3o de Projetos, Organiza\u00e7\u00e3o de Eventos e Atividades de Lazer, Meios de Hospedagem, Ag\u00eancia de Viagens, Elabora\u00e7\u00e3o de Roteiros, Recursos Humanos, Gest\u00e3o e Planejamento. No decurso da forma\u00e7\u00e3o os acad\u00eamicos tamb\u00e9m realizam viagens para atividades t\u00e9cnicas e pr\u00e1ticas.<\/span><\/p>\n<p style=\"text-align: justify\"><span style=\"color: #808080\">Com dura\u00e7\u00e3o de 3 anos, o Curso de Turismo da Unicentro existe desde 2003 e vem, desde ent\u00e3o, formando profissionais que atuam nos mais diversos setores do Turismo no Brasil e no exterior. Atualmente, mais de 50% dos egressos do curso atuam na \u00e1rea e 95% destes profissionais est\u00e3o empregados.<\/span><\/p>\n<p style=\"text-align: justify\"><span style=\"color: #808080\">Esses dados s\u00e3o reflexo da qualidade do Curso de Turismo que foi eleito em 2016 pelo INEP\/MEC\u00a0<strong>o melhor Curso de Turismo do Paran\u00e1.<\/strong>\u00a0Em 2015 o Curso foi classificado como 4 estrelas na avalia\u00e7\u00e3o de cursos superiores realizada pelo Guia do Estudante (GE), uma das publica\u00e7\u00f5es mais conceituadas para a an\u00e1lise de gradua\u00e7\u00e3o das institui\u00e7\u00f5es de Ensino Superior, t\u00edtulo que reafirma o comprometimento do Departamento de Turismo com a excel\u00eancia e a qualidade do ensino.\u00a0<\/span><\/p>\n<p style=\"text-align: justify\"><span style=\"color: #808080\">O Curso \u00e9 oferecido nos\u00a0<em>Campi<\/em> de <strong>Irati e de Prudent\u00f3polis no per\u00edodo noturno<\/strong>.<\/span><\/p>\n<p>&nbsp;<\/p>\n","protected":false},"excerpt":{"rendered":"<p>SOBRE O CURSO O Turismo \u00e9 um dos setores da economia que mais cresce no mundo. O profissional de Turismo \u00e9 aquele que planeja atividades tur\u00edsticas, reunindo informa\u00e7\u00f5es sobre caracter\u00edsticas, recursos e atrativos de determinada localidade. \u00c9 respons\u00e1vel pelo planejamento, organiza\u00e7\u00e3o e promo\u00e7\u00e3o de eventos sociais, culturais, cient\u00edficos e art\u00edsticos. Tamb\u00e9m recepciona visitantes e realiza [&hellip;]<\/p>\n","protected":false},"author":3,"featured_media":0,"parent":45,"menu_order":0,"comment_status":"closed","ping_status":"closed","template":"","meta":{"_exactmetrics_skip_tracking":false,"_exactmetrics_sitenote_active":false,"_exactmetrics_sitenote_note":"","_exactmetrics_sitenote_category":0,"footnotes":"","_links_to":"","_links_to_target":""},"class_list":["post-15","page","type-page","status-publish","hentry"],"_links":{"self":[{"href":"https:\/\/www3.unicentro.br\/detur\/wp-json\/wp\/v2\/pages\/15","targetHints":{"allow":["GET"]}}],"collection":[{"href":"https:\/\/www3.unicentro.br\/detur\/wp-json\/wp\/v2\/pages"}],"about":[{"href":"https:\/\/www3.unicentro.br\/detur\/wp-json\/wp\/v2\/types\/page"}],"author":[{"embeddable":true,"href":"https:\/\/www3.unicentro.br\/detur\/wp-json\/wp\/v2\/users\/3"}],"replies":[{"embeddable":true,"href":"https:\/\/www3.unicentro.br\/detur\/wp-json\/wp\/v2\/comments?post=15"}],"version-history":[{"count":0,"href":"https:\/\/www3.unicentro.br\/detur\/wp-json\/wp\/v2\/pages\/15\/revisions"}],"up":[{"embeddable":true,"href":"https:\/\/www3.unicentro.br\/detur\/wp-json\/wp\/v2\/pages\/45"}],"wp:attachment":[{"href":"https:\/\/www3.unicentro.br\/detur\/wp-json\/wp\/v2\/media?parent=15"}],"curies":[{"name":"wp","href":"https:\/\/api.w.org\/{rel}","templated":true}]}}