{"id":63,"date":"2016-10-07T00:00:00","date_gmt":"2016-10-07T03:00:00","guid":{"rendered":"https:\/\/www3.unicentro.br\/desec\/lei-de-regulamentacao\/"},"modified":"2016-10-07T00:00:00","modified_gmt":"2016-10-07T03:00:00","slug":"lei-de-regulamentacao","status":"publish","type":"page","link":"https:\/\/www3.unicentro.br\/desec\/lei-de-regulamentacao\/","title":{"rendered":"Lei de Regulamenta\u00e7\u00e3o"},"content":{"rendered":"<p><strong><span style=\"font-family: arial, helvetica, sans-serif\">Lei 7377, de 30\/09\/85 e Lei 9261, de 10\/01\/96<\/span><\/strong><\/p>\n<p>&nbsp;<\/p>\n<p><span style=\"font-family: arial, helvetica, sans-serif\">Disp\u00f5e sobre o exerc\u00edcio da profiss\u00e3o de secret\u00e1rio e d\u00e1 outras provid\u00eancias o\u00a0<\/span><span style=\"font-family: arial, helvetica, sans-serif\">Presidente da Rep\u00fablica.<\/span><\/p>\n<p><span style=\"font-family: arial, helvetica, sans-serif\">Fa\u00e7o saber que o Congresso Nacional decreta e eu sanciono a seguinte Lei:<\/span><\/p>\n<p>&nbsp;<\/p>\n<p><span style=\"font-family: arial, helvetica, sans-serif\">Art.1\u00ba. O exerc\u00edcio da profiss\u00e3o de secret\u00e1rio \u00e9 regulado pela presente Lei.<\/span><\/p>\n<p>&nbsp;<\/p>\n<p><span style=\"font-family: arial, helvetica, sans-serif\">Art.2\u00ba. Para os efeitos desta Lei, \u00e9 considerado:<\/span><\/p>\n<p><span style=\"font-family: arial, helvetica, sans-serif\">I &#8211; Secret\u00e1rio Executivo<\/span><\/p>\n<p><span style=\"font-family: arial, helvetica, sans-serif\">a) o profissional diplomado no Brasil por curso superior de Secretariado, reconhecido na forma de Lei, ou diplomado no exterior por curso de Secretariado, cujo diploma seja revalidado no Brasil, na forma de Lei.<\/span><\/p>\n<p><span style=\"font-family: arial, helvetica, sans-serif\">b) o portador de qualquer diploma de n\u00edvel superior que, na data de vig\u00eancia desta Lei, houver comprovado, atrav\u00e9s de declara\u00e7\u00f5es de empregadores, o exerc\u00edcio efetivo, durante pelo menos trinta e seis meses, das atribui\u00e7\u00f5es mencionados no Art.4\u00ba. desta Lei.<\/span><\/p>\n<p>&nbsp;<\/p>\n<p><span style=\"font-family: arial, helvetica, sans-serif\">II &#8211; T\u00e9cnico em Secretariado<\/span><\/p>\n<p><span style=\"font-family: arial, helvetica, sans-serif\">a) o profissional portador de certificado de conclus\u00e3o de curso de Secretariado em n\u00edvel de 2\u00ba. grau<\/span><\/p>\n<p><span style=\"font-family: arial, helvetica, sans-serif\">b) portador de certificado de conclus\u00e3o do 2\u00ba. grau que, na data de in\u00edcio da vig\u00eancia desta Lei, houver comprovado, atrav\u00e9s de declara\u00e7\u00f5es de empregadores, o exerc\u00edcio efetivo, durante pelo menos trinta e seis meses, das atribui\u00e7\u00f5es mencionados no Art.5\u00ba. desta Lei.<\/span><\/p>\n<p>&nbsp;<\/p>\n<p><span style=\"font-family: arial, helvetica, sans-serif\">Art. 3\u00ba. \u00c9 assegurado o direito ao exerc\u00edcio da profiss\u00e3o aos que, embora n\u00e3o habilitados nos termos do artigo anterior, cont\u00e9m pelo menos cinco anos ininterruptos ou dez anos intercalados de exerc\u00edcio de atividades pr\u00f3prias de secretaria na data de vig\u00eancia desta Lei.<\/span><\/p>\n<p>&nbsp;<\/p>\n<p><span style=\"font-family: arial, helvetica, sans-serif\">Art.4\u00ba. S\u00e3o atribui\u00e7\u00f5es do Secret\u00e1rio Executivo:<\/span><\/p>\n<p><span style=\"font-family: arial, helvetica, sans-serif\">I &#8211; planejamento, organiza\u00e7\u00e3o e dire\u00e7\u00e3o de servi\u00e7os de secretaria;<\/span><\/p>\n<p><span style=\"font-family: arial, helvetica, sans-serif\">II &#8211; assist\u00eancia e assessoramento direto a executivos;<\/span><\/p>\n<p><span style=\"font-family: arial, helvetica, sans-serif\">III &#8211; coleta de informa\u00e7\u00f5es para a consecu\u00e7\u00e3o de objetivos e metas de empresas;<\/span><\/p>\n<p><span style=\"font-family: arial, helvetica, sans-serif\">IV &#8211; reda\u00e7\u00e3o de textos profissionais especializados, inclusive em idioma estrangeiro;<\/span><\/p>\n<p><span style=\"font-family: arial, helvetica, sans-serif\">V &#8211; interpreta\u00e7\u00e3o e sintetiza\u00e7\u00e3o de textos e documentos;<\/span><\/p>\n<p><span style=\"font-family: arial, helvetica, sans-serif\">VI &#8211; taquigrafia de ditados, discursos, confer\u00eancias, palestras de explana\u00e7\u00f5es, inclusive em idioma estrangeiro;<\/span><\/p>\n<p><span style=\"font-family: arial, helvetica, sans-serif\">VII &#8211; vers\u00e3o e tradu\u00e7\u00e3o em idioma estrangeiro, para atender \u00e0s necessidades de comunica\u00e7\u00e3o da empresa;<\/span><\/p>\n<p><span style=\"font-family: arial, helvetica, sans-serif\">VIII &#8211; registro e distribui\u00e7\u00e3o de expediente e outras tarefas correlatas;<\/span><\/p>\n<p><span style=\"font-family: arial, helvetica, sans-serif\">IX &#8211; orienta\u00e7\u00e3o da avalia\u00e7\u00e3o e sele\u00e7\u00e3o da correspond\u00eancia para fins de encaminhamento a chefia;<\/span><\/p>\n<p><span style=\"font-family: arial, helvetica, sans-serif\">X &#8211; conhecimentos protocolares.<\/span><\/p>\n<p>&nbsp;<\/p>\n<p><span style=\"font-family: arial, helvetica, sans-serif\">Art.5\u00ba. S\u00e3o atribui\u00e7\u00f5es do T\u00e9cnico em Secretariado:<\/span><\/p>\n<p><span style=\"font-family: arial, helvetica, sans-serif\">I &#8211; organiza\u00e7\u00e3o e manuten\u00e7\u00e3o dos arquivos da secretaria;<\/span><\/p>\n<p><span style=\"font-family: arial, helvetica, sans-serif\">II &#8211; classifica\u00e7\u00e3o, registro e distribui\u00e7\u00e3o de correspond\u00eancia;<\/span><\/p>\n<p><span style=\"font-family: arial, helvetica, sans-serif\">III &#8211; reda\u00e7\u00e3o e datilografia de correspond\u00eancia ou documentos de rotina, inclusive em idioma estrangeiro;<\/span><\/p>\n<p><span style=\"font-family: arial, helvetica, sans-serif\">IV &#8211; execu\u00e7\u00e3o de servi\u00e7os t\u00edpicos de escrit\u00f3rio, tais como recep\u00e7\u00e3o, registro de compromissos, informa\u00e7\u00f5es e atendimento telef\u00f4nico.<\/span><\/p>\n<p>&nbsp;<\/p>\n<p><span style=\"font-family: arial, helvetica, sans-serif\">Art.6\u00ba. O exerc\u00edcio da profiss\u00e3o de Secret\u00e1rio requer pr\u00e9vio registro na Delegacia Regional do Trabalho do Minist\u00e9rio do Trabalho e far-se-\u00e1 mediante a apresenta\u00e7\u00e3o de documento comprobat\u00f3rio de conclus\u00e3o dos cursos previstos nos incisos I e II do Art.2\u00ba. desta Lei e da Carteira de Trabalho e Previd\u00eancia Social &#8211; CTPS.<\/span><\/p>\n<p><span style=\"font-family: arial, helvetica, sans-serif\">Par\u00e1grafo \u00danico &#8211; No caso dos profissionais inclu\u00eddos no Art.3\u00ba., a prova da atua\u00e7\u00e3o ser\u00e1 feita por meio de anota\u00e7\u00f5es na Carteira de Trabalho e Previd\u00eancia Social e atrav\u00e9s de declara\u00e7\u00f5es das empresas nas quais os profissionais tenham desenvolvido suas respectivas atividades, discriminando as atribui\u00e7\u00f5es a serem confrontadas com os elencos especificados nos Arts.4\u00ba. e 5\u00ba.<\/span><\/p>\n<p>&nbsp;<\/p>\n<p><span style=\"font-family: arial, helvetica, sans-serif\">Art.7\u00ba. Esta Lei entra em vigor na data de sua publica\u00e7\u00e3o.<\/span><\/p>\n<p>&nbsp;<\/p>\n<p><span style=\"font-family: arial, helvetica, sans-serif\">Art.8\u00ba. Revogam-se as disposi\u00e7\u00f5es em contr\u00e1rio.<\/span><\/p>\n<p>&nbsp;<\/p>\n<p><span style=\"font-family: arial, helvetica, sans-serif\">Jos\u00e9 Sarney<\/span><\/p>\n<p><span style=\"font-family: arial, helvetica, sans-serif\">Almir Pazzianotto<\/span><\/p>\n<p>&nbsp;<\/p>\n<p><span style=\"font-family: arial, helvetica, sans-serif\">Fernando Henrique Cardoso<\/span><\/p>\n<p><span style=\"font-family: arial, helvetica, sans-serif\">Paulo Paiva<\/span><\/p>\n<p>&nbsp;<\/p>\n","protected":false},"excerpt":{"rendered":"<p>Lei 7377, de 30\/09\/85 e Lei 9261, de 10\/01\/96 &nbsp; Disp\u00f5e sobre o exerc\u00edcio da profiss\u00e3o de secret\u00e1rio e d\u00e1 outras provid\u00eancias o\u00a0Presidente da Rep\u00fablica. Fa\u00e7o saber que o Congresso Nacional decreta e eu sanciono a seguinte Lei: &nbsp; Art.1\u00ba. O exerc\u00edcio da profiss\u00e3o de secret\u00e1rio \u00e9 regulado pela presente Lei. &nbsp; Art.2\u00ba. Para os [&hellip;]<\/p>\n","protected":false},"author":3,"featured_media":0,"parent":0,"menu_order":0,"comment_status":"closed","ping_status":"closed","template":"","meta":{"_exactmetrics_skip_tracking":false,"_exactmetrics_sitenote_active":false,"_exactmetrics_sitenote_note":"","_exactmetrics_sitenote_category":0,"footnotes":"","_links_to":"","_links_to_target":""},"class_list":["post-63","page","type-page","status-publish","hentry"],"_links":{"self":[{"href":"https:\/\/www3.unicentro.br\/desec\/wp-json\/wp\/v2\/pages\/63","targetHints":{"allow":["GET"]}}],"collection":[{"href":"https:\/\/www3.unicentro.br\/desec\/wp-json\/wp\/v2\/pages"}],"about":[{"href":"https:\/\/www3.unicentro.br\/desec\/wp-json\/wp\/v2\/types\/page"}],"author":[{"embeddable":true,"href":"https:\/\/www3.unicentro.br\/desec\/wp-json\/wp\/v2\/users\/3"}],"replies":[{"embeddable":true,"href":"https:\/\/www3.unicentro.br\/desec\/wp-json\/wp\/v2\/comments?post=63"}],"version-history":[{"count":0,"href":"https:\/\/www3.unicentro.br\/desec\/wp-json\/wp\/v2\/pages\/63\/revisions"}],"wp:attachment":[{"href":"https:\/\/www3.unicentro.br\/desec\/wp-json\/wp\/v2\/media?parent=63"}],"curies":[{"name":"wp","href":"https:\/\/api.w.org\/{rel}","templated":true}]}}