{"id":36,"date":"2020-04-22T16:42:52","date_gmt":"2020-04-22T19:42:52","guid":{"rendered":"https:\/\/www3.unicentro.br\/deq\/?page_id=36"},"modified":"2020-06-15T10:13:39","modified_gmt":"2020-06-15T13:13:39","slug":"perfil","status":"publish","type":"page","link":"https:\/\/www3.unicentro.br\/deq\/graduacao\/perfil\/","title":{"rendered":"Perfil"},"content":{"rendered":"<div class=\"wpb-content-wrapper\"><p>[vc_row][vc_column][vc_column_text]O perfil dos formandos no curso de Qu\u00edmica respeita o parecer da resolu\u00e7\u00e3o n\u00b0 CNE\/CP28\/2001, que rege as Diretrizes Curriculares para cursos de Qu\u00edmica, Bacharelado e Licenciatura Plena.<\/p>\n<p><strong>Bacharel<\/strong><br \/>\nUma forma\u00e7\u00e3o generalista, com dom\u00ednio das t\u00e9cnicas b\u00e1sicas de utiliza\u00e7\u00e3o de laborat\u00f3rios e equipamentos, com condi\u00e7\u00f5es de atuar nos campos de atividades s\u00f3cio-econ\u00f4micas que envolvam as transforma\u00e7\u00f5es da mat\u00e9ria; direcionando estas transforma\u00e7\u00f5es, controlando seus produtos, interpretando criticamente as etapas, efeitos e resultados; aplicando abordagens criativas \u00e0 solu\u00e7\u00e3o dos problemas e desenvolvendo novas aplica\u00e7\u00f5es e tecnologias.<\/p>\n<p><strong>Licenciado<\/strong><br \/>\nUma forma\u00e7\u00e3o generalista, mas s\u00f3lida e abrangente em conte\u00fados dos diversos campos da Qu\u00edmica, prepara\u00e7\u00e3o adequada \u00e0 aplica\u00e7\u00e3o pedag\u00f3gica dos conhecimentos e experi\u00eancias de Qu\u00edmica e de \u00e1reas afins na atua\u00e7\u00e3o. profissional como educador no ensino m\u00e9dio.[\/vc_column_text][\/vc_column][\/vc_row]<\/p>\n<\/div>","protected":false},"excerpt":{"rendered":"<p>[vc_row][vc_column][vc_column_text]O perfil dos formandos no curso de Qu\u00edmica respeita o parecer da resolu\u00e7\u00e3o n\u00b0 CNE\/CP28\/2001, que rege as Diretrizes Curriculares para cursos de Qu\u00edmica, Bacharelado e Licenciatura Plena. Bacharel Uma forma\u00e7\u00e3o generalista, com dom\u00ednio das t\u00e9cnicas b\u00e1sicas de utiliza\u00e7\u00e3o de laborat\u00f3rios e equipamentos, com condi\u00e7\u00f5es de atuar nos campos de atividades s\u00f3cio-econ\u00f4micas que envolvam as [&hellip;]<\/p>\n","protected":false},"author":3,"featured_media":0,"parent":32,"menu_order":0,"comment_status":"closed","ping_status":"closed","template":"","meta":{"_exactmetrics_skip_tracking":false,"_exactmetrics_sitenote_active":false,"_exactmetrics_sitenote_note":"","_exactmetrics_sitenote_category":0,"footnotes":"","_links_to":"","_links_to_target":""},"class_list":["post-36","page","type-page","status-publish","hentry"],"_links":{"self":[{"href":"https:\/\/www3.unicentro.br\/deq\/wp-json\/wp\/v2\/pages\/36","targetHints":{"allow":["GET"]}}],"collection":[{"href":"https:\/\/www3.unicentro.br\/deq\/wp-json\/wp\/v2\/pages"}],"about":[{"href":"https:\/\/www3.unicentro.br\/deq\/wp-json\/wp\/v2\/types\/page"}],"author":[{"embeddable":true,"href":"https:\/\/www3.unicentro.br\/deq\/wp-json\/wp\/v2\/users\/3"}],"replies":[{"embeddable":true,"href":"https:\/\/www3.unicentro.br\/deq\/wp-json\/wp\/v2\/comments?post=36"}],"version-history":[{"count":0,"href":"https:\/\/www3.unicentro.br\/deq\/wp-json\/wp\/v2\/pages\/36\/revisions"}],"up":[{"embeddable":true,"href":"https:\/\/www3.unicentro.br\/deq\/wp-json\/wp\/v2\/pages\/32"}],"wp:attachment":[{"href":"https:\/\/www3.unicentro.br\/deq\/wp-json\/wp\/v2\/media?parent=36"}],"curies":[{"name":"wp","href":"https:\/\/api.w.org\/{rel}","templated":true}]}}