{"id":41,"date":"2017-05-02T17:10:46","date_gmt":"2017-05-02T20:10:46","guid":{"rendered":"https:\/\/www3.unicentro.br\/denut\/?page_id=41"},"modified":"2017-05-02T17:10:46","modified_gmt":"2017-05-02T20:10:46","slug":"2011-2","status":"publish","type":"page","link":"https:\/\/www3.unicentro.br\/denut\/tcc\/2011-2\/","title":{"rendered":"TCCs 2011"},"content":{"rendered":"<table border=\"0\" width=\"100%\">\n<tbody>\n<tr bgcolor=\"#009933\">\n<td width=\"11%\">\n<div align=\"center\"><span style=\"color: #ffffff\"><strong>N\u00ba de controle<\/strong><\/span><\/div>\n<\/td>\n<td width=\"21%\">\n<div align=\"center\"><span style=\"color: #ffffff\"><strong>Nome do Acad\u00eamico<\/strong><\/span><\/div>\n<\/td>\n<td width=\"20%\">\n<div align=\"center\"><span style=\"color: #ffffff\"><strong>Nome do Orientador<\/strong><\/span><\/div>\n<\/td>\n<td width=\"32%\">\n<div align=\"center\"><span style=\"color: #ffffff\"><strong>T\u00edtulo do Trabalho<\/strong><\/span><\/div>\n<\/td>\n<td width=\"16%\">\n<div align=\"center\"><span style=\"color: #ffffff\"><strong>Acesse o artigo<\/strong><\/span><\/div>\n<\/td>\n<\/tr>\n<tr class=\"s1\">\n<td>\n<div align=\"center\">01\/2011<\/div>\n<\/td>\n<td>\n<div align=\"center\">\u00cdndia Mara Bottin<\/div>\n<\/td>\n<td>\n<div align=\"center\">Raquel Rosalva Gatti<\/div>\n<\/td>\n<td>\n<div align=\"center\"><a href=\"http:\/\/www.unicentro.br\/graduacao\/denut\/documentos\/tcc\/2010\/TCC%2001-2010%20(DRIELLY%20RODRIGUES%20VIUDES)%20.pdf.pdf\" target=\"_blank\" rel=\"noopener noreferrer\">Elabora\u00e7\u00e3o de tabela de medidas caseiras relativa \u00e0 condimentos<\/a><\/div>\n<\/td>\n<td>\n<div align=\"center\"><a href=\"http:\/\/www.unicentro.br\/graduacao\/denut\/documentos\/tcc\/2011\/01.pdf\"><img loading=\"lazy\" decoding=\"async\" src=\"http:\/\/www.unicentro.br\/graduacao\/denut\/img\/Untitled-2.gif\" width=\"32\" height=\"31\" border=\"0\" \/><\/a><\/div>\n<\/td>\n<\/tr>\n<tr class=\"s1\" bgcolor=\"#66FF99\">\n<td>\n<div align=\"center\">02\/2011<\/div>\n<\/td>\n<td>\n<div align=\"center\">Rubia Camila Sehnem<\/div>\n<\/td>\n<td>\n<div align=\"center\">Bruno Moreira Soares<\/div>\n<\/td>\n<td>\n<div align=\"center\"><a href=\"http:\/\/www.unicentro.br\/graduacao\/denut\/documentos\/tcc\/2010\/TCC%2002-2010%20(FABIANO%20PATRIC%20DE%20AMORIM).pdf.pdf\" target=\"_blank\" rel=\"noopener noreferrer\">Avalia\u00e7\u00e3o nutricional de praticantes de muscula\u00e7\u00e3o em academias de munic\u00edpios do Centro-Sul do Paran\u00e1<\/a><\/div>\n<\/td>\n<td>\n<div align=\"center\"><a href=\"http:\/\/www.unicentro.br\/graduacao\/denut\/documentos\/tcc\/2011\/02.pdf\"><img loading=\"lazy\" decoding=\"async\" src=\"http:\/\/www.unicentro.br\/graduacao\/denut\/img\/Untitled-2.gif\" alt=\"\" width=\"32\" height=\"31\" border=\"0\" \/><\/a><\/div>\n<\/td>\n<\/tr>\n<tr class=\"s1\">\n<td>\n<div align=\"center\">03\/2011<\/div>\n<\/td>\n<td>\n<div align=\"center\">Jocelaine Dall&#8217;agnol<\/div>\n<\/td>\n<td>\n<div align=\"center\">Priscilla Negr\u00e3o de Moura<\/div>\n<\/td>\n<td>\n<div align=\"center\"><a href=\"http:\/\/www.unicentro.br\/graduacao\/denut\/documentos\/tcc\/2010\/TCC%2003-2010%20(RAFAELA%20CARMINATTI).pdf.pdf\" target=\"_blank\" rel=\"noopener noreferrer\">Avalia\u00e7\u00e3o nutricional de lactentes filhos de m\u00e3es al\u00e9rgicas do munic\u00edpio de Guarapuava \u2013 PR<\/a><\/div>\n<\/td>\n<td>\n<div align=\"center\"><a href=\"http:\/\/www.unicentro.br\/graduacao\/denut\/documentos\/tcc\/2011\/03.pdf\"><img loading=\"lazy\" decoding=\"async\" src=\"http:\/\/www.unicentro.br\/graduacao\/denut\/img\/Untitled-2.gif\" alt=\"\" width=\"32\" height=\"31\" border=\"0\" \/><\/a><\/div>\n<\/td>\n<\/tr>\n<tr class=\"s1\" bgcolor=\"#66FF99\">\n<td>\n<div align=\"center\">04\/2011<\/div>\n<\/td>\n<td>\n<div align=\"center\">Tales Gabriel de Deus Bueno<\/div>\n<\/td>\n<td>\n<div align=\"center\">Raquel Rosalva Gatti<\/div>\n<\/td>\n<td>\n<div align=\"center\"><a href=\"http:\/\/www.unicentro.br\/graduacao\/denut\/documentos\/tcc\/2010\/TCC%2004-2010%20(ANDRISA%20LUSA%20LODI).pdf.pdf\" target=\"_blank\" rel=\"noopener noreferrer\">An\u00e1lise das principais atividades realizadas em unidades de alimenta\u00e7\u00e3o e nutri\u00e7\u00e3o (UAN) de servi\u00e7os \u00e0 La Carte e Self-Service.<\/a><\/div>\n<\/td>\n<td>\n<div align=\"center\"><a href=\"http:\/\/www.unicentro.br\/graduacao\/denut\/documentos\/tcc\/2011\/04.pdf\"><img loading=\"lazy\" decoding=\"async\" src=\"http:\/\/www.unicentro.br\/graduacao\/denut\/img\/Untitled-2.gif\" alt=\"\" width=\"32\" height=\"31\" border=\"0\" \/><\/a><\/div>\n<\/td>\n<\/tr>\n<tr class=\"s1\">\n<td>\n<div align=\"center\">05\/2011<\/div>\n<\/td>\n<td>\n<div align=\"center\">Luana Carla Bozatski<\/div>\n<\/td>\n<td>\n<div align=\"center\">Silvana Franco<\/div>\n<\/td>\n<td>\n<div align=\"center\"><a href=\"http:\/\/www.unicentro.br\/graduacao\/denut\/documentos\/tcc\/2010\/TCC%2005-2010%20(LARISSA%20DE%20F%C3%81TIMA%20D'%C3%82MICO).pdf.pdf\" target=\"_blank\" rel=\"noopener noreferrer\">Avalia\u00e7\u00e3o Nutricional de Pacientes Renais Cr\u00f4nicos submetidos \u00e0 Hemodi\u00e1lise na cidade de Guarapuava-Paran\u00e1<\/a><\/div>\n<\/td>\n<td>\n<div align=\"center\"><a href=\"http:\/\/www.unicentro.br\/graduacao\/denut\/documentos\/tcc\/2011\/05.pdf\"><img loading=\"lazy\" decoding=\"async\" src=\"http:\/\/www.unicentro.br\/graduacao\/denut\/img\/Untitled-2.gif\" alt=\"\" width=\"32\" height=\"31\" border=\"0\" \/><\/a><\/div>\n<\/td>\n<\/tr>\n<tr class=\"s1\" bgcolor=\"#66FF99\">\n<td>\n<div align=\"center\">06\/2011<\/div>\n<\/td>\n<td>\n<div align=\"center\">C\u00e1tia Cibele Semchechem<\/div>\n<\/td>\n<td>\n<div align=\"center\">Adriana Masiero K\u00fchl<\/div>\n<\/td>\n<td>\n<div align=\"center\"><a href=\"http:\/\/www.unicentro.br\/graduacao\/denut\/documentos\/tcc\/2010\/TCC%2006-2010%20(LET%C3%8DCIA%20DE%20CASTILHO).pdf.pdf\" target=\"_blank\" rel=\"noopener noreferrer\">Estado nutricional e h\u00e1bitos alimentares de indiv\u00edduos hipertensos residentes em um assentamento no munic\u00edpio de Rio Bonito do Igua\u00e7u \u2013 Paran\u00e1<\/a><\/div>\n<\/td>\n<td>\n<div align=\"center\"><a href=\"http:\/\/www.unicentro.br\/graduacao\/denut\/documentos\/tcc\/2011\/06.pdf\"><img loading=\"lazy\" decoding=\"async\" src=\"http:\/\/www.unicentro.br\/graduacao\/denut\/img\/Untitled-2.gif\" alt=\"\" width=\"32\" height=\"31\" border=\"0\" \/><\/a><\/div>\n<\/td>\n<\/tr>\n<tr class=\"s1\">\n<td>\n<div align=\"center\">07\/2011<\/div>\n<\/td>\n<td>\n<div align=\"center\">Tatiane Liberali<\/div>\n<\/td>\n<td>\n<div align=\"center\">Patr\u00edcia Chiconatto<\/div>\n<\/td>\n<td>\n<div align=\"center\"><a href=\"http:\/\/www.unicentro.br\/graduacao\/denut\/documentos\/tcc\/2010\/TCC%2007-2010%20(VANESSA%20GIACOMET%20DE%20CARVALHO).pdf.pdf\" target=\"_blank\" rel=\"noopener noreferrer\">Avalia\u00e7\u00e3o do estado nutricional dos pacientes oncol\u00f3gicos em tratamento quimioter\u00e1pico no hospital do c\u00e2ncer de Cascavel &#8211; PR<\/a><\/div>\n<\/td>\n<td>\n<div align=\"center\"><a href=\"http:\/\/www.unicentro.br\/graduacao\/denut\/documentos\/tcc\/2011\/07.pdf\"><img loading=\"lazy\" decoding=\"async\" src=\"http:\/\/www.unicentro.br\/graduacao\/denut\/img\/Untitled-2.gif\" alt=\"\" width=\"32\" height=\"31\" border=\"0\" \/><\/a><\/div>\n<\/td>\n<\/tr>\n<tr class=\"s1\" bgcolor=\"#66FF99\">\n<td>\n<div align=\"center\">08\/2011<\/div>\n<\/td>\n<td>\n<div align=\"center\">Marina Scorsin<\/div>\n<\/td>\n<td>\n<div align=\"center\">Renata L\u00e9ia Demario Vieira<\/div>\n<\/td>\n<td>\n<div align=\"center\"><a href=\"http:\/\/www.unicentro.br\/graduacao\/denut\/documentos\/tcc\/2010\/TCC%2008-2010%20(LUIZA%20VALDUGA).pdf.pdf\" target=\"_blank\" rel=\"noopener noreferrer\">Desperd\u00edcio de alimentos em uma escola estadual do munic\u00edpio de Guarapuava-Paran\u00e1<\/a><\/div>\n<\/td>\n<td>\n<div align=\"center\"><a href=\"http:\/\/www.unicentro.br\/graduacao\/denut\/documentos\/tcc\/2011\/08.pdf\"><img loading=\"lazy\" decoding=\"async\" src=\"http:\/\/www.unicentro.br\/graduacao\/denut\/img\/Untitled-2.gif\" alt=\"\" width=\"32\" height=\"31\" border=\"0\" \/><\/a><\/div>\n<\/td>\n<\/tr>\n<tr class=\"s1\">\n<td>\n<div align=\"center\">09\/2011<\/div>\n<\/td>\n<td>\n<div align=\"center\">Aline Cristina Christmann<\/div>\n<\/td>\n<td>\n<div align=\"center\">Renata L\u00e9ia Demario Vieira<\/div>\n<\/td>\n<td>\n<div align=\"center\"><a href=\"http:\/\/www.unicentro.br\/graduacao\/denut\/documentos\/tcc\/2010\/TCC%2009-2010%20(ANGELA%20CRISTINA%20SALVADOR).pdf.pdf\" target=\"_blank\" rel=\"noopener noreferrer\">Avalia\u00e7\u00e3o qualitativa das prepara\u00e7\u00f5es do card\u00e1pio \u2013 m\u00e9todo AQPC \u2013 e resto-ingest\u00e3o de um col\u00e9gio em regime internato de Guarapuava-PR<\/a><\/div>\n<\/td>\n<td>\n<div align=\"center\"><a href=\"http:\/\/www.unicentro.br\/graduacao\/denut\/documentos\/tcc\/2011\/09.pdf\"><img loading=\"lazy\" decoding=\"async\" src=\"http:\/\/www.unicentro.br\/graduacao\/denut\/img\/Untitled-2.gif\" alt=\"\" width=\"32\" height=\"31\" border=\"0\" \/><\/a><\/div>\n<\/td>\n<\/tr>\n<tr class=\"s1\" bgcolor=\"#66FF99\">\n<td>\n<div align=\"center\">10\/2011<\/div>\n<\/td>\n<td>\n<div align=\"center\">Vania Schmitt<\/div>\n<\/td>\n<td>\n<div align=\"center\">Daniele Gon\u00e7alves Vieira<\/div>\n<\/td>\n<td>\n<div align=\"center\"><a href=\"http:\/\/www.unicentro.br\/graduacao\/denut\/documentos\/tcc\/2010\/TCC%2010-2010%20(PATR%C3%8DCIA%20PERSTCHY).pdf.pdf\" target=\"_blank\" rel=\"noopener noreferrer\">Avalia\u00e7\u00e3o do consumo alimentar e risco de doen\u00e7as Cardiovasculares em idosos de um grupo de terceira idade de Pinh\u00e3o-PR<\/a><\/div>\n<\/td>\n<td>\n<div align=\"center\"><a href=\"http:\/\/www.unicentro.br\/graduacao\/denut\/documentos\/tcc\/2011\/10.pdf\"><img loading=\"lazy\" decoding=\"async\" src=\"http:\/\/www.unicentro.br\/graduacao\/denut\/img\/Untitled-2.gif\" alt=\"\" width=\"32\" height=\"31\" border=\"0\" \/><\/a><\/div>\n<\/td>\n<\/tr>\n<tr class=\"s1\">\n<td>\n<div align=\"center\">11\/2011<\/div>\n<\/td>\n<td>\n<div align=\"center\">Camila Corr\u00eaa Motta<\/div>\n<\/td>\n<td>\n<div align=\"center\">Raquel Rosalva Gatti<\/div>\n<\/td>\n<td>\n<div align=\"center\"><a href=\"http:\/\/www.unicentro.br\/graduacao\/denut\/documentos\/tcc\/2010\/TCC%2011-2010%20(CAROLINA%20MATTIELLO%20MENDES).pdf.pdf\" target=\"_blank\" rel=\"noopener noreferrer\">Adequa\u00e7\u00e3o nutricional de refei\u00e7\u00f5es e an\u00e1lise de estrutura f\u00edsica em restaurante popular de cidade do interior do estado de S\u00e3o Paulo<\/a><\/div>\n<\/td>\n<td>\n<div align=\"center\"><a href=\"http:\/\/www.unicentro.br\/graduacao\/denut\/documentos\/tcc\/2011\/11.pdf\"><img loading=\"lazy\" decoding=\"async\" src=\"http:\/\/www.unicentro.br\/graduacao\/denut\/img\/Untitled-2.gif\" alt=\"\" width=\"32\" height=\"31\" border=\"0\" \/><\/a><\/div>\n<\/td>\n<\/tr>\n<tr class=\"s1\" bgcolor=\"#66FF99\">\n<td>\n<div align=\"center\">12\/2011<\/div>\n<\/td>\n<td>\n<div align=\"center\">Thaiane Prolo<\/div>\n<\/td>\n<td>\n<div align=\"center\">Elisv\u00e2nia Freitas dos Santos<\/div>\n<\/td>\n<td>\n<div align=\"center\"><a href=\"http:\/\/www.unicentro.br\/graduacao\/denut\/documentos\/tcc\/2010\/TCC%2012-2010%20(CAROLINA%20WOICHIK).pdf.pdf\" target=\"_blank\" rel=\"noopener noreferrer\">Fatores relacionados \u00e0 qualidade de vida na doen\u00e7a cel\u00edaca<\/a><\/div>\n<\/td>\n<td>\n<div align=\"center\"><a href=\"http:\/\/www.unicentro.br\/graduacao\/denut\/documentos\/tcc\/2011\/12.pdf\"><img loading=\"lazy\" decoding=\"async\" src=\"http:\/\/www.unicentro.br\/graduacao\/denut\/img\/Untitled-2.gif\" alt=\"\" width=\"32\" height=\"31\" border=\"0\" \/><\/a><\/div>\n<\/td>\n<\/tr>\n<tr class=\"s1\">\n<td>\n<div align=\"center\">13\/2011<\/div>\n<\/td>\n<td>\n<div align=\"center\">Carla Zanelatto<\/div>\n<\/td>\n<td>\n<div align=\"center\">Adriana Masiero K\u00fchl<\/div>\n<\/td>\n<td>\n<div align=\"center\"><a href=\"http:\/\/www.unicentro.br\/graduacao\/denut\/documentos\/tcc\/2010\/TCC%2013-2010%20(RAYZA%20DAL%20MOLIN%20CORT%C3%8ASE).pdf.pdf\" target=\"_blank\" rel=\"noopener noreferrer\">Influ\u00eancia das condi\u00e7\u00f5es socioecon\u00f4micas, demogr\u00e1ficas e de sa\u00fade no estado nutricional de crian\u00e7as menores de cinco anos do assentamento Ireno Alves dos Santos, Rio Bonito do Igua\u00e7u, Paran\u00e1<\/a><\/div>\n<\/td>\n<td>\n<div align=\"center\"><a href=\"http:\/\/www.unicentro.br\/graduacao\/denut\/documentos\/tcc\/2011\/13.pdf\"><img loading=\"lazy\" decoding=\"async\" src=\"http:\/\/www.unicentro.br\/graduacao\/denut\/img\/Untitled-2.gif\" alt=\"\" width=\"32\" height=\"31\" border=\"0\" \/><\/a><\/div>\n<\/td>\n<\/tr>\n<tr class=\"s1\" bgcolor=\"#66FF99\">\n<td>\n<div align=\"center\">14\/2011<\/div>\n<\/td>\n<td>\n<div align=\"center\">Beatriz Valle Galego<\/div>\n<\/td>\n<td>\n<div align=\"center\">Priscilla Negr\u00e3o de Moura<\/div>\n<\/td>\n<td>\n<div align=\"center\"><a href=\"http:\/\/www.unicentro.br\/graduacao\/denut\/documentos\/tcc\/2010\/TCC%2014-2010%20(PATR%C3%8DCIA%20CRISTINA%20PICH).pdf.pdf\" target=\"_blank\" rel=\"noopener noreferrer\">Pr\u00e1ticas alimentares de crian\u00e7as menores de um ano de idade do munic\u00edpio de Guarapuava, Paran\u00e1<\/a><\/div>\n<\/td>\n<td>\n<div align=\"center\"><a href=\"http:\/\/www.unicentro.br\/graduacao\/denut\/documentos\/tcc\/2011\/14.pdf\"><img loading=\"lazy\" decoding=\"async\" src=\"http:\/\/www.unicentro.br\/graduacao\/denut\/img\/Untitled-2.gif\" alt=\"\" width=\"32\" height=\"31\" border=\"0\" \/><\/a><\/div>\n<\/td>\n<\/tr>\n<tr class=\"s1\">\n<td>\n<div align=\"center\">15\/2011<\/div>\n<\/td>\n<td>\n<div align=\"center\">Kennyara Henriqueta De Carvalho<\/div>\n<\/td>\n<td>\n<div align=\"center\">Marcela Komechen Brecailo<\/div>\n<\/td>\n<td>\n<div align=\"center\"><a href=\"http:\/\/www.unicentro.br\/graduacao\/denut\/documentos\/tcc\/2010\/TCC%2015-2010%20(ANA%20AM%C3%89LIA%20NUNES%20PUPPIO).pdf\" target=\"_blank\" rel=\"noopener noreferrer\">Rendimento Escolar associado ao Aleitamento Materno Exclusivo em crian\u00e7as da terceira s\u00e9rie de um col\u00e9gio municipal de Guarapuava-PR<\/a><\/div>\n<\/td>\n<td>\n<div align=\"center\"><a href=\"http:\/\/www.unicentro.br\/graduacao\/denut\/documentos\/tcc\/2011\/15.pdf\"><img loading=\"lazy\" decoding=\"async\" src=\"http:\/\/www.unicentro.br\/graduacao\/denut\/img\/Untitled-2.gif\" alt=\"\" width=\"32\" height=\"31\" border=\"0\" \/><\/a><\/div>\n<\/td>\n<\/tr>\n<tr class=\"s1\" bgcolor=\"#66FF99\">\n<td>\n<div align=\"center\">16\/2011<\/div>\n<\/td>\n<td>\n<div align=\"center\">Isadora Nogueira Pasqual<\/div>\n<\/td>\n<td>\n<div align=\"center\">Angelica Rocha de Freitas<\/div>\n<\/td>\n<td>\n<div align=\"center\"><a href=\"http:\/\/www.unicentro.br\/graduacao\/denut\/documentos\/tcc\/2010\/TCC%2016-2010%20(JACKELINE%20SCHWAB%20SILVA).pdf.pdf\" target=\"_blank\" rel=\"noopener noreferrer\">Evolu\u00e7\u00e3o nutricional no primeiro e terceiro m\u00eas de p\u00f3s-Operat\u00f3rio de pacientes submetidos \u00e0 cirurgia bari\u00e1trica, no Munic\u00edpio de Bauru \u2013 SP<\/a><\/div>\n<\/td>\n<td>\n<div align=\"center\"><a href=\"http:\/\/www.unicentro.br\/graduacao\/denut\/documentos\/tcc\/2011\/16.pdf\"><img loading=\"lazy\" decoding=\"async\" src=\"http:\/\/www.unicentro.br\/graduacao\/denut\/img\/Untitled-2.gif\" alt=\"\" width=\"32\" height=\"31\" border=\"0\" \/><\/a><\/div>\n<\/td>\n<\/tr>\n<tr class=\"s1\">\n<td>\n<div align=\"center\">17\/2011<\/div>\n<\/td>\n<td>\n<div align=\"center\">Ana Cl\u00e1udia Thomaz<\/div>\n<\/td>\n<td>\n<div align=\"center\">Daiana Novello<\/div>\n<\/td>\n<td>\n<div align=\"center\"><a href=\"http:\/\/www.unicentro.br\/graduacao\/denut\/documentos\/tcc\/2010\/TCC%2017-2010%20(JANA%C3%8DNA%20VEIGA%20SILVA).pdf\" target=\"_blank\" rel=\"noopener noreferrer\">Efeito da ingest\u00e3o de mic\u00e9lio de Agaricus Brasiliensis sobre a capacidade antioxidante no plasma de hamsters<\/a><\/div>\n<\/td>\n<td>\n<div align=\"center\"><a href=\"http:\/\/www.unicentro.br\/graduacao\/denut\/documentos\/tcc\/2011\/17.pdf\"><img loading=\"lazy\" decoding=\"async\" src=\"http:\/\/www.unicentro.br\/graduacao\/denut\/img\/Untitled-2.gif\" alt=\"\" width=\"32\" height=\"31\" border=\"0\" \/><\/a><\/div>\n<\/td>\n<\/tr>\n<tr class=\"s1\" bgcolor=\"#66FF99\">\n<td>\n<div align=\"center\">18\/2011<\/div>\n<\/td>\n<td>\n<div align=\"center\">Leticia Claudy<\/div>\n<\/td>\n<td>\n<div align=\"center\">Patr\u00edcia Chiconatto<\/div>\n<\/td>\n<td>\n<div align=\"center\"><a href=\"http:\/\/www.unicentro.br\/graduacao\/denut\/documentos\/tcc\/2010\/TCC%2018-2010%20(MARIA%20EDUARDA%20ERTHAL%20CHAGAS).pdf\" target=\"_blank\" rel=\"noopener noreferrer\">Avalia\u00e7\u00e3o da insatisfa\u00e7\u00e3o corporal em estudantes do munic\u00edpio de Guarapuava, Paran\u00e1<\/a><\/div>\n<\/td>\n<td>\n<div align=\"center\"><a href=\"http:\/\/www.unicentro.br\/graduacao\/denut\/documentos\/tcc\/2011\/18.pdf\"><img loading=\"lazy\" decoding=\"async\" src=\"http:\/\/www.unicentro.br\/graduacao\/denut\/img\/Untitled-2.gif\" alt=\"\" width=\"32\" height=\"31\" border=\"0\" \/><\/a><\/div>\n<\/td>\n<\/tr>\n<tr class=\"s1\">\n<td>\n<div align=\"center\">19\/2011<\/div>\n<\/td>\n<td><\/td>\n<td><\/td>\n<td><\/td>\n<td><\/td>\n<\/tr>\n<tr class=\"s1\" bgcolor=\"#66FF99\">\n<td>\n<div align=\"center\">20\/2011<\/div>\n<\/td>\n<td>\n<div align=\"center\">Camila Bossoni Russo<\/div>\n<\/td>\n<td>\n<div align=\"center\">Silvana Franco<\/div>\n<\/td>\n<td>\n<div align=\"center\">Altera\u00e7\u00f5es nutricionais em pacientes submetidos ao tratamento de c\u00e2ncer de cabe\u00e7a e pesco\u00e7o<\/div>\n<\/td>\n<td>\n<div align=\"center\"><a href=\"http:\/\/www.unicentro.br\/graduacao\/denut\/documentos\/tcc\/2011\/20.pdf\"><img loading=\"lazy\" decoding=\"async\" src=\"http:\/\/www.unicentro.br\/graduacao\/denut\/img\/Untitled-2.gif\" alt=\"\" width=\"32\" height=\"31\" border=\"0\" \/><\/a><\/div>\n<\/td>\n<\/tr>\n<tr class=\"s1\">\n<td>\n<div align=\"center\">21\/2011<\/div>\n<\/td>\n<td>\n<div align=\"center\">Aline Carla Chagas do Amaral<\/div>\n<\/td>\n<td>\n<div align=\"center\">Marcela Komechen Brecailo<\/div>\n<\/td>\n<td>\n<div align=\"center\"><a href=\"http:\/\/www.unicentro.br\/graduacao\/denut\/documentos\/tcc\/2010\/TCC%2021-2010%20(ADRIELLE%20CORR%C3%8AA).pdf\" target=\"_blank\" rel=\"noopener noreferrer\">Avalia\u00e7\u00e3o do estado nutricional e do consumo alimentar de gestantes em uma cidade do Centro-Sul do Paran\u00e1<\/a><\/div>\n<\/td>\n<td>\n<div align=\"center\"><a href=\"http:\/\/www.unicentro.br\/graduacao\/denut\/documentos\/tcc\/2011\/21.pdf\"><img loading=\"lazy\" decoding=\"async\" src=\"http:\/\/www.unicentro.br\/graduacao\/denut\/img\/Untitled-2.gif\" alt=\"\" width=\"32\" height=\"31\" border=\"0\" \/><\/a><\/div>\n<\/td>\n<\/tr>\n<tr class=\"s1\" bgcolor=\"#66FF99\">\n<td>\n<div align=\"center\">22\/2011<\/div>\n<\/td>\n<td>\n<div align=\"center\">Caroline Finger Sostisso<\/div>\n<\/td>\n<td>\n<div align=\"center\">Angelica Rocha de Freitas<\/div>\n<\/td>\n<td>\n<div align=\"center\"><a href=\"http:\/\/www.unicentro.br\/graduacao\/denut\/documentos\/tcc\/2010\/TCC%2022-2010%20(CAROLINA%20DOMINGUES%20RIBEIRO).pdf\" target=\"_blank\" rel=\"noopener noreferrer\">Avalia\u00e7\u00e3o do estado nutricional e das dificuldades para seguimento de orienta\u00e7\u00f5es diet\u00e9ticas em pacientes com insufici\u00eancia renal cr\u00f4nica em hemodi\u00e1lise<\/a><\/div>\n<\/td>\n<td>\n<div align=\"center\"><a href=\"http:\/\/www.unicentro.br\/graduacao\/denut\/documentos\/tcc\/2011\/22.pdf\"><img loading=\"lazy\" decoding=\"async\" src=\"http:\/\/www.unicentro.br\/graduacao\/denut\/img\/Untitled-2.gif\" alt=\"\" width=\"32\" height=\"31\" border=\"0\" \/><\/a><\/div>\n<\/td>\n<\/tr>\n<tr class=\"s1\">\n<td>\n<div align=\"center\">23\/2011<\/div>\n<\/td>\n<td>\n<div align=\"center\">Mirela Douradinho Fernandes<\/div>\n<\/td>\n<td>\n<div align=\"center\">Angelica Rocha de Freitas<\/div>\n<\/td>\n<td>\n<div align=\"center\"><a href=\"http:\/\/www.unicentro.br\/graduacao\/denut\/documentos\/tcc\/2010\/TCC%2023-2010%20(HELOANE%20ANDRADE%20DE%20MELO).pdf\" target=\"_blank\" rel=\"noopener noreferrer\">Avalia\u00e7\u00e3o do estado nutricional de alcoolistas em abstin\u00eancia participantes do grupo alco\u00f3licos an\u00f4nimos no munic\u00edpio de Guarapuava-PR<\/a><\/div>\n<\/td>\n<td>\n<div align=\"center\"><a href=\"http:\/\/www.unicentro.br\/graduacao\/denut\/documentos\/tcc\/2011\/23.pdf\"><img loading=\"lazy\" decoding=\"async\" src=\"http:\/\/www.unicentro.br\/graduacao\/denut\/img\/Untitled-2.gif\" alt=\"\" width=\"32\" height=\"31\" border=\"0\" \/><\/a><\/div>\n<\/td>\n<\/tr>\n<tr class=\"s1\" bgcolor=\"#66FF99\">\n<td>\n<div align=\"center\">24\/2011<\/div>\n<\/td>\n<td>\n<div align=\"center\">Caryna Eurich Mazur<\/div>\n<\/td>\n<td>\n<div align=\"center\">Silvana Franco<\/div>\n<\/td>\n<td>\n<div align=\"center\"><a href=\"http:\/\/www.unicentro.br\/graduacao\/denut\/documentos\/tcc\/2010\/TCC%2024-2010%20(DEISE%20SUSANA%20FERNANDES).pdf\" target=\"_blank\" rel=\"noopener noreferrer\">Risco de doen\u00e7as cardiovasculares em pacientes diab\u00e9ticos segundo par\u00e2metros antropom\u00e9tricos e n\u00edveis press\u00f3ricos<\/a><\/div>\n<\/td>\n<td>\n<div align=\"center\"><a href=\"http:\/\/www.unicentro.br\/graduacao\/denut\/documentos\/tcc\/2011\/24.pdf\"><img loading=\"lazy\" decoding=\"async\" src=\"http:\/\/www.unicentro.br\/graduacao\/denut\/img\/Untitled-2.gif\" alt=\"\" width=\"32\" height=\"31\" border=\"0\" \/><\/a><\/div>\n<\/td>\n<\/tr>\n<tr class=\"s1\">\n<td>\n<div align=\"center\">25\/2011<\/div>\n<\/td>\n<td>\n<div align=\"center\">Li\u00e9gi Tajana Ferranti<\/div>\n<\/td>\n<td>\n<div align=\"center\">Daiana Novello<\/div>\n<\/td>\n<td class=\"s8\">\n<div align=\"center\"><a href=\"http:\/\/www.unicentro.br\/graduacao\/denut\/documentos\/tcc\/2010\/TCC%2025-2010%20(RUTH%20YUKARI%20WATANABE).pdf\" target=\"_blank\" rel=\"noopener noreferrer\">Avalia\u00e7\u00e3o antropom\u00e9trica e consumo alimentar de atletas de rugby do munic\u00edpio de Guarapuava &#8211; Paran\u00e1<\/a><\/div>\n<\/td>\n<td class=\"s8\">\n<div align=\"center\"><a href=\"http:\/\/www.unicentro.br\/graduacao\/denut\/documentos\/tcc\/2011\/25.pdf\"><img loading=\"lazy\" decoding=\"async\" src=\"http:\/\/www.unicentro.br\/graduacao\/denut\/img\/Untitled-2.gif\" alt=\"\" width=\"32\" height=\"31\" border=\"0\" \/><\/a><\/div>\n<\/td>\n<\/tr>\n<tr class=\"s1\" bgcolor=\"#66FF99\">\n<td>\n<div align=\"center\">26\/2011<\/div>\n<\/td>\n<td>\n<div align=\"center\">Alline Lam Oru\u00e9<\/div>\n<\/td>\n<td>\n<div align=\"center\">Marcela Komechen Brecailo<\/div>\n<\/td>\n<td class=\"s8\">\n<div align=\"center\"><a href=\"http:\/\/www.unicentro.br\/graduacao\/denut\/documentos\/tcc\/2010\/TCC%2026-2010%20(DAIANE%20DRANCKA).pdf\" target=\"_blank\" rel=\"noopener noreferrer\">Avalia\u00e7\u00e3o da merenda escolar e do consumo alimentar de crian\u00e7as do ensino fundamental em uma escola municipal em Ponta Por\u00e3 \u2013 MS<\/a><\/div>\n<\/td>\n<td class=\"s8\">\n<div align=\"center\"><a href=\"http:\/\/www.unicentro.br\/graduacao\/denut\/documentos\/tcc\/2011\/26.pdf\"><img loading=\"lazy\" decoding=\"async\" src=\"http:\/\/www.unicentro.br\/graduacao\/denut\/img\/Untitled-2.gif\" alt=\"\" width=\"32\" height=\"31\" border=\"0\" \/><\/a><\/div>\n<\/td>\n<\/tr>\n<tr class=\"s1\">\n<td>\n<div align=\"center\">27\/2011<\/div>\n<\/td>\n<td>\n<div align=\"center\">Gabriela Regina Da Silva<\/div>\n<\/td>\n<td>\n<div align=\"center\">Elisv\u00e2nia Freitas dos Santos<\/div>\n<\/td>\n<td class=\"s8\">\n<div align=\"center\"><a href=\"http:\/\/www.unicentro.br\/graduacao\/denut\/documentos\/tcc\/2010\/TCC%2027-2010%20(L%C3%94VAINE%20CALDAS%20LEVINSKE).pdf\" target=\"_blank\" rel=\"noopener noreferrer\">Consumo e conhecimento de alimentos antioxidantes em praticantes de nata\u00e7\u00e3o<\/a><\/div>\n<\/td>\n<td class=\"s8\">\n<div align=\"center\"><a href=\"http:\/\/www.unicentro.br\/graduacao\/denut\/documentos\/tcc\/2011\/27.pdf\"><img loading=\"lazy\" decoding=\"async\" src=\"http:\/\/www.unicentro.br\/graduacao\/denut\/img\/Untitled-2.gif\" alt=\"\" width=\"32\" height=\"31\" border=\"0\" \/><\/a><\/div>\n<\/td>\n<\/tr>\n<tr class=\"s1\" bgcolor=\"#66FF99\">\n<td>\n<div align=\"center\">28\/2011<\/div>\n<\/td>\n<td>\n<div align=\"center\">Cintia Lurdes Da Silva Pires<\/div>\n<\/td>\n<td>\n<div align=\"center\">Daniele Gon\u00e7alves Vieira<\/div>\n<\/td>\n<td class=\"s8\">\n<div align=\"center\"><a href=\"http:\/\/www.unicentro.br\/graduacao\/denut\/documentos\/tcc\/2010\/TCC%2028-2010%20(RENATA%20VOLPE%20VIEIRA).pdf\" target=\"_blank\" rel=\"noopener noreferrer\">Perfil nutricional de crian\u00e7as e adolescentes com s\u00edndrome de down de uma cidade do interior do Paran\u00e1<\/a><\/div>\n<\/td>\n<td class=\"s8\">\n<div align=\"center\"><a href=\"http:\/\/www.unicentro.br\/graduacao\/denut\/documentos\/tcc\/2011\/28.pdf\"><img loading=\"lazy\" decoding=\"async\" src=\"http:\/\/www.unicentro.br\/graduacao\/denut\/img\/Untitled-2.gif\" alt=\"\" width=\"32\" height=\"31\" border=\"0\" \/><\/a><\/div>\n<\/td>\n<\/tr>\n<\/tbody>\n<\/table>\n","protected":false},"excerpt":{"rendered":"<p>N\u00ba de controle Nome do Acad\u00eamico Nome do Orientador T\u00edtulo do Trabalho Acesse o artigo 01\/2011 \u00cdndia Mara Bottin Raquel Rosalva Gatti Elabora\u00e7\u00e3o de tabela de medidas caseiras relativa \u00e0 condimentos 02\/2011 Rubia Camila Sehnem Bruno Moreira Soares Avalia\u00e7\u00e3o nutricional de praticantes de muscula\u00e7\u00e3o em academias de munic\u00edpios do Centro-Sul do Paran\u00e1 03\/2011 Jocelaine Dall&#8217;agnol [&hellip;]<\/p>\n","protected":false},"author":3,"featured_media":0,"parent":30,"menu_order":0,"comment_status":"closed","ping_status":"closed","template":"","meta":{"_exactmetrics_skip_tracking":false,"_exactmetrics_sitenote_active":false,"_exactmetrics_sitenote_note":"","_exactmetrics_sitenote_category":0,"footnotes":"","_links_to":"","_links_to_target":""},"class_list":["post-41","page","type-page","status-publish","hentry"],"_links":{"self":[{"href":"https:\/\/www3.unicentro.br\/denut\/wp-json\/wp\/v2\/pages\/41","targetHints":{"allow":["GET"]}}],"collection":[{"href":"https:\/\/www3.unicentro.br\/denut\/wp-json\/wp\/v2\/pages"}],"about":[{"href":"https:\/\/www3.unicentro.br\/denut\/wp-json\/wp\/v2\/types\/page"}],"author":[{"embeddable":true,"href":"https:\/\/www3.unicentro.br\/denut\/wp-json\/wp\/v2\/users\/3"}],"replies":[{"embeddable":true,"href":"https:\/\/www3.unicentro.br\/denut\/wp-json\/wp\/v2\/comments?post=41"}],"version-history":[{"count":0,"href":"https:\/\/www3.unicentro.br\/denut\/wp-json\/wp\/v2\/pages\/41\/revisions"}],"up":[{"embeddable":true,"href":"https:\/\/www3.unicentro.br\/denut\/wp-json\/wp\/v2\/pages\/30"}],"wp:attachment":[{"href":"https:\/\/www3.unicentro.br\/denut\/wp-json\/wp\/v2\/media?parent=41"}],"curies":[{"name":"wp","href":"https:\/\/api.w.org\/{rel}","templated":true}]}}