{"id":92,"date":"2018-03-20T14:44:45","date_gmt":"2018-03-20T17:44:45","guid":{"rendered":"https:\/\/www3.unicentro.br\/dematc\/?page_id=92"},"modified":"2025-06-18T08:12:46","modified_gmt":"2025-06-18T11:12:46","slug":"matematica-aplicada-e-computacional","status":"publish","type":"page","link":"https:\/\/www3.unicentro.br\/dematc\/ensino\/matematica-aplicada-e-computacional\/","title":{"rendered":"Matem\u00e1tica Aplicada e Computacional"},"content":{"rendered":"<p><span lang=\"pt-BR\"><em><strong>In\u00edcio<\/strong><\/em>: primeiro semestre de 2015.<\/span><\/p>\n<p>&nbsp;<\/p>\n<p><span lang=\"pt-BR\"><em><strong>Dura\u00e7\u00e3o<\/strong>\u00a0<strong>m\u00ednima<\/strong><\/em>: 4 anos.<\/span><\/p>\n<p>&nbsp;<\/p>\n<p><span lang=\"pt-BR\"><em><strong>Per\u00edodo e local de funcionamento<\/strong><\/em>: manh\u00e3, no campus CEDETEG.<\/span><\/p>\n<p>&nbsp;<\/p>\n<p><span lang=\"pt-BR\"><em><strong>Vagas<\/strong><\/em>: 40 (distribu\u00eddas no vestibular de inverno, ver\u00e3o, PAC e SISU).<\/span><\/p>\n<p>&nbsp;<\/p>\n<p><span lang=\"pt-BR\"><em><strong>Foco do curso<\/strong><\/em>: forma\u00e7\u00e3o de profissionais capacitados para ingresso em programas de mestrado e doutorado, visando atua\u00e7\u00e3o no ensino superior; possibilidade de trabalho em empresas, ind\u00fastrias, mercado financeiro e institui\u00e7\u00f5es de pesquisa.<\/span><\/p>\n<p>&nbsp;<\/p>\n<p><span style=\"font-family: helvetica, arial, sans-serif\"><a href=\"https:\/\/www3.unicentro.br\/proen\/wp-content\/uploads\/sites\/41\/2025\/03\/Matematica-Aplic.-e-Comput.-G.pdf\">Grade<\/a><\/span><\/p>\n<p><span style=\"font-family: helvetica, arial, sans-serif\"><a href=\"https:\/\/www3.unicentro.br\/proen\/wp-content\/uploads\/sites\/41\/2025\/03\/MATEMATICA-APLIC.-E-COMPUT.-2022.pdf\">Ementas<\/a><\/span><\/p>\n","protected":false},"excerpt":{"rendered":"<p>In\u00edcio: primeiro semestre de 2015. &nbsp; Dura\u00e7\u00e3o\u00a0m\u00ednima: 4 anos. &nbsp; Per\u00edodo e local de funcionamento: manh\u00e3, no campus CEDETEG. &nbsp; Vagas: 40 (distribu\u00eddas no vestibular de inverno, ver\u00e3o, PAC e SISU). &nbsp; Foco do curso: forma\u00e7\u00e3o de profissionais capacitados para ingresso em programas de mestrado e doutorado, visando atua\u00e7\u00e3o no ensino superior; possibilidade de trabalho [&hellip;]<\/p>\n","protected":false},"author":46,"featured_media":0,"parent":23,"menu_order":0,"comment_status":"closed","ping_status":"closed","template":"","meta":{"_exactmetrics_skip_tracking":false,"_exactmetrics_sitenote_active":false,"_exactmetrics_sitenote_note":"","_exactmetrics_sitenote_category":0,"footnotes":"","_links_to":"","_links_to_target":""},"class_list":["post-92","page","type-page","status-publish","hentry"],"_links":{"self":[{"href":"https:\/\/www3.unicentro.br\/dematc\/wp-json\/wp\/v2\/pages\/92","targetHints":{"allow":["GET"]}}],"collection":[{"href":"https:\/\/www3.unicentro.br\/dematc\/wp-json\/wp\/v2\/pages"}],"about":[{"href":"https:\/\/www3.unicentro.br\/dematc\/wp-json\/wp\/v2\/types\/page"}],"author":[{"embeddable":true,"href":"https:\/\/www3.unicentro.br\/dematc\/wp-json\/wp\/v2\/users\/46"}],"replies":[{"embeddable":true,"href":"https:\/\/www3.unicentro.br\/dematc\/wp-json\/wp\/v2\/comments?post=92"}],"version-history":[{"count":2,"href":"https:\/\/www3.unicentro.br\/dematc\/wp-json\/wp\/v2\/pages\/92\/revisions"}],"predecessor-version":[{"id":246,"href":"https:\/\/www3.unicentro.br\/dematc\/wp-json\/wp\/v2\/pages\/92\/revisions\/246"}],"up":[{"embeddable":true,"href":"https:\/\/www3.unicentro.br\/dematc\/wp-json\/wp\/v2\/pages\/23"}],"wp:attachment":[{"href":"https:\/\/www3.unicentro.br\/dematc\/wp-json\/wp\/v2\/media?parent=92"}],"curies":[{"name":"wp","href":"https:\/\/api.w.org\/{rel}","templated":true}]}}