{"id":22,"date":"2021-03-10T15:25:31","date_gmt":"2021-03-10T18:25:31","guid":{"rendered":"https:\/\/www3.unicentro.br\/dehisi\/?page_id=22"},"modified":"2021-05-24T07:15:25","modified_gmt":"2021-05-24T10:15:25","slug":"apresentacao","status":"publish","type":"page","link":"https:\/\/www3.unicentro.br\/dehisi\/dehis-i\/apresentacao\/","title":{"rendered":"Apresenta\u00e7\u00e3o"},"content":{"rendered":"<p>A ci\u00eancia que estuda a a\u00e7\u00e3o dos homens no tempo. Pesquisa, estuda e interpreta os fatos de acordo com as suas causas, significados e consequ\u00eancias, avaliando acontecimentos passados e presentes, assim como as condi\u00e7\u00f5es econ\u00f4micas, culturais e sociais que os originaram. Pela cr\u00edtica e interpreta\u00e7\u00e3o dos acontecimentos, amplia a compreens\u00e3o sobre o desenvolvimento da humanidade.<\/p>\n<p>Curso de Hist\u00f3ria da Unicentro em Irati foi inaugurado em 1998.<\/p>\n","protected":false},"excerpt":{"rendered":"<p>A ci\u00eancia que estuda a a\u00e7\u00e3o dos homens no tempo. Pesquisa, estuda e interpreta os fatos de acordo com as suas causas, significados e consequ\u00eancias, avaliando acontecimentos passados e presentes, assim como as condi\u00e7\u00f5es econ\u00f4micas, culturais e sociais que os originaram. Pela cr\u00edtica e interpreta\u00e7\u00e3o dos acontecimentos, amplia a compreens\u00e3o sobre o desenvolvimento da humanidade. [&hellip;]<\/p>\n","protected":false},"author":3,"featured_media":0,"parent":20,"menu_order":0,"comment_status":"closed","ping_status":"closed","template":"","meta":{"_exactmetrics_skip_tracking":false,"_exactmetrics_sitenote_active":false,"_exactmetrics_sitenote_note":"","_exactmetrics_sitenote_category":0,"footnotes":"","_links_to":"","_links_to_target":""},"class_list":["post-22","page","type-page","status-publish","hentry"],"_links":{"self":[{"href":"https:\/\/www3.unicentro.br\/dehisi\/wp-json\/wp\/v2\/pages\/22","targetHints":{"allow":["GET"]}}],"collection":[{"href":"https:\/\/www3.unicentro.br\/dehisi\/wp-json\/wp\/v2\/pages"}],"about":[{"href":"https:\/\/www3.unicentro.br\/dehisi\/wp-json\/wp\/v2\/types\/page"}],"author":[{"embeddable":true,"href":"https:\/\/www3.unicentro.br\/dehisi\/wp-json\/wp\/v2\/users\/3"}],"replies":[{"embeddable":true,"href":"https:\/\/www3.unicentro.br\/dehisi\/wp-json\/wp\/v2\/comments?post=22"}],"version-history":[{"count":0,"href":"https:\/\/www3.unicentro.br\/dehisi\/wp-json\/wp\/v2\/pages\/22\/revisions"}],"up":[{"embeddable":true,"href":"https:\/\/www3.unicentro.br\/dehisi\/wp-json\/wp\/v2\/pages\/20"}],"wp:attachment":[{"href":"https:\/\/www3.unicentro.br\/dehisi\/wp-json\/wp\/v2\/media?parent=22"}],"curies":[{"name":"wp","href":"https:\/\/api.w.org\/{rel}","templated":true}]}}