{"id":211,"date":"2023-06-27T17:08:45","date_gmt":"2023-06-27T20:08:45","guid":{"rendered":"https:\/\/www3.unicentro.br\/degeog\/?page_id=211"},"modified":"2023-07-07T21:06:49","modified_gmt":"2023-07-08T00:06:49","slug":"formularios","status":"publish","type":"page","link":"https:\/\/www3.unicentro.br\/degeog\/formularios\/","title":{"rendered":"Formul\u00e1rios"},"content":{"rendered":"<p><span style=\"color: #000000\"><strong><span style=\"font-size: 18pt\">Regulamento de trabalho campo Licenciatura e Bacharelado<\/span><\/strong><\/span><\/p>\n<p><span style=\"font-family: georgia, palatino, serif;color: #000000\"><strong>RESOLU\u00c7\u00c3O N\u00ba 24-CEPE\/UNICENTRO, DE 30 DE JULHO DE 2018\u00a0<span style=\"color: #ff0000\"><a style=\"color: #ff0000;text-decoration: underline\" href=\"https:\/\/sgu.unicentro.br\/pcatooficiais\/imprimir\/C80684BA\" target=\"_blank\" rel=\"noopener\">https:\/\/sgu.unicentro.br\/pcatooficiais\/imprimir\/C80684BA<\/a><\/span><\/strong><\/span><\/p>\n<ul>\n<li><span style=\"text-decoration: underline;color: #ff0000\"><span style=\"font-family: georgia, palatino, serif\"><a style=\"color: #ff0000;text-decoration: underline\" href=\"https:\/\/www3.unicentro.br\/proen\/wp-content\/uploads\/sites\/41\/2023\/03\/FORMULARIO_Autorizacao-Plano-atividades_Aulas-de-Campo\" target=\"_blank\" rel=\"noopener\"><strong>Formul\u00e1rio de solicita\u00e7\u00e3o de autoriza\u00e7\u00e3o para Aulas de Campo <\/strong><\/a><\/span><\/span><\/li>\n<li><span style=\"text-decoration: underline;color: #ff0000\"><span style=\"font-family: georgia, palatino, serif\"><strong><a style=\"color: #ff0000;text-decoration: underline\" href=\"https:\/\/www3.unicentro.br\/proen\/wp-content\/uploads\/sites\/41\/2023\/03\/FORMULARIO_Relatorio-Final_Aulas-de-Campo\" target=\"_blank\" rel=\"noopener\">Formul\u00e1rio para Relat\u00f3rio Final de atividades em Aulas de Campo<\/a><\/strong><\/span><\/span><\/li>\n<\/ul>\n<p><span style=\"font-size: 18pt;color: #000000\"><strong>Formul\u00e1rio de proposta extensionista<\/strong>\u00a0<\/span><\/p>\n<ul>\n<li><span style=\"font-size: 12pt;color: #ff0000\"><strong><span style=\"text-decoration: underline\"><a style=\"color: #ff0000;text-decoration: underline\" href=\"https:\/\/www3.unicentro.br\/degeog\/wp-content\/uploads\/sites\/122\/2023\/06\/Formulario_Projeto_Extensao-1.docx\">Modelo para as a\u00e7\u00f5es extensionistas da Licenciatura e do Bacharelado<\/a><\/span><\/strong><\/span><\/li>\n<\/ul>\n<p><span style=\"font-size: 18pt;color: #000000\"><strong>Formul\u00e1rio para escolha de orientador<\/strong><\/span><\/p>\n<ul>\n<li><span style=\"text-decoration: underline;color: #ff0000\"><strong><a style=\"text-decoration: underline;color: #ff0000\" href=\"https:\/\/www3.unicentro.br\/degeog\/wp-content\/uploads\/sites\/122\/2023\/07\/Termo-de-aceite-orientacao-TCC.doc\">Termo de aceite orienta\u00e7\u00e3o TCC<\/a><\/strong><\/span><\/li>\n<\/ul>\n","protected":false},"excerpt":{"rendered":"<p>Regulamento de trabalho campo Licenciatura e Bacharelado RESOLU\u00c7\u00c3O N\u00ba 24-CEPE\/UNICENTRO, DE 30 DE JULHO DE 2018\u00a0https:\/\/sgu.unicentro.br\/pcatooficiais\/imprimir\/C80684BA Formul\u00e1rio de solicita\u00e7\u00e3o de autoriza\u00e7\u00e3o para Aulas de Campo Formul\u00e1rio para Relat\u00f3rio Final de atividades em Aulas de Campo Formul\u00e1rio de proposta extensionista\u00a0 Modelo para as a\u00e7\u00f5es extensionistas da Licenciatura e do Bacharelado Formul\u00e1rio para escolha de orientador Termo [&hellip;]<\/p>\n","protected":false},"author":603,"featured_media":0,"parent":0,"menu_order":0,"comment_status":"closed","ping_status":"closed","template":"","meta":{"_exactmetrics_skip_tracking":false,"_exactmetrics_sitenote_active":false,"_exactmetrics_sitenote_note":"","_exactmetrics_sitenote_category":0,"footnotes":"","_links_to":"","_links_to_target":""},"class_list":["post-211","page","type-page","status-publish","hentry"],"_links":{"self":[{"href":"https:\/\/www3.unicentro.br\/degeog\/wp-json\/wp\/v2\/pages\/211","targetHints":{"allow":["GET"]}}],"collection":[{"href":"https:\/\/www3.unicentro.br\/degeog\/wp-json\/wp\/v2\/pages"}],"about":[{"href":"https:\/\/www3.unicentro.br\/degeog\/wp-json\/wp\/v2\/types\/page"}],"author":[{"embeddable":true,"href":"https:\/\/www3.unicentro.br\/degeog\/wp-json\/wp\/v2\/users\/603"}],"replies":[{"embeddable":true,"href":"https:\/\/www3.unicentro.br\/degeog\/wp-json\/wp\/v2\/comments?post=211"}],"version-history":[{"count":0,"href":"https:\/\/www3.unicentro.br\/degeog\/wp-json\/wp\/v2\/pages\/211\/revisions"}],"wp:attachment":[{"href":"https:\/\/www3.unicentro.br\/degeog\/wp-json\/wp\/v2\/media?parent=211"}],"curies":[{"name":"wp","href":"https:\/\/api.w.org\/{rel}","templated":true}]}}