{"id":87,"date":"2021-06-02T11:41:50","date_gmt":"2021-06-02T14:41:50","guid":{"rendered":"https:\/\/www3.unicentro.br\/defisio\/?page_id=87"},"modified":"2021-06-02T11:41:50","modified_gmt":"2021-06-02T14:41:50","slug":"laboratorios","status":"publish","type":"page","link":"https:\/\/www3.unicentro.br\/defisio\/departamento\/laboratorios\/","title":{"rendered":"Laborat\u00f3rios"},"content":{"rendered":"<p>O curso de Fisioterapia conta com os seguintes laborat\u00f3rios did\u00e1ticos:<\/p>\n<ul>\n<li>Laborat\u00f3rio de Cinesioterapia;<\/li>\n<li>Laborat\u00f3rio de Eletrotermofototerapia;<\/li>\n<li>Laborat\u00f3rio de An\u00e1lise do Movimento;<\/li>\n<li>Laborat\u00f3rio T\u00f3rax;<\/li>\n<li>Laborat\u00f3rio de Fisioterapia Musculoesquel\u00e9tica;<\/li>\n<li>Laborat\u00f3rio de Cinesioterapia e Terapia manual.<\/li>\n<\/ul>\n","protected":false},"excerpt":{"rendered":"<p>O curso de Fisioterapia conta com os seguintes laborat\u00f3rios did\u00e1ticos: Laborat\u00f3rio de Cinesioterapia; Laborat\u00f3rio de Eletrotermofototerapia; Laborat\u00f3rio de An\u00e1lise do Movimento; Laborat\u00f3rio T\u00f3rax; Laborat\u00f3rio de Fisioterapia Musculoesquel\u00e9tica; Laborat\u00f3rio de Cinesioterapia e Terapia manual.<\/p>\n","protected":false},"author":3,"featured_media":0,"parent":17,"menu_order":0,"comment_status":"closed","ping_status":"closed","template":"","meta":{"_exactmetrics_skip_tracking":false,"_exactmetrics_sitenote_active":false,"_exactmetrics_sitenote_note":"","_exactmetrics_sitenote_category":0,"footnotes":"","_links_to":"","_links_to_target":""},"class_list":["post-87","page","type-page","status-publish","hentry"],"_links":{"self":[{"href":"https:\/\/www3.unicentro.br\/defisio\/wp-json\/wp\/v2\/pages\/87","targetHints":{"allow":["GET"]}}],"collection":[{"href":"https:\/\/www3.unicentro.br\/defisio\/wp-json\/wp\/v2\/pages"}],"about":[{"href":"https:\/\/www3.unicentro.br\/defisio\/wp-json\/wp\/v2\/types\/page"}],"author":[{"embeddable":true,"href":"https:\/\/www3.unicentro.br\/defisio\/wp-json\/wp\/v2\/users\/3"}],"replies":[{"embeddable":true,"href":"https:\/\/www3.unicentro.br\/defisio\/wp-json\/wp\/v2\/comments?post=87"}],"version-history":[{"count":0,"href":"https:\/\/www3.unicentro.br\/defisio\/wp-json\/wp\/v2\/pages\/87\/revisions"}],"up":[{"embeddable":true,"href":"https:\/\/www3.unicentro.br\/defisio\/wp-json\/wp\/v2\/pages\/17"}],"wp:attachment":[{"href":"https:\/\/www3.unicentro.br\/defisio\/wp-json\/wp\/v2\/media?parent=87"}],"curies":[{"name":"wp","href":"https:\/\/api.w.org\/{rel}","templated":true}]}}