{"id":83,"date":"2021-06-02T11:40:29","date_gmt":"2021-06-02T14:40:29","guid":{"rendered":"https:\/\/www3.unicentro.br\/defisio\/?page_id=83"},"modified":"2021-06-02T11:40:29","modified_gmt":"2021-06-02T14:40:29","slug":"apresentacao","status":"publish","type":"page","link":"https:\/\/www3.unicentro.br\/defisio\/departamento\/apresentacao\/","title":{"rendered":"Apresenta\u00e7\u00e3o"},"content":{"rendered":"<p>O curso de Fisioterapia conta atualmente (ano 2021) com 26 professores (17 efetivos e 09 colaboradores), todos fisioterapeutas. Destes, 13 s\u00e3o doutores, 11 s\u00e3o mestres (05 cursando doutorado) e 02 s\u00e3o especialistas (ambos cursando mestrado).<\/p>\n<p>No ano de 2019, o curso comemorou a marca hist\u00f3rica de 20 anos de hist\u00f3ria. Esta importante data marca a consolida\u00e7\u00e3o do curso dentro da institui\u00e7\u00e3o e da cidade.<\/p>\n<p>At\u00e9 o momento, a Unicentro formou 515 profissionais, que encontram-se distribu\u00eddos em diversos estados da Federa\u00e7\u00e3o, demonstrando a relev\u00e2ncia do curso ao longo de sua hist\u00f3ria e reafirmando o cumprimento do papel social que a universidade se prop\u00f5e.<\/p>\n","protected":false},"excerpt":{"rendered":"<p>O curso de Fisioterapia conta atualmente (ano 2021) com 26 professores (17 efetivos e 09 colaboradores), todos fisioterapeutas. Destes, 13 s\u00e3o doutores, 11 s\u00e3o mestres (05 cursando doutorado) e 02 s\u00e3o especialistas (ambos cursando mestrado). No ano de 2019, o curso comemorou a marca hist\u00f3rica de 20 anos de hist\u00f3ria. Esta importante data marca a [&hellip;]<\/p>\n","protected":false},"author":3,"featured_media":0,"parent":17,"menu_order":0,"comment_status":"closed","ping_status":"closed","template":"","meta":{"_exactmetrics_skip_tracking":false,"_exactmetrics_sitenote_active":false,"_exactmetrics_sitenote_note":"","_exactmetrics_sitenote_category":0,"footnotes":"","_links_to":"","_links_to_target":""},"class_list":["post-83","page","type-page","status-publish","hentry"],"_links":{"self":[{"href":"https:\/\/www3.unicentro.br\/defisio\/wp-json\/wp\/v2\/pages\/83","targetHints":{"allow":["GET"]}}],"collection":[{"href":"https:\/\/www3.unicentro.br\/defisio\/wp-json\/wp\/v2\/pages"}],"about":[{"href":"https:\/\/www3.unicentro.br\/defisio\/wp-json\/wp\/v2\/types\/page"}],"author":[{"embeddable":true,"href":"https:\/\/www3.unicentro.br\/defisio\/wp-json\/wp\/v2\/users\/3"}],"replies":[{"embeddable":true,"href":"https:\/\/www3.unicentro.br\/defisio\/wp-json\/wp\/v2\/comments?post=83"}],"version-history":[{"count":0,"href":"https:\/\/www3.unicentro.br\/defisio\/wp-json\/wp\/v2\/pages\/83\/revisions"}],"up":[{"embeddable":true,"href":"https:\/\/www3.unicentro.br\/defisio\/wp-json\/wp\/v2\/pages\/17"}],"wp:attachment":[{"href":"https:\/\/www3.unicentro.br\/defisio\/wp-json\/wp\/v2\/media?parent=83"}],"curies":[{"name":"wp","href":"https:\/\/api.w.org\/{rel}","templated":true}]}}