{"id":81,"date":"2021-06-02T11:39:53","date_gmt":"2021-06-02T14:39:53","guid":{"rendered":"https:\/\/www3.unicentro.br\/defisio\/?page_id=81"},"modified":"2021-06-02T11:39:53","modified_gmt":"2021-06-02T14:39:53","slug":"historico","status":"publish","type":"page","link":"https:\/\/www3.unicentro.br\/defisio\/departamento\/historico\/","title":{"rendered":"Hist\u00f3rico"},"content":{"rendered":"<p>O Curso de Fisioterapia da Unicentro iniciou suas atividades no ano 2000, com 40 vagas anuais e em regime seriado anual, funcionando em turno integral, com apenas 01 docente graduado em Fisioterapia.<\/p>\n<p>\u00c0 \u00e9poca, n\u00e3o existia o Departamento de Fisioterapia, pois segundo o Regimento Geral da Unicentro, a composi\u00e7\u00e3o de um departamento se d\u00e1 somente quando h\u00e1 no m\u00ednimo 04 docentes na \u00e1rea.<\/p>\n<p>Assim, o Departamento de Fisioterapia de Guarapuava \u2013 Defisio\/G foi criado e homologado em 2001, ap\u00f3s a contrata\u00e7\u00e3o de mais tr\u00eas fisioterapeutas via teste seletivo.<\/p>\n<p>Dentro do organograma da Institui\u00e7\u00e3o, encontra-se inserido no Setor de Ci\u00eancias da Sa\u00fade de Guarapuava (SES\/G).<\/p>\n","protected":false},"excerpt":{"rendered":"<p>O Curso de Fisioterapia da Unicentro iniciou suas atividades no ano 2000, com 40 vagas anuais e em regime seriado anual, funcionando em turno integral, com apenas 01 docente graduado em Fisioterapia. \u00c0 \u00e9poca, n\u00e3o existia o Departamento de Fisioterapia, pois segundo o Regimento Geral da Unicentro, a composi\u00e7\u00e3o de um departamento se d\u00e1 somente [&hellip;]<\/p>\n","protected":false},"author":3,"featured_media":0,"parent":17,"menu_order":0,"comment_status":"closed","ping_status":"closed","template":"","meta":{"_exactmetrics_skip_tracking":false,"_exactmetrics_sitenote_active":false,"_exactmetrics_sitenote_note":"","_exactmetrics_sitenote_category":0,"footnotes":"","_links_to":"","_links_to_target":""},"class_list":["post-81","page","type-page","status-publish","hentry"],"_links":{"self":[{"href":"https:\/\/www3.unicentro.br\/defisio\/wp-json\/wp\/v2\/pages\/81","targetHints":{"allow":["GET"]}}],"collection":[{"href":"https:\/\/www3.unicentro.br\/defisio\/wp-json\/wp\/v2\/pages"}],"about":[{"href":"https:\/\/www3.unicentro.br\/defisio\/wp-json\/wp\/v2\/types\/page"}],"author":[{"embeddable":true,"href":"https:\/\/www3.unicentro.br\/defisio\/wp-json\/wp\/v2\/users\/3"}],"replies":[{"embeddable":true,"href":"https:\/\/www3.unicentro.br\/defisio\/wp-json\/wp\/v2\/comments?post=81"}],"version-history":[{"count":0,"href":"https:\/\/www3.unicentro.br\/defisio\/wp-json\/wp\/v2\/pages\/81\/revisions"}],"up":[{"embeddable":true,"href":"https:\/\/www3.unicentro.br\/defisio\/wp-json\/wp\/v2\/pages\/17"}],"wp:attachment":[{"href":"https:\/\/www3.unicentro.br\/defisio\/wp-json\/wp\/v2\/media?parent=81"}],"curies":[{"name":"wp","href":"https:\/\/api.w.org\/{rel}","templated":true}]}}