{"id":2044,"date":"2025-04-01T11:06:19","date_gmt":"2025-04-01T14:06:19","guid":{"rendered":"https:\/\/www3.unicentro.br\/dedufg\/?page_id=2044"},"modified":"2025-04-01T11:06:44","modified_gmt":"2025-04-01T14:06:44","slug":"projetos-de-extensao","status":"publish","type":"page","link":"https:\/\/www3.unicentro.br\/dedufg\/laboratorios\/laboratorio-estudo-do-corpo-nas-sociedades-lescorps\/projetos-de-extensao\/","title":{"rendered":"PROJETOS DE EXTENS\u00c3O"},"content":{"rendered":"<p align=\"justify\"><span style=\"font-size: 14pt\"><strong><span style=\"font-family: Arial, sans-serif\">Programa Institucional de Inicia\u00e7\u00e3o \u00e0 Doc\u00eancia (PIBID 2024-2025)<\/span><\/strong><\/span><\/p>\n<p align=\"justify\">\n<p align=\"justify\"><span style=\"font-family: Arial, sans-serif\"><span style=\"font-size: medium\"><b>Professores Supervisores Bolsistas: <\/b><\/span><\/span><\/p>\n<p align=\"justify\"><span style=\"font-family: Arial, sans-serif\"><span style=\"font-size: medium\">Col\u00e9gio Padre Chagas \u2013 Professora Daiane Grando<\/span><\/span><\/p>\n<p align=\"justify\"><span style=\"font-family: Arial, sans-serif\"><span style=\"font-size: medium\">Col\u00e9gio Visconde de Guarapuava \u2013 Professor Luiz S\u00e1vio Camargo<\/span><\/span><\/p>\n<p align=\"justify\">\n<p align=\"justify\">\n<p align=\"justify\">\n<p align=\"justify\"><span style=\"font-family: Arial, sans-serif\"><span style=\"font-size: medium\"><b>Acad\u00eamicos Bolsistas:<\/b><\/span><\/span><\/p>\n<p align=\"justify\">B\u00e1rbara Helo\u00edse Vaz<\/p>\n<p align=\"justify\">Daniele Caldas Ribas<\/p>\n<p align=\"justify\">Gabriel Barbosa Schier<\/p>\n<p align=\"justify\">Giovana Emanuelly Coelho Cordeiro<\/p>\n<p align=\"justify\">Jo\u00e3o Lucas Leutner Felchak<\/p>\n<p align=\"justify\">Jos\u00e9 Emanuel Nogueira Martins<\/p>\n<p align=\"justify\">Kamilly Eduarda Machado<\/p>\n<p align=\"justify\">Karlos Eduardo Bassani<\/p>\n<p align=\"justify\">Keven Antuni Ferreira<\/p>\n<p align=\"justify\">Larissa Vit\u00f3ria Lenz<\/p>\n<p align=\"justify\">Livia Machado Aguera<\/p>\n<p align=\"justify\">Luan Vinicius Rosa Havrechaki<\/p>\n<p align=\"justify\">Maria Carolina Ribeiro Schon<\/p>\n<p align=\"justify\">Maria Gabriela Fran\u00e7a de Paula<\/p>\n<p align=\"justify\">Ryan Souza de Morais<\/p>\n","protected":false},"excerpt":{"rendered":"<p>Programa Institucional de Inicia\u00e7\u00e3o \u00e0 Doc\u00eancia (PIBID 2024-2025) Professores Supervisores Bolsistas: Col\u00e9gio Padre Chagas \u2013 Professora Daiane Grando Col\u00e9gio Visconde de Guarapuava \u2013 Professor Luiz S\u00e1vio Camargo Acad\u00eamicos Bolsistas: B\u00e1rbara Helo\u00edse Vaz Daniele Caldas Ribas Gabriel Barbosa Schier Giovana Emanuelly Coelho Cordeiro Jo\u00e3o Lucas Leutner Felchak Jos\u00e9 Emanuel Nogueira Martins Kamilly Eduarda Machado Karlos Eduardo [&hellip;]<\/p>\n","protected":false},"author":601,"featured_media":0,"parent":773,"menu_order":0,"comment_status":"closed","ping_status":"closed","template":"","meta":{"_exactmetrics_skip_tracking":false,"_exactmetrics_sitenote_active":false,"_exactmetrics_sitenote_note":"","_exactmetrics_sitenote_category":0,"footnotes":"","_links_to":"","_links_to_target":""},"class_list":["post-2044","page","type-page","status-publish","hentry"],"_links":{"self":[{"href":"https:\/\/www3.unicentro.br\/dedufg\/wp-json\/wp\/v2\/pages\/2044","targetHints":{"allow":["GET"]}}],"collection":[{"href":"https:\/\/www3.unicentro.br\/dedufg\/wp-json\/wp\/v2\/pages"}],"about":[{"href":"https:\/\/www3.unicentro.br\/dedufg\/wp-json\/wp\/v2\/types\/page"}],"author":[{"embeddable":true,"href":"https:\/\/www3.unicentro.br\/dedufg\/wp-json\/wp\/v2\/users\/601"}],"replies":[{"embeddable":true,"href":"https:\/\/www3.unicentro.br\/dedufg\/wp-json\/wp\/v2\/comments?post=2044"}],"version-history":[{"count":1,"href":"https:\/\/www3.unicentro.br\/dedufg\/wp-json\/wp\/v2\/pages\/2044\/revisions"}],"predecessor-version":[{"id":2046,"href":"https:\/\/www3.unicentro.br\/dedufg\/wp-json\/wp\/v2\/pages\/2044\/revisions\/2046"}],"up":[{"embeddable":true,"href":"https:\/\/www3.unicentro.br\/dedufg\/wp-json\/wp\/v2\/pages\/773"}],"wp:attachment":[{"href":"https:\/\/www3.unicentro.br\/dedufg\/wp-json\/wp\/v2\/media?parent=2044"}],"curies":[{"name":"wp","href":"https:\/\/api.w.org\/{rel}","templated":true}]}}