{"id":2038,"date":"2025-04-01T10:51:05","date_gmt":"2025-04-01T13:51:05","guid":{"rendered":"https:\/\/www3.unicentro.br\/dedufg\/?page_id=2038"},"modified":"2025-04-01T10:53:17","modified_gmt":"2025-04-01T13:53:17","slug":"projetos-de-iniciacao-cientifica-2024-2025","status":"publish","type":"page","link":"https:\/\/www3.unicentro.br\/dedufg\/laboratorios\/laboratorio-estudo-do-corpo-nas-sociedades-lescorps\/projetos-de-iniciacao-cientifica-2024-2025\/","title":{"rendered":"PROJETOS DE INICIA\u00c7\u00c3O CIENT\u00cdFICA (2024 &#8211; 2025)"},"content":{"rendered":"<p align=\"justify\"><span style=\"font-size: 14pt\"><strong><span style=\"font-family: Arial, sans-serif;color: #000000\">Acad\u00eamicos:<\/span><\/strong><\/span><\/p>\n<p align=\"justify\"><span style=\"font-size: 12pt;color: #000000\"><strong><span style=\"font-family: Arial, sans-serif\">1. <\/span><\/strong><strong><span style=\"font-family: Arial, sans-serif\"><b>CAU\u00c3 COARA\u00c7\u00c1 DA SILVA<\/b><\/span><\/strong><\/span><\/p>\n<p align=\"justify\"><span style=\"font-size: 12pt;color: #000000\"><span style=\"font-family: Arial, sans-serif\">PIBIC: Bolsista Funda\u00e7\u00e3o Arauc\u00e1ria <\/span><\/span><\/p>\n<p align=\"justify\"><span style=\"font-size: 12pt;color: #000000\"><span style=\"font-family: Arial, sans-serif\">T\u00edtulo do Projeto: <\/span><span style=\"font-family: Arial, sans-serif\">MIDIAS SOCIAIS E A EDUCA\u00c7\u00c3O F\u00cdSICA: COMO NOVOS FEN\u00d4MENOS DA SOCIEDADE SE ALIAM E TRANSFORMAM O TRADICIONAL.<\/span><\/span><\/p>\n<p align=\"justify\">\n<p align=\"justify\"><span style=\"font-size: 12pt;color: #000000\"><strong><span style=\"font-family: Arial, sans-serif\">2. <\/span><\/strong><strong><span style=\"font-family: Arial, sans-serif\"><b>KEVEN ANTUNI FERREIRA<\/b><\/span><\/strong><\/span><\/p>\n<p align=\"justify\"><span style=\"font-size: 12pt;color: #000000\"><span style=\"font-family: Arial, sans-serif\"> PIBIC: Volunt\u00e1rio<\/span><\/span><\/p>\n<p align=\"justify\"><span style=\"font-size: 12pt;color: #000000\"><span style=\"font-family: Arial, sans-serif\"> T\u00edtulo do Projeto: EDUCA\u00c7\u00c3O F\u00cdSICA NO AMBIENTE ESCOLAR P\u00daBLICO E PRIVADO E A ATUA\u00c7\u00c3O DO PROFESSOR DE EDUCA\u00c7\u00c3O F\u00cdSICA EM RELA\u00c7\u00c3O A PESSOAS COM DEFICI\u00caNCIA<\/span><\/span><\/p>\n<p align=\"justify\">\n<p align=\"justify\"><strong><span style=\"font-size: 12pt;color: #000000\"><span style=\"font-family: Arial, sans-serif\">3.<\/span> <span style=\"font-family: Arial, sans-serif\">ALEXANDRE NUNES DE FREITAS<\/span><\/span><\/strong><\/p>\n<p align=\"justify\"><span style=\"font-family: Arial, sans-serif;font-size: 12pt;color: #000000\"> PIBIS: Bolsista Funda\u00e7\u00e3o Arauc\u00e1ria<\/span><\/p>\n<p align=\"justify\"><span style=\"font-size: 12pt;color: #000000\"><span style=\"font-family: Arial, sans-serif\"> T\u00edtulo do Projeto: <\/span><span style=\"font-family: Arial, sans-serif\">JOGOS ELETR<\/span><span style=\"font-family: Arial, sans-serif\">\u00d4<\/span><span style=\"font-family: Arial, sans-serif\">NICOS, EXERC<\/span><span style=\"font-family: Arial, sans-serif\">\u00cd<\/span><span style=\"font-family: Arial, sans-serif\">CIOS F<\/span><span style=\"font-family: Arial, sans-serif\">\u00cd<\/span><span style=\"font-family: Arial, sans-serif\">SICOS E REDES SOCIAIS: O IMPACTO NA SA\u00daDE MENTAL DE ACAD\u00caMICOS<\/span><\/span><\/p>\n<p align=\"justify\">\n<p align=\"justify\"><span style=\"font-size: 12pt;color: #000000\"><span style=\"font-family: Arial, sans-serif\">4. <\/span><strong><span style=\"font-family: Arial, sans-serif\"><b>MARIA EDUARDA PRIOR<\/b><\/span><\/strong><\/span><\/p>\n<p align=\"justify\"><span style=\"font-family: Arial, sans-serif;font-size: 12pt;color: #000000\"> PIBIS: Volunt\u00e1ria<\/span><\/p>\n<p align=\"justify\"><span style=\"font-family: Arial, sans-serif;font-size: 12pt;color: #000000\"> Titulo do Projeto: O PAPEL DO EXERC\u00cdCIO F\u00cdSICO NA PROMO\u00c7\u00c3O DA SA\u00daDE MENTAL EM AMBIENTES ACAD\u00caMICOS <\/span><\/p>\n","protected":false},"excerpt":{"rendered":"<p>Acad\u00eamicos: 1. CAU\u00c3 COARA\u00c7\u00c1 DA SILVA PIBIC: Bolsista Funda\u00e7\u00e3o Arauc\u00e1ria T\u00edtulo do Projeto: MIDIAS SOCIAIS E A EDUCA\u00c7\u00c3O F\u00cdSICA: COMO NOVOS FEN\u00d4MENOS DA SOCIEDADE SE ALIAM E TRANSFORMAM O TRADICIONAL. 2. KEVEN ANTUNI FERREIRA PIBIC: Volunt\u00e1rio T\u00edtulo do Projeto: EDUCA\u00c7\u00c3O F\u00cdSICA NO AMBIENTE ESCOLAR P\u00daBLICO E PRIVADO E A ATUA\u00c7\u00c3O DO PROFESSOR DE EDUCA\u00c7\u00c3O F\u00cdSICA [&hellip;]<\/p>\n","protected":false},"author":601,"featured_media":0,"parent":773,"menu_order":0,"comment_status":"closed","ping_status":"closed","template":"","meta":{"_exactmetrics_skip_tracking":false,"_exactmetrics_sitenote_active":false,"_exactmetrics_sitenote_note":"","_exactmetrics_sitenote_category":0,"footnotes":"","_links_to":"","_links_to_target":""},"class_list":["post-2038","page","type-page","status-publish","hentry"],"_links":{"self":[{"href":"https:\/\/www3.unicentro.br\/dedufg\/wp-json\/wp\/v2\/pages\/2038","targetHints":{"allow":["GET"]}}],"collection":[{"href":"https:\/\/www3.unicentro.br\/dedufg\/wp-json\/wp\/v2\/pages"}],"about":[{"href":"https:\/\/www3.unicentro.br\/dedufg\/wp-json\/wp\/v2\/types\/page"}],"author":[{"embeddable":true,"href":"https:\/\/www3.unicentro.br\/dedufg\/wp-json\/wp\/v2\/users\/601"}],"replies":[{"embeddable":true,"href":"https:\/\/www3.unicentro.br\/dedufg\/wp-json\/wp\/v2\/comments?post=2038"}],"version-history":[{"count":1,"href":"https:\/\/www3.unicentro.br\/dedufg\/wp-json\/wp\/v2\/pages\/2038\/revisions"}],"predecessor-version":[{"id":2043,"href":"https:\/\/www3.unicentro.br\/dedufg\/wp-json\/wp\/v2\/pages\/2038\/revisions\/2043"}],"up":[{"embeddable":true,"href":"https:\/\/www3.unicentro.br\/dedufg\/wp-json\/wp\/v2\/pages\/773"}],"wp:attachment":[{"href":"https:\/\/www3.unicentro.br\/dedufg\/wp-json\/wp\/v2\/media?parent=2038"}],"curies":[{"name":"wp","href":"https:\/\/api.w.org\/{rel}","templated":true}]}}