{"id":1095,"date":"2023-10-02T10:23:14","date_gmt":"2023-10-02T13:23:14","guid":{"rendered":"https:\/\/www3.unicentro.br\/dedufg\/?page_id=1095"},"modified":"2024-06-06T09:53:05","modified_gmt":"2024-06-06T12:53:05","slug":"1oano-educacao-fisica","status":"publish","type":"page","link":"https:\/\/www3.unicentro.br\/dedufg\/inicio\/turmas-2023\/1oano-educacao-fisica\/","title":{"rendered":"1\u00baano Educa\u00e7\u00e3o F\u00edsica"},"content":{"rendered":"<p><span style=\"color: #000000\">AMANDA DROZDA<\/span><\/p>\n<p><span style=\"color: #000000\">ANDRE EDUARDO PEREIRA MARCONDES<\/span><\/p>\n<p><span style=\"color: #000000\">ANTONY EMANUEL DOS SANTOS CERENZ<\/span><\/p>\n<p><span style=\"color: #000000\">ARTHUR GUERREIRO MAYOLINO<\/span><\/p>\n<p><span style=\"color: #000000\">BIANCA DOS SANTOS KREVEI<\/span><\/p>\n<p><span style=\"color: #000000\">BRUNO MARQUES DA SILVA<\/span><\/p>\n<p><span style=\"color: #000000\">CRYSTAL LENE DOS SANTOS NEVES<\/span><\/p>\n<p><span style=\"color: #000000\">EDUARDO CORREIA<\/span><\/p>\n<p><span style=\"color: #000000\">GUSTAVO DA CRUZ E SILVA<\/span><\/p>\n<p><span style=\"color: #000000\">GUSTAVO HENRIQUE\u00a0 MAIKOT MARCONDES<\/span><\/p>\n<p><span style=\"color: #000000\">HUGO CASANOVA NETO<\/span><\/p>\n<p><span style=\"color: #000000\">JOS\u00c9 ANTONIO SANTOS DE JESUS<\/span><\/p>\n<p><span style=\"color: #000000\">JO\u00c3O PEDRO KARAM SOVRANI<\/span><\/p>\n<p><span style=\"color: #000000\">JO\u00c3O VICTOR FLORENTINO<\/span><\/p>\n<p><span style=\"color: #000000\">JO\u00c3O VITOR IANSE LOPES<\/span><\/p>\n<p><span style=\"color: #000000\">KARINA FERREIRA KUSPIOSZ<\/span><\/p>\n<p><span style=\"color: #000000\">KARLOS EDUARDO BASSANI<\/span><\/p>\n<p><span style=\"color: #000000\">LEONARDO NOWAK PENTEADO DE OLIVEIRA<\/span><\/p>\n<p><span style=\"color: #000000\">LIVIA MACHADO AGUERA<\/span><\/p>\n<p><span style=\"color: #000000\">LUAN MARCOS DA CRUZ MACHADO<\/span><\/p>\n<p><span style=\"color: #000000\">LUAN VINICIUS ROSA HAVRECHAKI<\/span><\/p>\n<p><span style=\"color: #000000\">MARIA CAROLINA RIBEIRO SCHON<\/span><\/p>\n<p><span style=\"color: #000000\">MARIA GABRIELA FRAN\u00c7A DE PAULA<\/span><\/p>\n<p><span style=\"color: #000000\">MARIANA DA SILVA MICHALOUSKI<\/span><\/p>\n<p><span style=\"color: #000000\">MIRELY FERNANDA DE MORAES DOS SANTOS<\/span><\/p>\n<p><span style=\"color: #000000\">MONIERY FAB\u00cdOLA FERREIRA<\/span><\/p>\n<p><span style=\"color: #000000\">MYLLENE BONFIM SIDOR<\/span><\/p>\n<p><span style=\"color: #000000\">NATALIA VIANA SANTOS<\/span><\/p>\n<p><span style=\"color: #000000\">NICOLAS GUILHERME LOPES<\/span><\/p>\n<p><span style=\"color: #000000\">RAFAEL MAMCASZ CARDOZO<\/span><\/p>\n<p><span style=\"color: #000000\">RAFEL PEREIRA MOREIRA<\/span><\/p>\n<p><span style=\"color: #000000\">RAUANI GABRIELLY DOS SANTOS<\/span><\/p>\n<p><span style=\"color: #000000\">SAMILLE MONTEIRO DA SILVA<\/span><\/p>\n<p><span style=\"color: #000000\">VICTOR HUGO DA SILVA ROMAN<\/span><\/p>\n<p><span style=\"color: #000000\">YURI GABRIEL DE JESUS RIBAS<\/span><\/p>\n","protected":false},"excerpt":{"rendered":"<p>AMANDA DROZDA ANDRE EDUARDO PEREIRA MARCONDES ANTONY EMANUEL DOS SANTOS CERENZ ARTHUR GUERREIRO MAYOLINO BIANCA DOS SANTOS KREVEI BRUNO MARQUES DA SILVA CRYSTAL LENE DOS SANTOS NEVES EDUARDO CORREIA GUSTAVO DA CRUZ E SILVA GUSTAVO HENRIQUE\u00a0 MAIKOT MARCONDES HUGO CASANOVA NETO JOS\u00c9 ANTONIO SANTOS DE JESUS JO\u00c3O PEDRO KARAM SOVRANI JO\u00c3O VICTOR FLORENTINO JO\u00c3O VITOR [&hellip;]<\/p>\n","protected":false},"author":601,"featured_media":0,"parent":1092,"menu_order":0,"comment_status":"closed","ping_status":"closed","template":"","meta":{"_exactmetrics_skip_tracking":false,"_exactmetrics_sitenote_active":false,"_exactmetrics_sitenote_note":"","_exactmetrics_sitenote_category":0,"footnotes":"","_links_to":"","_links_to_target":""},"class_list":["post-1095","page","type-page","status-publish","hentry"],"_links":{"self":[{"href":"https:\/\/www3.unicentro.br\/dedufg\/wp-json\/wp\/v2\/pages\/1095","targetHints":{"allow":["GET"]}}],"collection":[{"href":"https:\/\/www3.unicentro.br\/dedufg\/wp-json\/wp\/v2\/pages"}],"about":[{"href":"https:\/\/www3.unicentro.br\/dedufg\/wp-json\/wp\/v2\/types\/page"}],"author":[{"embeddable":true,"href":"https:\/\/www3.unicentro.br\/dedufg\/wp-json\/wp\/v2\/users\/601"}],"replies":[{"embeddable":true,"href":"https:\/\/www3.unicentro.br\/dedufg\/wp-json\/wp\/v2\/comments?post=1095"}],"version-history":[{"count":2,"href":"https:\/\/www3.unicentro.br\/dedufg\/wp-json\/wp\/v2\/pages\/1095\/revisions"}],"predecessor-version":[{"id":1639,"href":"https:\/\/www3.unicentro.br\/dedufg\/wp-json\/wp\/v2\/pages\/1095\/revisions\/1639"}],"up":[{"embeddable":true,"href":"https:\/\/www3.unicentro.br\/dedufg\/wp-json\/wp\/v2\/pages\/1092"}],"wp:attachment":[{"href":"https:\/\/www3.unicentro.br\/dedufg\/wp-json\/wp\/v2\/media?parent=1095"}],"curies":[{"name":"wp","href":"https:\/\/api.w.org\/{rel}","templated":true}]}}