{"id":701,"date":"2025-07-09T13:31:30","date_gmt":"2025-07-09T16:31:30","guid":{"rendered":"https:\/\/www3.unicentro.br\/decon\/?page_id=701"},"modified":"2025-09-12T10:22:11","modified_gmt":"2025-09-12T13:22:11","slug":"consideracoes-finais","status":"publish","type":"page","link":"https:\/\/www3.unicentro.br\/decon\/producao-discente\/historica-da-moeda-no-brasil\/consideracoes-finais\/","title":{"rendered":"Considera\u00e7\u00f5es Finais"},"content":{"rendered":"<div class=\"wpb-content-wrapper\"><p>[vc_row][vc_column][vc_column_text]Este eBook mostrou como a moeda brasileira passou por importantes transforma\u00e7\u00f5es ao longo da hist\u00f3ria, refletindo as necessidades e os desafios enfrentados pelo pa\u00eds em diferentes per\u00edodos. Desde o R\u00e9is at\u00e9 o atual Real, passando por momentos marcantes como o Encilhamento, a cria\u00e7\u00e3o do Banco Central e o combate \u00e0 hiperinfla\u00e7\u00e3o, ficou evidente que as mudan\u00e7as monet\u00e1rias est\u00e3o profundamente ligadas \u00e0s decis\u00f5es pol\u00edticas, econ\u00f4micas e institucionais.<\/p>\n<p>A moeda vai muito al\u00e9m de um simples instrumento de troca: ela representa os rumos escolhidos por um pa\u00eds, seus acertos, erros e aprendizados. Compreender essa trajet\u00f3ria \u00e9 essencial para entendermos n\u00e3o apenas o valor do dinheiro em si, mas tamb\u00e9m o contexto hist\u00f3rico e econ\u00f4mico que moldou a realidade em que vivemos hoje.[\/vc_column_text][vc_row_inner][vc_column_inner width=&#8221;1\/6&#8243;][vc_icon icon_fontawesome=&#8221;fa fa-solid fa-circle-arrow-left&#8221; color=&#8221;custom&#8221; align=&#8221;center&#8221; css=&#8221;&#8221; custom_color=&#8221;#EED1A3&#8243; link=&#8221;url:https%3A%2F%2Fwww3.unicentro.br%2Fdecon%2Fproducao-discente%2Fhistorica-da-moeda-no-brasil%2Fcapitulo-4-o-plano-real-e-seus-desdobramentos-1994-presente%2F|title:Expediente&#8221;][\/vc_column_inner][vc_column_inner width=&#8221;2\/3&#8243;][\/vc_column_inner][vc_column_inner width=&#8221;1\/6&#8243;][vc_icon icon_fontawesome=&#8221;fa fa-solid fa-circle-arrow-right&#8221; color=&#8221;custom&#8221; align=&#8221;center&#8221; css=&#8221;&#8221; custom_color=&#8221;#EED1A3&#8243; link=&#8221;url:https%3A%2F%2Fwww3.unicentro.br%2Fdecon%2Fproducao-discente%2Fhistorica-da-moeda-no-brasil%2Freferencias-bibliograficas%2F|title:Expediente&#8221;][\/vc_column_inner][\/vc_row_inner][\/vc_column][\/vc_row]<\/p>\n<\/div>","protected":false},"excerpt":{"rendered":"<p>[vc_row][vc_column][vc_column_text]Este eBook mostrou como a moeda brasileira passou por importantes transforma\u00e7\u00f5es ao longo da hist\u00f3ria, refletindo as necessidades e os desafios enfrentados pelo pa\u00eds em diferentes per\u00edodos. Desde o R\u00e9is at\u00e9 o atual Real, passando por momentos marcantes como o Encilhamento, a cria\u00e7\u00e3o do Banco Central e o combate \u00e0 hiperinfla\u00e7\u00e3o, ficou evidente que as [&hellip;]<\/p>\n","protected":false},"author":3,"featured_media":0,"parent":588,"menu_order":0,"comment_status":"closed","ping_status":"closed","template":"","meta":{"_exactmetrics_skip_tracking":false,"_exactmetrics_sitenote_active":false,"_exactmetrics_sitenote_note":"","_exactmetrics_sitenote_category":0,"footnotes":"","_links_to":"","_links_to_target":""},"class_list":["post-701","page","type-page","status-publish","hentry"],"_links":{"self":[{"href":"https:\/\/www3.unicentro.br\/decon\/wp-json\/wp\/v2\/pages\/701","targetHints":{"allow":["GET"]}}],"collection":[{"href":"https:\/\/www3.unicentro.br\/decon\/wp-json\/wp\/v2\/pages"}],"about":[{"href":"https:\/\/www3.unicentro.br\/decon\/wp-json\/wp\/v2\/types\/page"}],"author":[{"embeddable":true,"href":"https:\/\/www3.unicentro.br\/decon\/wp-json\/wp\/v2\/users\/3"}],"replies":[{"embeddable":true,"href":"https:\/\/www3.unicentro.br\/decon\/wp-json\/wp\/v2\/comments?post=701"}],"version-history":[{"count":1,"href":"https:\/\/www3.unicentro.br\/decon\/wp-json\/wp\/v2\/pages\/701\/revisions"}],"predecessor-version":[{"id":759,"href":"https:\/\/www3.unicentro.br\/decon\/wp-json\/wp\/v2\/pages\/701\/revisions\/759"}],"up":[{"embeddable":true,"href":"https:\/\/www3.unicentro.br\/decon\/wp-json\/wp\/v2\/pages\/588"}],"wp:attachment":[{"href":"https:\/\/www3.unicentro.br\/decon\/wp-json\/wp\/v2\/media?parent=701"}],"curies":[{"name":"wp","href":"https:\/\/api.w.org\/{rel}","templated":true}]}}