{"id":320,"date":"2024-02-09T20:09:18","date_gmt":"2024-02-09T23:09:18","guid":{"rendered":"https:\/\/www3.unicentro.br\/decon\/?page_id=320"},"modified":"2024-02-27T20:57:45","modified_gmt":"2024-02-27T23:57:45","slug":"historico","status":"publish","type":"page","link":"https:\/\/www3.unicentro.br\/decon\/historico\/","title":{"rendered":"Hist\u00f3rico"},"content":{"rendered":"<p style=\"text-align: justify\"><span style=\"font-family: tahoma, arial, helvetica, sans-serif;font-size: 14pt\">O departamento de Ci\u00eancias Econ\u00f4micas &#8211; DECON da Universidade Estadual do Centro-Oeste \u2013 <\/span><span style=\"font-family: tahoma, arial, helvetica, sans-serif;font-size: 14pt\">UNICENTRO iniciou suas atividades em 1989, ainda sem a exist\u00eancia da oferta do curso economia, <\/span><span style=\"font-family: tahoma, arial, helvetica, sans-serif;font-size: 14pt\">o que veio a ocorrer apenas em 1995. At\u00e9 a cria\u00e7\u00e3o do curso, os professore pertencentes ao DECON <\/span><span style=\"font-family: tahoma, arial, helvetica, sans-serif;font-size: 14pt\">ministravam disciplinas da \u00e1rea <\/span><span style=\"font-family: tahoma, arial, helvetica, sans-serif;font-size: 14pt\">econ\u00f4mica em outros cursos da universidade.<\/span><\/p>\n<p style=\"text-align: justify\"><span style=\"font-family: tahoma, arial, helvetica, sans-serif;font-size: 14pt\">A gradua\u00e7\u00e3o em Ci\u00eancias Econ\u00f4micas come\u00e7a efetivamente no segundo <\/span><span style=\"font-family: tahoma, arial, helvetica, sans-serif;font-size: 14pt\">semestre de 1995, imediatamente ap\u00f3s a aprova\u00e7\u00e3o do seu projeto pedag\u00f3gico e respectiva <\/span><span style=\"font-family: tahoma, arial, helvetica, sans-serif;font-size: 14pt\">autoriza\u00e7\u00e3o pelo Conselho Estadual de Educa\u00e7\u00e3o. Nestas mais de tr\u00eas d\u00e9cadas do Departamento e de <\/span><span style=\"font-family: tahoma, arial, helvetica, sans-serif;font-size: 14pt\">funcionamento do curso, que se confundem com a hist\u00f3ria da <\/span><span style=\"font-family: tahoma, arial, helvetica, sans-serif;font-size: 14pt\">UNICENTRO, foram muitas as contribui\u00e7\u00f5es do Departamento de Economia e do curso de <\/span><span style=\"font-family: tahoma, arial, helvetica, sans-serif;font-size: 14pt\">Ci\u00eancias Econ\u00f4micas para a forma\u00e7\u00e3o de quadros aos setores p\u00fablico e privado do pa\u00eds, a <\/span><span style=\"font-family: tahoma, arial, helvetica, sans-serif;font-size: 14pt\">participa\u00e7\u00e3o de seus alunos, docentes e pesquisadores no debate p\u00fablico sobre as grandes <\/span><span style=\"font-family: tahoma, arial, helvetica, sans-serif;font-size: 14pt\">quest\u00f5es nacionais, e o reconhecimento de sua produ\u00e7\u00e3o acad\u00eamica.<\/span><\/p>\n<p style=\"text-align: justify\"><span style=\"font-family: tahoma, arial, helvetica, sans-serif;font-size: 14pt\">Para al\u00e9m da variedade que felizmente marca a UNICENTRO, talvez a sua <\/span><span style=\"font-family: tahoma, arial, helvetica, sans-serif;font-size: 14pt\">caracter\u00edstica principal seja um elevado grau de identidade de seus docentes, de suas <\/span><span style=\"font-family: tahoma, arial, helvetica, sans-serif;font-size: 14pt\">pesquisas com uma determinada forma de enxergar as rela\u00e7\u00f5es econ\u00f4micas, a economia <\/span><span style=\"font-family: tahoma, arial, helvetica, sans-serif;font-size: 14pt\">brasileira e sua forma de inser\u00e7\u00e3o no mundo. Este esfor\u00e7o envolveu diversifica\u00e7\u00e3o e <\/span><span style=\"font-family: tahoma, arial, helvetica, sans-serif;font-size: 14pt\">especializa\u00e7\u00e3o das \u00e1reas de pesquisa, que se traduzem nas atuais linhas de investiga\u00e7\u00e3o <\/span><span style=\"font-family: tahoma, arial, helvetica, sans-serif;font-size: 14pt\">vigentes, conduzidas por docentes de maneira individual ou coletiva.<\/span><\/p>\n<p style=\"text-align: justify\"><span style=\"font-family: tahoma, arial, helvetica, sans-serif;font-size: 14pt\">A produ\u00e7\u00e3o cient\u00edfica do Departamento de Economia resultou, em livros, publica\u00e7\u00f5es <\/span><span style=\"font-family: tahoma, arial, helvetica, sans-serif;font-size: 14pt\">de obras completas e cap\u00edtulos de livros; in\u00fameros artigos publicados em peri\u00f3dicos, jornais e <\/span><span style=\"font-family: tahoma, arial, helvetica, sans-serif;font-size: 14pt\">revistas; diversos trabalhos em anais de congressos, dentre resumos e trabalhos completos; <\/span><span style=\"font-family: tahoma, arial, helvetica, sans-serif;font-size: 14pt\">participa\u00e7\u00f5es em congressos e eventos. Foram realizadas tamb\u00e9m pesquisas, cursos e <\/span><span style=\"font-family: tahoma, arial, helvetica, sans-serif;font-size: 14pt\">eventos com o apoio de ag\u00eancias de financiamento p\u00fablico e privado.<\/span><\/p>\n","protected":false},"excerpt":{"rendered":"<p>O departamento de Ci\u00eancias Econ\u00f4micas &#8211; DECON da Universidade Estadual do Centro-Oeste \u2013 UNICENTRO iniciou suas atividades em 1989, ainda sem a exist\u00eancia da oferta do curso economia, o que veio a ocorrer apenas em 1995. At\u00e9 a cria\u00e7\u00e3o do curso, os professore pertencentes ao DECON ministravam disciplinas da \u00e1rea econ\u00f4mica em outros cursos da [&hellip;]<\/p>\n","protected":false},"author":254,"featured_media":0,"parent":0,"menu_order":0,"comment_status":"closed","ping_status":"closed","template":"","meta":{"_exactmetrics_skip_tracking":false,"_exactmetrics_sitenote_active":false,"_exactmetrics_sitenote_note":"","_exactmetrics_sitenote_category":0,"footnotes":"","_links_to":"","_links_to_target":""},"class_list":["post-320","page","type-page","status-publish","hentry"],"_links":{"self":[{"href":"https:\/\/www3.unicentro.br\/decon\/wp-json\/wp\/v2\/pages\/320","targetHints":{"allow":["GET"]}}],"collection":[{"href":"https:\/\/www3.unicentro.br\/decon\/wp-json\/wp\/v2\/pages"}],"about":[{"href":"https:\/\/www3.unicentro.br\/decon\/wp-json\/wp\/v2\/types\/page"}],"author":[{"embeddable":true,"href":"https:\/\/www3.unicentro.br\/decon\/wp-json\/wp\/v2\/users\/254"}],"replies":[{"embeddable":true,"href":"https:\/\/www3.unicentro.br\/decon\/wp-json\/wp\/v2\/comments?post=320"}],"version-history":[{"count":1,"href":"https:\/\/www3.unicentro.br\/decon\/wp-json\/wp\/v2\/pages\/320\/revisions"}],"predecessor-version":[{"id":401,"href":"https:\/\/www3.unicentro.br\/decon\/wp-json\/wp\/v2\/pages\/320\/revisions\/401"}],"wp:attachment":[{"href":"https:\/\/www3.unicentro.br\/decon\/wp-json\/wp\/v2\/media?parent=320"}],"curies":[{"name":"wp","href":"https:\/\/api.w.org\/{rel}","templated":true}]}}