{"id":257,"date":"2024-01-25T10:22:16","date_gmt":"2024-01-25T13:22:16","guid":{"rendered":"https:\/\/www3.unicentro.br\/decon\/?page_id=257"},"modified":"2025-02-25T20:58:49","modified_gmt":"2025-02-25T23:58:49","slug":"publicacao-docente","status":"publish","type":"page","link":"https:\/\/www3.unicentro.br\/decon\/publicacao-docente\/","title":{"rendered":"Publica\u00e7\u00e3o Docente"},"content":{"rendered":"<p style=\"text-align: justify\"><span style=\"font-family: helvetica, arial, sans-serif;font-size: 14pt\">As publica\u00e7\u00f5es dos docentes do curso podem ser acessadas tanto no Menu &#8220;<span style=\"text-decoration: underline\"><strong><span style=\"color: #0000ff\"><a style=\"color: #0000ff;text-decoration: underline\" href=\"https:\/\/www3.unicentro.br\/decon\/corpo-docente\/\" target=\"_blank\" rel=\"noopener\">Corpo Docente<\/a><\/span><\/strong><\/span>&#8221; consultando o <span style=\"color: #333399\"><strong><em>Lattes<\/em><\/strong><\/span> ou o <span style=\"color: #00ff00\"><strong><em>Orcid<\/em><\/strong><\/span> do respectivo professor, neste caso, \u00e9 poss\u00edvel um acesso completo a rela\u00e7\u00e3o de todas as publica\u00e7\u00f5es, ou ent\u00e3o clicando sobre o nome do professor, onde ser\u00e1 direcionado para as \u00faltimas publica\u00e7\u00f5es mais relevantes.<\/span><\/p>\n<p>&nbsp;<\/p>\n<p style=\"text-align: center\"><span style=\"font-family: helvetica, arial, sans-serif;font-size: 14pt\"><strong>Publica\u00e7\u00f5es mais Relevantes do Corpo Docente do Curso<\/strong><\/span><\/p>\n<p>&nbsp;<\/p>\n<p><span style=\"font-family: helvetica, arial, sans-serif;font-size: 14pt\">Amarildo Hersen<\/span><br \/>\n<span style=\"font-family: helvetica, arial, sans-serif;font-size: 14pt\">Claucir Roberto Schmidtke<\/span><br \/>\n<span style=\"font-family: helvetica, arial, sans-serif;font-size: 14pt\">Eduardo Lopes Marques<\/span><br \/>\n<span style=\"font-family: helvetica, arial, sans-serif;font-size: 14pt\">Jos\u00e9lia Elvira Teixeira<\/span><br \/>\n<span style=\"font-family: helvetica, arial, sans-serif;font-size: 14pt\">Marcio Marconato<\/span><br \/>\n<a href=\"https:\/\/www3.unicentro.br\/decon\/2024\/02\/07\/raquel-virmond-rauen-dalla-vecchia\/\" target=\"_blank\" rel=\"noopener\"><span style=\"font-family: helvetica, arial, sans-serif;font-size: 14pt\">Raquel Virmond Rauen Dalla Vecchia<\/span><\/a><br \/>\n<span style=\"font-family: helvetica, arial, sans-serif;font-size: 14pt\">Ricardo Andr\u00e9s Cifuentes Silva<\/span><br \/>\n<span style=\"font-family: helvetica, arial, sans-serif;font-size: 14pt\">Sandra Mara Mattos<\/span><br \/>\n<a href=\"https:\/\/www3.unicentro.br\/decon\/2024\/02\/07\/simao-ternoski\/\" target=\"_blank\" rel=\"noopener\"><span style=\"font-family: helvetica, arial, sans-serif;font-size: 14pt\">Sim\u00e3o Ternoski<\/span><\/a><br \/>\n<span style=\"font-family: helvetica, arial, sans-serif;font-size: 14pt\">Zoraide Fonseca Costa<\/span><\/p>\n","protected":false},"excerpt":{"rendered":"<p>As publica\u00e7\u00f5es dos docentes do curso podem ser acessadas tanto no Menu &#8220;Corpo Docente&#8221; consultando o Lattes ou o Orcid do respectivo professor, neste caso, \u00e9 poss\u00edvel um acesso completo a rela\u00e7\u00e3o de todas as publica\u00e7\u00f5es, ou ent\u00e3o clicando sobre o nome do professor, onde ser\u00e1 direcionado para as \u00faltimas publica\u00e7\u00f5es mais relevantes. &nbsp; Publica\u00e7\u00f5es [&hellip;]<\/p>\n","protected":false},"author":254,"featured_media":0,"parent":0,"menu_order":0,"comment_status":"closed","ping_status":"closed","template":"","meta":{"_exactmetrics_skip_tracking":false,"_exactmetrics_sitenote_active":false,"_exactmetrics_sitenote_note":"","_exactmetrics_sitenote_category":0,"footnotes":"","_links_to":"","_links_to_target":""},"class_list":["post-257","page","type-page","status-publish","hentry"],"_links":{"self":[{"href":"https:\/\/www3.unicentro.br\/decon\/wp-json\/wp\/v2\/pages\/257","targetHints":{"allow":["GET"]}}],"collection":[{"href":"https:\/\/www3.unicentro.br\/decon\/wp-json\/wp\/v2\/pages"}],"about":[{"href":"https:\/\/www3.unicentro.br\/decon\/wp-json\/wp\/v2\/types\/page"}],"author":[{"embeddable":true,"href":"https:\/\/www3.unicentro.br\/decon\/wp-json\/wp\/v2\/users\/254"}],"replies":[{"embeddable":true,"href":"https:\/\/www3.unicentro.br\/decon\/wp-json\/wp\/v2\/comments?post=257"}],"version-history":[{"count":2,"href":"https:\/\/www3.unicentro.br\/decon\/wp-json\/wp\/v2\/pages\/257\/revisions"}],"predecessor-version":[{"id":536,"href":"https:\/\/www3.unicentro.br\/decon\/wp-json\/wp\/v2\/pages\/257\/revisions\/536"}],"wp:attachment":[{"href":"https:\/\/www3.unicentro.br\/decon\/wp-json\/wp\/v2\/media?parent=257"}],"curies":[{"name":"wp","href":"https:\/\/api.w.org\/{rel}","templated":true}]}}