{"id":31,"date":"2013-08-23T00:00:00","date_gmt":"2013-08-23T03:00:00","guid":{"rendered":"https:\/\/www3.unicentro.br\/decomp\/corpo-docente\/"},"modified":"2025-10-28T11:16:07","modified_gmt":"2025-10-28T14:16:07","slug":"corpo-docente","status":"publish","type":"page","link":"https:\/\/www3.unicentro.br\/decomp\/corpo-docente\/","title":{"rendered":"Corpo Docente"},"content":{"rendered":"<div class=\"wpb-content-wrapper\"><p>[vc_row][vc_column][vc_column_text css=&#8221;&#8221;]<\/p>\n<table style=\"border: 1px solid transparent\">\n<tbody>\n<tr>\n<td style=\"background-color: #ffffff\"><\/td>\n<td><\/td>\n<td><\/td>\n<td><\/td>\n<\/tr>\n<tr>\n<td style=\"background-color: #ffffff\"><strong><span style=\"color: black\">Professores Efetivos<\/span><\/strong><\/td>\n<td><\/td>\n<td><\/td>\n<td><\/td>\n<\/tr>\n<tr>\n<td style=\"background-color: #ffffff\"><\/td>\n<td><\/td>\n<td><\/td>\n<td><\/td>\n<\/tr>\n<tr>\n<td>Ana Elisa Tozetto Piekarski da Palma<\/td>\n<td>[<a href=\"http:\/\/lattes.cnpq.br\/2805611498433082\" target=\"_blank\" rel=\"noopener noreferrer\">curr\u00edculo lattes<\/a>]<\/td>\n<td>[google scholar]<\/td>\n<td>[dblp]<\/td>\n<\/tr>\n<tr>\n<td>Angelita Maria de R\u00e9<\/td>\n<td>[<a href=\"http:\/\/lattes.cnpq.br\/2499807535642279\" target=\"_blank\" rel=\"noopener noreferrer\">curr\u00edculo lattes<\/a>]<\/td>\n<td>[google scholar]<\/td>\n<td>[<a href=\"https:\/\/dblp.uni-trier.de\/pid\/15\/9355.html\" target=\"_blank\" rel=\"noopener noreferrer\">dblp<\/a>]<\/td>\n<\/tr>\n<tr>\n<td>Carolina Paula de Almeida<\/td>\n<td>[<a href=\"http:\/\/lattes.cnpq.br\/8586489892942437\" target=\"_blank\" rel=\"noopener noreferrer\">curr\u00edculo lattes<\/a>]<\/td>\n<td><a href=\"https:\/\/scholar.google.com\/citations?hl=en&amp;user=UhTi-GkAAAAJ&amp;view_op=list_works&amp;sortby=pubdate\" target=\"_blank\" rel=\"noopener noreferrer\">[google scholar]<\/a><\/td>\n<td>[<a href=\"https:\/\/dblp.uni-trier.de\/pid\/22\/244.html\" target=\"_blank\" rel=\"noopener noreferrer\">dblp<\/a>]<\/td>\n<\/tr>\n<tr>\n<td>F\u00e1bio Hernandes<\/td>\n<td>[<a href=\"http:\/\/lattes.cnpq.br\/2110808766116337\" target=\"_blank\" rel=\"noopener noreferrer\">curr\u00edculo lattes<\/a>]<\/td>\n<td>[google scholar]<\/td>\n<td>[<a href=\"https:\/\/dblp.uni-trier.de\/pid\/86\/5889.html\" target=\"_blank\" rel=\"noopener noreferrer\">dblp<\/a>]<\/td>\n<\/tr>\n<tr>\n<td>Gisane Aparecida Michelon<\/td>\n<td>[<a href=\"http:\/\/lattes.cnpq.br\/9367680247741161\" target=\"_blank\" rel=\"noopener noreferrer\">curr\u00edculo lattes<\/a>]<\/td>\n<td>[google scholar]<\/td>\n<td>[<a href=\"https:\/\/dblp.uni-trier.de\/pid\/158\/4521.html\" target=\"_blank\" rel=\"noopener noreferrer\">dblp<\/a>]<\/td>\n<\/tr>\n<tr>\n<td>Inali Wisniewski Soares<\/td>\n<td>[<a href=\"http:\/\/lattes.cnpq.br\/4466413583512479\" target=\"_blank\" rel=\"noopener noreferrer\">curr\u00edculo lattes<\/a>]<\/td>\n<td>[google scholar]<\/td>\n<td>[<a href=\"https:\/\/dblp.uni-trier.de\/pid\/82\/4372.html\" target=\"_blank\" rel=\"noopener noreferrer\">dblp<\/a>]<\/td>\n<\/tr>\n<tr>\n<td>Josiane Michalak Hauagge Dall\u2019Agnol<\/td>\n<td>[<a href=\"http:\/\/lattes.cnpq.br\/7599246358679552\" target=\"_blank\" rel=\"noopener noreferrer\">curr\u00edculo lattes<\/a>]<\/td>\n<td>[google scholar]<\/td>\n<td>[<a href=\"https:\/\/dblp.uni-trier.de\/pid\/135\/9421.html\" target=\"_blank\" rel=\"noopener noreferrer\">dblp<\/a>]<\/td>\n<\/tr>\n<tr>\n<td>Josiel Neumann Kuk<\/td>\n<td>[<a href=\"http:\/\/lattes.cnpq.br\/2310799568204309\" target=\"_blank\" rel=\"noopener noreferrer\">curr\u00edculo lattes<\/a>]<\/td>\n<td><a href=\"https:\/\/scholar.google.com\/citations?hl=en&amp;user=DB1i1fAAAAAJ&amp;view_op=list_works&amp;sortby=pubdate\" target=\"_blank\" rel=\"noopener noreferrer\">[google scholar]<\/a><\/td>\n<td>[<a href=\"https:\/\/dblp.uni-trier.de\/pid\/190\/2734.html\" target=\"_blank\" rel=\"noopener noreferrer\">dblp<\/a>]<\/td>\n<\/tr>\n<tr>\n<td>Luc\u00e9lia de Souza<\/td>\n<td>[<a href=\"http:\/\/lattes.cnpq.br\/8989736627689345\" target=\"_blank\" rel=\"noopener noreferrer\">curr\u00edculo lattes<\/a>]<\/td>\n<td>[google scholar]<\/td>\n<td>[<a href=\"https:\/\/dblp.uni-trier.de\/pid\/121\/5150.html\" target=\"_blank\" rel=\"noopener noreferrer\">dblp<\/a>]<\/td>\n<\/tr>\n<tr>\n<td>Luciane Telinski Wiedermann Agner<\/td>\n<td>[<a href=\"http:\/\/lattes.cnpq.br\/1400343661879732\" target=\"_blank\" rel=\"noopener noreferrer\">curr\u00edculo lattes<\/a>]<\/td>\n<td>[google scholar]<\/td>\n<td>[<a href=\"https:\/\/dblp.uni-trier.de\/pid\/146\/6236.html\" target=\"_blank\" rel=\"noopener noreferrer\">dblp<\/a>]<\/td>\n<\/tr>\n<tr>\n<td>Marcos Antonio Quin\u00e1ia<\/td>\n<td>[<a href=\"http:\/\/lattes.cnpq.br\/8526009775365702\" target=\"_blank\" rel=\"noopener noreferrer\">curr\u00edculo lattes<\/a>]<\/td>\n<td>[google scholar]<\/td>\n<td>[<a href=\"https:\/\/dblp.uni-trier.de\/pid\/130\/5266.html\" target=\"_blank\" rel=\"noopener noreferrer\">dblp<\/a>]<\/td>\n<\/tr>\n<tr>\n<td>Mauro Miazaki<\/td>\n<td>[<a href=\"http:\/\/lattes.cnpq.br\/6722436779210499\" target=\"_blank\" rel=\"noopener noreferrer\">curr\u00edculo lattes<\/a>]<\/td>\n<td><a href=\"https:\/\/scholar.google.com\/citations?hl=en&amp;user=ddGyDmEAAAAJ&amp;view_op=list_works&amp;sortby=pubdate\" target=\"_blank\" rel=\"noopener noreferrer\">[google scholar]<\/a><\/td>\n<td>[<a href=\"https:\/\/dblp.uni-trier.de\/pid\/154\/7804.html\" target=\"_blank\" rel=\"noopener noreferrer\">dblp<\/a>]<\/td>\n<\/tr>\n<tr>\n<td>Richard Aderbal Gon\u00e7alves<\/td>\n<td>[<a href=\"http:\/\/lattes.cnpq.br\/4210531173050798\" target=\"_blank\" rel=\"noopener noreferrer\">curr\u00edculo lattes<\/a>]<\/td>\n<td><a href=\"https:\/\/scholar.google.com\/citations?hl=en&amp;user=BSjoWxoAAAAJ&amp;view_op=list_works&amp;sortby=pubdate\" target=\"_blank\" rel=\"noopener noreferrer\">[google scholar]<\/a><\/td>\n<td>[<a href=\"https:\/\/dblp.uni-trier.de\/pid\/53\/4018.html\" target=\"_blank\" rel=\"noopener noreferrer\">dblp<\/a>]<\/td>\n<\/tr>\n<tr>\n<td>Murilo Falleiros Lemos Schmitt<\/td>\n<td>[<a href=\"http:\/\/lattes.cnpq.br\/3878822123630391\" target=\"_blank\" rel=\"noopener noreferrer\">curr\u00edculo lattes<\/a>]<\/td>\n<td>[google scholar]<\/td>\n<td>[dblp]<\/td>\n<\/tr>\n<tr>\n<td>Sandra Mara Guse Sc\u00f3s Venske<\/td>\n<td>[<a href=\"http:\/\/lattes.cnpq.br\/1005946243028031\" target=\"_blank\" rel=\"noopener noreferrer\">curr\u00edculo lattes<\/a>]<\/td>\n<td><a href=\"https:\/\/scholar.google.com\/citations?hl=en&amp;user=-ABid-4AAAAJ&amp;view_op=list_works&amp;sortby=pubdate\" target=\"_blank\" rel=\"noopener noreferrer\">[google scholar]<\/a><\/td>\n<td>[<a href=\"https:\/\/dblp.uni-trier.de\/pid\/64\/11443.html\" target=\"_blank\" rel=\"noopener noreferrer\">dblp<\/a>]<\/td>\n<\/tr>\n<tr>\n<td>Sandro Rautenberg<\/td>\n<td>[<a href=\"http:\/\/lattes.cnpq.br\/1550342830820869\" target=\"_blank\" rel=\"noopener noreferrer\">curr\u00edculo lattes<\/a>]<\/td>\n<td><a href=\"https:\/\/scholar.google.com\/citations?hl=en&amp;user=EAZ-HwsAAAAJ&amp;view_op=list_works&amp;sortby=pubdate\" target=\"_blank\" rel=\"noopener noreferrer\">[google scholar]<\/a><\/td>\n<td>[<a href=\"https:\/\/dblp.uni-trier.de\/pid\/09\/6025.html\" target=\"_blank\" rel=\"noopener noreferrer\">dblp<\/a>]<\/td>\n<\/tr>\n<tr>\n<td style=\"background-color: #ffffff\"><\/td>\n<td><\/td>\n<td><\/td>\n<td><\/td>\n<\/tr>\n<tr>\n<td style=\"background-color: #ffffff\"><strong><span style=\"color: black\">Professores Colaboradores<\/span><\/strong><\/td>\n<td><\/td>\n<td><\/td>\n<td><\/td>\n<\/tr>\n<tr>\n<td style=\"background-color: #ffffff\"><\/td>\n<td><\/td>\n<td><\/td>\n<td><\/td>\n<\/tr>\n<tr>\n<td>Carlos Eduardo Andrade Iatskiu<\/td>\n<td>[<a href=\"http:\/\/lattes.cnpq.br\/7482735124269758\" target=\"_blank\" rel=\"noopener noreferrer\">curr\u00edculo lattes<\/a>]<\/td>\n<td>[google scholar]<\/td>\n<td>[<a href=\"https:\/\/dblp.uni-trier.de\/pid\/145\/3337.html\" target=\"_blank\" rel=\"noopener noreferrer\">dblp<\/a>]<\/td>\n<\/tr>\n<tr>\n<td>Cesar Augusto Goulart<\/td>\n<td>[<a href=\"http:\/\/lattes.cnpq.br\/6718589059754675\" target=\"_blank\" rel=\"noopener noreferrer\">curr\u00edculo lattes<\/a>]<\/td>\n<td>[google scholar]<\/td>\n<td>[dblp]<\/td>\n<\/tr>\n<tr>\n<td>Daniel Minoru Amaro Takabaiashi<\/td>\n<td>[<a href=\"http:\/\/lattes.cnpq.br\/9705222631248571\">curr\u00edculo lattes<\/a>]<\/td>\n<td>[google scholar]<\/td>\n<td>[dblp]<\/td>\n<\/tr>\n<tr>\n<td>Daniel Rigoni<\/td>\n<td>[<a href=\"http:\/\/lattes.cnpq.br\/6282329455139436\">curr\u00edculo lattes<\/a>]<\/td>\n<td>[google scholar]<\/td>\n<td>[dblp]<\/td>\n<\/tr>\n<tr>\n<td>Enrique Augusto da Roza<\/td>\n<td>[curr\u00edculo lattes]<\/td>\n<td>[google scholar]<\/td>\n<td>[dblp]<\/td>\n<\/tr>\n<tr>\n<td>Jo\u00e3o Victor Duda do Amaral<\/td>\n<td>[<a href=\"http:\/\/lattes.cnpq.br\/3166088805385597\">curr\u00edculo lattes<\/a>]<\/td>\n<td>[google scholar]<\/td>\n<td>[dblp]<\/td>\n<\/tr>\n<tr>\n<td>Jotair Elio Kwiatkowski Junior<\/td>\n<td>[<a href=\"http:\/\/lattes.cnpq.br\/5184135805798411\" target=\"_blank\" rel=\"noopener noreferrer\">curr\u00edculo lattes<\/a>]<\/td>\n<td>[google scholar]<\/td>\n<td>[dblp]<\/td>\n<\/tr>\n<tr>\n<td>Kelly Lais Wiggers<\/td>\n<td>[<a href=\"http:\/\/lattes.cnpq.br\/4553731210869761\">curr\u00edculo lattes<\/a>]<\/td>\n<td>[google scholar]<\/td>\n<td>[dblp]<\/td>\n<\/tr>\n<tr>\n<td>Luara Giovanna Peterlini<\/td>\n<td>[<a href=\"http:\/\/lattes.cnpq.br\/0335688686747551\">curr\u00edculo lattes<\/a>]<\/td>\n<td>[google scholar]<\/td>\n<td>[dblp]<\/td>\n<\/tr>\n<tr>\n<td>Marcus Vinicyus Pires Prestes<\/td>\n<td>[<a href=\"http:\/\/lattes.cnpq.br\/3768985014089747\" target=\"_blank\" rel=\"noopener noreferrer\">curr\u00edculo lattes<\/a>]<\/td>\n<td>[google scholar]<\/td>\n<td>[dblp]<\/td>\n<\/tr>\n<tr>\n<td>Rosana Lachowski<\/td>\n<td>[curr\u00edculo lattes]<\/td>\n<td>[google scholar]<\/td>\n<td>[dblp]<\/td>\n<\/tr>\n<tr>\n<td>Yorranan Neves de Almeida Costa<\/td>\n<td>[<a href=\"http:\/\/lattes.cnpq.br\/3290907733831654\">curr\u00edculo lattes<\/a>]<\/td>\n<td>[google scholar]<\/td>\n<td>[dblp]<\/td>\n<\/tr>\n<\/tbody>\n<\/table>\n<p>[\/vc_column_text][\/vc_column][\/vc_row]<\/p>\n<\/div>","protected":false},"excerpt":{"rendered":"<p>[vc_row][vc_column][vc_column_text css=&#8221;&#8221;] Professores Efetivos Ana Elisa Tozetto Piekarski da Palma [curr\u00edculo lattes] [google scholar] [dblp] Angelita Maria de R\u00e9 [curr\u00edculo lattes] [google scholar] [dblp] Carolina Paula de Almeida [curr\u00edculo lattes] [google scholar] [dblp] F\u00e1bio Hernandes [curr\u00edculo lattes] [google scholar] [dblp] Gisane Aparecida Michelon [curr\u00edculo lattes] [google scholar] [dblp] Inali Wisniewski Soares [curr\u00edculo lattes] [google scholar] [&hellip;]<\/p>\n","protected":false},"author":3,"featured_media":0,"parent":0,"menu_order":0,"comment_status":"closed","ping_status":"closed","template":"","meta":{"_exactmetrics_skip_tracking":false,"_exactmetrics_sitenote_active":false,"_exactmetrics_sitenote_note":"","_exactmetrics_sitenote_category":0,"footnotes":"","_links_to":"","_links_to_target":""},"class_list":["post-31","page","type-page","status-publish","hentry"],"_links":{"self":[{"href":"https:\/\/www3.unicentro.br\/decomp\/wp-json\/wp\/v2\/pages\/31","targetHints":{"allow":["GET"]}}],"collection":[{"href":"https:\/\/www3.unicentro.br\/decomp\/wp-json\/wp\/v2\/pages"}],"about":[{"href":"https:\/\/www3.unicentro.br\/decomp\/wp-json\/wp\/v2\/types\/page"}],"author":[{"embeddable":true,"href":"https:\/\/www3.unicentro.br\/decomp\/wp-json\/wp\/v2\/users\/3"}],"replies":[{"embeddable":true,"href":"https:\/\/www3.unicentro.br\/decomp\/wp-json\/wp\/v2\/comments?post=31"}],"version-history":[{"count":2,"href":"https:\/\/www3.unicentro.br\/decomp\/wp-json\/wp\/v2\/pages\/31\/revisions"}],"predecessor-version":[{"id":574,"href":"https:\/\/www3.unicentro.br\/decomp\/wp-json\/wp\/v2\/pages\/31\/revisions\/574"}],"wp:attachment":[{"href":"https:\/\/www3.unicentro.br\/decomp\/wp-json\/wp\/v2\/media?parent=31"}],"curies":[{"name":"wp","href":"https:\/\/api.w.org\/{rel}","templated":true}]}}