{"id":58,"date":"2017-05-05T11:37:26","date_gmt":"2017-05-05T14:37:26","guid":{"rendered":"https:\/\/www3.unicentro.br\/deart\/?page_id=58"},"modified":"2025-03-21T11:30:14","modified_gmt":"2025-03-21T14:30:14","slug":"editais","status":"publish","type":"page","link":"https:\/\/www3.unicentro.br\/deart\/editais\/","title":{"rendered":"Editais"},"content":{"rendered":"<div class=\"wpb-content-wrapper\"><p>[vc_row][vc_column][vc_cta h2=&#8221;Editais Deart&#8221;]<\/p>\n<p><strong>2025<\/strong><\/p>\n<ul>\n<li><a href=\"https:\/\/www3.unicentro.br\/deart\/wp-content\/uploads\/sites\/13\/2025\/03\/EDITAL_N_003_2024_DEART_UNICENTRO_AVALIA_O_DAS_HORAS_COMPLEMENTARES_docx_67dc7986488f1.pdf\">EDITAL N\u00ba 003\/2025-DEART\/UNICENTRO &#8211; AVALIA\u00c7\u00c3O DAS HORAS COMPLEMENTARES<\/a><\/li>\n<li><a href=\"https:\/\/www3.unicentro.br\/deart\/wp-content\/uploads\/sites\/13\/2025\/03\/EDITAL_N_002_2025_Cartas_de_aceite_de_orienta_o_de_TCC_docx_67dc7981c4ea2.pdf\">EDITAL N\u00ba 002\/2025-DEART\/UNICENTRO &#8211; ENTREGA DE CARTAS DE ACEITE DE ORIENTA\u00c7\u00c3O DE TRABALHO DE CONCLUS\u00c3O DE CURSO<\/a><\/li>\n<li><a href=\"https:\/\/www3.unicentro.br\/deart\/wp-content\/uploads\/sites\/13\/2025\/03\/EDITAL_N_001_2025_DEART_UNICENTRO_ENTREGA_DO_TRABALHO_DE_CONCLUS_O_DE_CURSO_docx_67dc797d52708.pdf\">EDITAL N\u00ba 001\/2024-DEART\/UNICENTRO &#8211; ENTREGA DO TRABALHO DE CONCLUS\u00c3O DE CURSO<\/a><\/li>\n<\/ul>\n<p><strong>2024<\/strong><\/p>\n<ul>\n<li><a href=\"https:\/\/www3.unicentro.br\/deart\/wp-content\/uploads\/sites\/13\/2024\/12\/EDITAL_N_007_2024_DEART_UNICENTRO_RETIFICA_O_DO_PRAZO_DE_ENTREGA_DO_TRABALHO_DE_CONCLUS_O_DE_CURSO_docx_1_6750674e8a7b6.pdf\">EDITAL N\u00ba 007\/2024-DEART\/UNICENTRO &#8211; RETIFICA\u00c7\u00c3O DO PRAZO DE ENTREGA DO TRABALHO DE CONCLUS\u00c3O DE CURSO<\/a><\/li>\n<li><a href=\"https:\/\/www3.unicentro.br\/deart\/wp-content\/uploads\/sites\/13\/2024\/11\/EDITAL_N_006_2024_DEART_UNICENTRO_PRORROGA_O_DO_PRAZO_DE_ENTREGA_DA_DOCUMENTA_O_DAS_HORAS_COMPLEMENTARES_docx_1_67408a3fb493e.pdf\">EDITAL N\u00ba 006\/2024-DEART\/UNICENTRO &#8211; PRORROGA\u00c7\u00c3O DO PRAZO DE ENTREGA DA DOCUMENTA\u00c7\u00c3O DAS HORAS COMPLEMENTARES<\/a><\/li>\n<li><a href=\"https:\/\/www3.unicentro.br\/deart\/wp-content\/uploads\/sites\/13\/2024\/08\/Edital_Projeto_de_Extens_o_Arte_em_A_o_II_2_semestre_de_2024_docx_1_66d073a1f3d39.pdf\">EDITAL N\u00ba 006\/2024-DEART\/UNICENTRO \u2013 ABERTURA DE INSCRI\u00c7\u00d5ES PARA O PROGRAMA DE MONITORIA VINCULADO AO PROJETO DE EXTENS\u00c3O: &#8220;ARTE EM A\u00c7\u00c3O II &#8211; 2\u00ba SEMESTRE DE 2024&#8221;<\/a><\/li>\n<li><a href=\"https:\/\/www3.unicentro.br\/deart\/wp-content\/uploads\/sites\/13\/2024\/04\/EDITAL_N_005_2024_DEART_UNICENTRO_ENTREGA_DO_TRABALHO_DE_CONCLUS_O_DE_CURSO_docx_1_1_66227ce79ca0b.pdf\">EDITAL N\u00ba 005\/2024-DEART\/UNICENTRO &#8211; ENTREGA DO TRABALHO DE CONCLUS\u00c3O DE CURSO<\/a><\/li>\n<li><a href=\"https:\/\/www3.unicentro.br\/deart\/wp-content\/uploads\/sites\/13\/2024\/04\/EDITAL_N_004_2024_DEART_UNICENTRO_AVALIA_O_DAS_HORAS_COMPLEMENTARES_docx_1_1_66227ce68ca01.pdf\">EDITAL N\u00ba 004\/2024-DEART\/UNICENTRO &#8211; AVALIA\u00c7\u00c3O DAS HORAS COMPLEMENTARES<\/a><\/li>\n<li><a href=\"https:\/\/www3.unicentro.br\/deart\/wp-content\/uploads\/sites\/13\/2024\/04\/EDITAL_N_003_2024_Cartas_de_aceite_de_orienta_o_de_TCC_docx_1_1_66227ce58114a.pdf\">EDITAL N\u00ba 003\/2024-DEART\/UNICENTRO &#8211; ENTREGA DE CARTAS DE ACEITE DE ORIENTA\u00c7\u00c3O DE TRABALHO DE CONCLUS\u00c3O DE CURSO<\/a><\/li>\n<li><a href=\"https:\/\/www3.unicentro.br\/deart\/wp-content\/uploads\/sites\/13\/2024\/03\/Edital_n_002_2024_Resultado_Final_do_Projeto_de_Extens_o_Arte_em_A_o_II_docx_65e7045b1e0ef.pdf\">EDITAL N\u00ba 002\/2024-DEART\/UNICENTRO &#8211; RESULTADO FINAL DA SELE\u00c7\u00c3O DE MONITORIA VINCULADO AO PROJETO DE EXTENS\u00c3O: \u201cARTE EM A\u00c7\u00c3O II\u201d<\/a><\/li>\n<li><a href=\"https:\/\/www3.unicentro.br\/deart\/wp-content\/uploads\/sites\/13\/2024\/02\/Edital_Projeto_de_Extens_o_Arte_em_A_o_II_65c659de47275.pdf\">EDITAL N\u00ba 001\/2024- DEART\/UNICENTRO &#8211; ABERTURA DE INSCRI\u00c7\u00d5ES PARA O PROGRAMA DE MONITORIA VINCULADO AO PROJETO DE EXTENS\u00c3O: \u201cARTE EM A\u00c7\u00c3O II\u201d<\/a><\/li>\n<\/ul>\n<p><strong>2023<\/strong><\/p>\n<ul>\n<li><a href=\"https:\/\/www3.unicentro.br\/deart\/wp-content\/uploads\/sites\/13\/2023\/12\/EDITAL_No_004_2023_DEART_UNICENTRO_AVALIA_O_DAS_HORAS_COMPLEMENTARES_docx_657c7989958ff.pdf\">EDITAL N\u00ba 004\/2023-DEART\/UNICENTRO &#8211; AVALIA\u00c7\u00c3O DAS HORAS COMPLEMENTARES<\/a><\/li>\n<li><a href=\"https:\/\/www3.unicentro.br\/deart\/wp-content\/uploads\/sites\/13\/2023\/12\/EDITAL_No_003_2023_DEART_UNICENTRO_ENTREGA_DO_TRABALHO_DE_CONCLUS_O_DE_CURSO_docx_657c798893c74.pdf\">EDITAL N\u00ba 003\/2023-DEART\/UNICENTRO &#8211; ENTREGA DO TRABALHO DE CONCLUS\u00c3O DE CURSO<\/a><\/li>\n<li><a href=\"https:\/\/www3.unicentro.br\/deart\/wp-content\/uploads\/sites\/13\/2023\/01\/EDITAL_No_002_2023_DEART_UNICENTRO_AVALIA_O_DAS_HORAS_COMPLEMENTARES_63d9096d9ae02.pdf\">EDITAL N\u00ba 002\/2023-DEART\/UNICENTRO &#8211; AVALIA\u00c7\u00c3O DAS HORAS COMPLEMENTARES<\/a><\/li>\n<li><a href=\"https:\/\/www3.unicentro.br\/deart\/wp-content\/uploads\/sites\/13\/2023\/01\/EDITAL_No_001_2023_DEART_UNICENTRO_ENTREGA_DO_TRABALHO_DE_CONCLUS_O_DE_CURSO_63d9096d4d1a6.pdf\">EDITAL N\u00ba 001\/2023-DEART\/UNICENTRO &#8211; ENTREGA DO TRABALHO DE CONCLUS\u00c3O DE CURSO<\/a><\/li>\n<\/ul>\n<p><strong>2022<\/strong><\/p>\n<ul>\n<li><a href=\"https:\/\/drive.google.com\/file\/d\/1RrPd8Wcyv28iMnWfxfGPBzy6kOAWgFRg\/view?usp=sharing\" target=\"_blank\" rel=\"noopener\">EDITAL No 003\/2022-DEART\/UNICENTRO &#8211; ENTREGA DE CARTAS DE ACEITE DE ORIENTA\u00c7\u00c3O DE TRABALHO DE CONCLUS\u00c3O DE CURSO<\/a><\/li>\n<li><a href=\"https:\/\/drive.google.com\/file\/d\/1wCL86iBkECUIUtsJ1kSvHE74uWa_6bfd\/view?usp=sharing\" target=\"_blank\" rel=\"noopener\">EDITAL No 002\/2022-DEART\/UNICENTRO &#8211; ENTREGA DO TRABALHO DE CONCLUS\u00c3O DE CURSO<\/a><\/li>\n<li><a href=\"https:\/\/drive.google.com\/file\/d\/144dLxcE9FKLwkgWFN3yuU8RHVpQa0oAP\/view?usp=sharing\" target=\"_blank\" rel=\"noopener\">EDITAL No 001\/2022-DEART\/UNICENTRO &#8211; AVALIA\u00c7\u00c3O DAS HORAS COMPLEMENTARES<\/a><\/li>\n<\/ul>\n<p>[\/vc_cta][vc_column_text]<\/p>\n<p style=\"text-align: justify\"><span style=\"font-weight: 400\">Para acessar os editais emitidos pelo Setor de Humanas, Letras e Artes acesse:\u00a0<\/span><\/p>\n<p style=\"text-align: justify\"><a href=\"https:\/\/www3.unicentro.br\/blog\/category\/editais-sehlag\/\" target=\"_blank\" rel=\"noopener noreferrer\"><span style=\"font-weight: 400\">https:\/\/www3.unicentro.br\/blog\/category\/editais-sehlag\/<\/span><\/a><\/p>\n<p style=\"text-align: justify\"><span style=\"font-weight: 400\">Para acessar os editais emitidos pela Pr\u00f3-Reitoria de Ensino acesse:\u00a0\u00a0\u00a0<\/span><\/p>\n<p style=\"text-align: justify\"><a href=\"https:\/\/www3.unicentro.br\/proen\/editais\/\" target=\"_blank\" rel=\"noopener noreferrer\">https:\/\/www3.unicentro.br\/proen\/editais\/<\/a><\/p>\n<p style=\"text-align: justify\"><span style=\"font-weight: 400\">Para acessar os editais emitidos pela Pr\u00f3-Reitoria de Extens\u00e3o e Cultura acesse:<\/span><\/p>\n<p style=\"text-align: justify\"><a href=\"https:\/\/www3.unicentro.br\/proec\/editais\/\" target=\"_blank\" rel=\"noopener noreferrer\"><span style=\"font-weight: 400\">https:\/\/www2.unicentro.br\/proec\/editais<\/span><\/a><\/p>\n<p style=\"text-align: justify\"><span style=\"font-weight: 400\">Para acessar os editais emitidos pela Pr\u00f3-Reitoria de Pesquisa acesse:<\/span><\/p>\n<p style=\"text-align: justify\"><a href=\"https:\/\/www2.unicentro.br\/propesp\/editais\/\" target=\"_blank\" rel=\"noopener noreferrer\"><span style=\"font-weight: 400\">https:\/\/www2.unicentro.br\/propesp\/editais\/<\/span><\/a><\/p>\n<p>&nbsp;<\/p>\n<\/div>","protected":false},"excerpt":{"rendered":"<p>[vc_row][vc_column][vc_cta h2=&#8221;Editais Deart&#8221;] 2025 EDITAL N\u00ba 003\/2025-DEART\/UNICENTRO &#8211; AVALIA\u00c7\u00c3O DAS HORAS COMPLEMENTARES EDITAL N\u00ba 002\/2025-DEART\/UNICENTRO &#8211; ENTREGA DE CARTAS DE ACEITE DE ORIENTA\u00c7\u00c3O DE TRABALHO DE CONCLUS\u00c3O DE CURSO EDITAL N\u00ba 001\/2024-DEART\/UNICENTRO &#8211; ENTREGA DO TRABALHO DE CONCLUS\u00c3O DE CURSO 2024 EDITAL N\u00ba 007\/2024-DEART\/UNICENTRO &#8211; RETIFICA\u00c7\u00c3O DO PRAZO DE ENTREGA DO TRABALHO DE CONCLUS\u00c3O DE [&hellip;]<\/p>\n","protected":false},"author":3,"featured_media":0,"parent":0,"menu_order":0,"comment_status":"closed","ping_status":"closed","template":"","meta":{"_exactmetrics_skip_tracking":false,"_exactmetrics_sitenote_active":false,"_exactmetrics_sitenote_note":"","_exactmetrics_sitenote_category":0,"footnotes":"","_links_to":"","_links_to_target":""},"class_list":["post-58","page","type-page","status-publish","hentry"],"_links":{"self":[{"href":"https:\/\/www3.unicentro.br\/deart\/wp-json\/wp\/v2\/pages\/58","targetHints":{"allow":["GET"]}}],"collection":[{"href":"https:\/\/www3.unicentro.br\/deart\/wp-json\/wp\/v2\/pages"}],"about":[{"href":"https:\/\/www3.unicentro.br\/deart\/wp-json\/wp\/v2\/types\/page"}],"author":[{"embeddable":true,"href":"https:\/\/www3.unicentro.br\/deart\/wp-json\/wp\/v2\/users\/3"}],"replies":[{"embeddable":true,"href":"https:\/\/www3.unicentro.br\/deart\/wp-json\/wp\/v2\/comments?post=58"}],"version-history":[{"count":2,"href":"https:\/\/www3.unicentro.br\/deart\/wp-json\/wp\/v2\/pages\/58\/revisions"}],"predecessor-version":[{"id":1265,"href":"https:\/\/www3.unicentro.br\/deart\/wp-json\/wp\/v2\/pages\/58\/revisions\/1265"}],"wp:attachment":[{"href":"https:\/\/www3.unicentro.br\/deart\/wp-json\/wp\/v2\/media?parent=58"}],"curies":[{"name":"wp","href":"https:\/\/api.w.org\/{rel}","templated":true}]}}