{"id":50,"date":"2017-05-05T11:37:27","date_gmt":"2017-05-05T14:37:27","guid":{"rendered":"https:\/\/www3.unicentro.br\/deart\/?page_id=50"},"modified":"2024-11-22T16:23:17","modified_gmt":"2024-11-22T19:23:17","slug":"publicacoes","status":"publish","type":"page","link":"https:\/\/www3.unicentro.br\/deart\/publicacoes\/","title":{"rendered":"Publica\u00e7\u00f5es"},"content":{"rendered":"<div class=\"wpb-content-wrapper\"><p>[vc_row][vc_column][vc_tta_tour][vc_tta_section title=&#8221;PUBLICA\u00c7\u00d5ES DO DEART&#8221; tab_id=&#8221;1602075792256-c7ea6f26-801f&#8221;][vc_column_text]<\/p>\n<p style=\"text-align: justify\"><b>LIVROS\u00a0<\/b><\/p>\n<p>CUNHA, Daiane Solange Stoeberl da; MELO, Desir\u00e9e Paschoal de.; MEDEIROS, Graziela Guadagnini. <strong>Banqueteando saberes pesquisa e ensino de arte<\/strong>. Editora Pedro e Jo\u00e3o, 2022. Dispon\u00edvel em: <a href=\"https:\/\/pedroejoaoeditores.com.br\/produto\/banqueteando-saberes-pesquisa-e-ensino-de-arte\/\">https:\/\/pedroejoaoeditores.com.br\/produto\/banqueteando-saberes-pesquisa-e-ensino-de-arte\/<\/a> Acesso em: 22 jun 2023.<\/p>\n<p style=\"text-align: justify\"><span style=\"font-weight: 400\">CUNHA, Daiane Solange Stoeberl da (org). <\/span><b>Arte, Atualidade e Ensino.<\/b><span style=\"font-weight: 400\"> Guarapuava: Unicentro, 2013.\u00a0 Dispon\u00edvel em: <\/span><a href=\"http:\/\/www2.unicentro.br\/editora\/files\/2013\/09\/Arte.pdf\"><span style=\"font-weight: 400\">http:\/\/www2.unicentro.br\/editora\/files\/2013\/09\/Arte.pdf<\/span><\/a> <span style=\"font-weight: 400\">Acesso em: 10 jul 2020.<\/span><\/p>\n<p style=\"text-align: justify\"><span style=\"font-weight: 400\">CUNHA, Daiane Solange Stoeberl da. MELO<span class=\"a\">, Desir\u00e9e Paschoal de; GOMES, \u00c9rica Dias; CEBULSKI, M\u00e1rcia Cristina<\/span> (orgs). <\/span><b>Arte na Atualidade. <\/b><span style=\"font-weight: 400\">Jundia\u00ed, SP: Paco Editorial, 2016. <\/span><span style=\"font-weight: 400\">Dispon\u00edvel em: <\/span><a href=\"https:\/\/www.academia.edu\/32536912\/ARTE_NA_ATUALIDADE\"><span style=\"font-weight: 400\">https:\/\/www.academia.edu\/32536912\/ARTE_NA_ATUALIDADE<\/span><\/a> <span style=\"font-weight: 400\">Acesso em: 03 jan 2020.<\/span><\/p>\n<p style=\"text-align: justify\"><span style=\"font-weight: 400\">CUNHA, Daiane Solange Stoeberl da; GOMES, \u00c9rica Dias. <\/span><b>M\u00fasica na Escola?<\/b><span style=\"font-weight: 400\"> Reflex\u00f5es e Possibilidades. Guarapuava: Unicentro, 2012. Dispon\u00edvel em: <\/span><a href=\"http:\/\/repositorio.unicentro.br\/bitstream\/123456789\/366\/1\/M%C3%9ASICA%20NA%20ESCOLA%20-%20REFLEX%C3%95ES%20E%20POSSIBILIDADES.pdf\"><span style=\"font-weight: 400\">http:\/\/repositorio.unicentro.br\/bitstream\/123456789\/366\/1\/M%C3%9ASICA%20NA%20ESCOLA%20-%20REFLEX%C3%95ES%20E%20POSSIBILIDADES.pdf<\/span><\/a> <span style=\"font-weight: 400\">Acesso em: 13 set 2020.<\/span><\/p>\n<p style=\"text-align: justify\"><span style=\"font-weight: 400\">CUNHA, Daiane Solange Stoeberl da; GOMES, \u00c9rica Dias. <\/span><b>M\u00fasica e Transforma\u00e7\u00e3o:<\/b><span style=\"font-weight: 400\"> por um olhar diferenciado da Hist\u00f3ria da M\u00fasica. Dispon\u00edvel em: <\/span><a href=\"https:\/\/www.academia.edu\/28528855\/M%C3%BAsica_e_transforma%C3%A7%C3%A3o_por_um_olhar_diferenciado_na_hist%C3%B3ria_da_m%C3%BAsica_-_livro\"><span style=\"font-weight: 400\">https:\/\/www.academia.edu\/28528855\/M%C3%BAsica_e_transforma%C3%A7%C3%A3o_por_um_olhar_diferenciado_na_hist%C3%B3ria_da_m%C3%BAsica_-_livro<\/span><\/a> <span style=\"font-weight: 400\">Acesso em: 07 jun 2020.<\/span><\/p>\n<p>[\/vc_column_text][vc_masonry_media_grid element_width=&#8221;6&#8243; grid_id=&#8221;vc_gid:1732303229117-82e07ff8-8a30-1&#8243; include=&#8221;996&#8243;][vc_masonry_media_grid element_width=&#8221;6&#8243; grid_id=&#8221;vc_gid:1732303229118-4945a165-a53c-10&#8243; include=&#8221;293&#8243;][\/vc_tta_section][vc_tta_section title=&#8221;ANAIS DE EVENTOS DO DEART&#8221; tab_id=&#8221;1602075792256-988604f3-0b78&#8243;][vc_column_text]<\/p>\n<p style=\"text-align: justify\"><span style=\"font-weight: 400\">VII SIMP\u00d3SIO DE ARTE-EDUCA\u00c7\u00c3O &#8211; cd<\/span><\/p>\n<p style=\"text-align: justify\"><span style=\"font-weight: 400\">VIII SIMP\u00d3SIO DE ARTE-EDUCA\u00c7\u00c3O -cd<\/span><\/p>\n<p style=\"text-align: justify\"><span style=\"font-weight: 400\">IX SIMP\u00d3SIO DE ARTE-EDUCA\u00c7\u00c3O (2012)\u00a0 ISSN 2316-1418 v.1, n.1 https:\/\/anais.unicentro.br\/simposioarte\/pesquisa_anais2012.php<\/span><\/p>\n<p style=\"text-align: justify\"><span style=\"font-weight: 400\">X\u00a0 SIMP\u00d3SIO INTERNACIONAL DE ARTE-EDUCA\u00c7\u00c3O (2013) \u2013 ISSN 2316-1418 v.2, n.1 https:\/\/anais.unicentro.br\/simposioarte\/pesquisa_anais2013.php<\/span><\/p>\n<p style=\"text-align: justify\"><span style=\"font-weight: 400\">XI SIMP\u00d3SIO INTERNACIONAL DE ARTE-EDUCA\u00c7\u00c3O (2014) ISSN 2316-1418 v.3, n.1 <\/span><a href=\"https:\/\/anais.unicentro.br\/simposioarte\/pesquisa_anais2014.php\"><span style=\"font-weight: 400\">https:\/\/anais.unicentro.br\/simposioarte\/pesquisa_anais2014.php<\/span><\/a><\/p>\n<p style=\"text-align: justify\"><span style=\"font-weight: 400\">XII SIMP\u00d3SIO INTERNACIONAL DE ARTE-EDUCA\u00c7\u00c3O (2016) <\/span><span style=\"font-weight: 400\">ISSN: 2316-1418 v. 4, n. 1 <\/span><a href=\"https:\/\/anais.unicentro.br\/pesquisa\/#tabs-1\"><span style=\"font-weight: 400\">https:\/\/anais.unicentro.br\/pesquisa\/#tabs-1<\/span><\/a><\/p>\n<p>XIII SIMP\u00d3SIO INTERNACIONAL DE ARTE (2023) ISSN:2595-3863 v. 5, n. 1. e o hyperlink dos anais do XIII Simp\u00f3sio de Arte: <a href=\"https:\/\/evento.unicentro.br\/anais\/sia\">https:\/\/evento.unicentro.br\/anais\/sia<\/a>[\/vc_column_text][\/vc_tta_section][vc_tta_section title=&#8221;MOSTRA DE ARTE&#8221; tab_id=&#8221;1602075968010-8758e3ba-7577&#8243;][vc_column_text]2017, 2018 e 2019<\/p>\n<p><span style=\"font-weight: 400\">Link para o site dos anais:\u00a0<\/span><\/p>\n<p><a href=\"https:\/\/evento.unicentro.br\/anais\/mostradearte\">https:\/\/evento.unicentro.br\/anais\/mostradearte<\/a>[\/vc_column_text][\/vc_tta_section][vc_tta_section title=&#8221;PUBLICA\u00c7\u00d5ES DA UAB&#8221; tab_id=&#8221;1602076060366-a0fde775-4f98&#8243;][vc_column_text]<\/p>\n<p style=\"text-align: justify\">O N\u00facleo de Educa\u00e7\u00e3o a Dist\u00e2ncia da Unicentro disponibiliza para consulta e download materiais criados por professores para que utilizem como apoio aos cursos a dist\u00e2ncia e tamb\u00e9m presenciais. Por meio deste, o usu\u00e1rio poder\u00e1 acessar a diversas produ\u00e7\u00f5es de v\u00eddeos, textos e webconfer\u00eancias que contribuir\u00e3o para a melhoria do processo de ensino e de aprendizagem. O foco do Reposit\u00f3rio Virtual \u00e9 a dissemina\u00e7\u00e3o e o compartilhamento de informa\u00e7\u00f5es para que resulte na constru\u00e7\u00e3o do conhecimento.<\/p>\n<p>[\/vc_column_text][vc_btn title=&#8221;Publica\u00e7\u00f5es UAB ARTE&#8221; color=&#8221;danger&#8221; align=&#8221;center&#8221; link=&#8221;url:http%3A%2F%2Frepositorio.unicentro.br%3A8080%2Fjspui%2F|target:_blank&#8221;][vc_column_text]<\/p>\n<p style=\"text-align: justify\">V\u00eddeos do N\u00facleo de Educa\u00e7\u00e3o a Dist\u00e2ncia\/Coordena\u00e7\u00e3o Universidade Aberta do Brasil da Universidade Estadual do Centro-Oeste do Paran\u00e1, Unicentro. Grande parte da produ\u00e7\u00e3o audiovisual dos nossos cursos EaD \u00e9 disponibilizada aqui para a livre consulta e compartilhamento de conhecimento.<\/p>\n<p>[\/vc_column_text][vc_btn title=&#8221;V\u00eddeo-Aulas UAB ARTE&#8221; color=&#8221;danger&#8221; align=&#8221;center&#8221; link=&#8221;url:https%3A%2F%2Fwww.youtube.com%2Fplaylist%3Flist%3DPLXqxHGk-jOQzMPBMcbGf8ZpobI5zXnfug|target:_blank&#8221;][vc_video link=&#8221;https:\/\/www.youtube.com\/playlist?list=PLXqxHGk-jOQzMPBMcbGf8ZpobI5zXnfug&#8221; align=&#8221;center&#8221; title=&#8221;V\u00eddeo-Aulas UAB ARTE&#8221;][\/vc_tta_section][\/vc_tta_tour][\/vc_column][\/vc_row][vc_row u_row_style=&#8221;0&#8243; u_row_paralax=&#8221;0&#8243; u_row_scheme=&#8221;0&#8243;][\/vc_row][vc_column][\/vc_column][vc_text_separator title=&#8221;&#8221; css=&#8221;&#8221;][vc_column_text][\/vc_column_text][vc_row][vc_column][vc_btn title=&#8221;PUBLICA\u00c7\u00d5ES DOS PROFESSORES&#8221; color=&#8221;pink&#8221; size=&#8221;lg&#8221; align=&#8221;center&#8221; css=&#8221;&#8221; link=&#8221;url:https%3A%2F%2Fwww3.unicentro.br%2Fdeart%2Fwp-content%2Fuploads%2Fsites%2F13%2F2024%2F11%2FPUBLICA_ES_PROFESSORES_AS_6740c520574f2.pdf&#8221;][\/vc_column][\/vc_row]<\/p>\n<\/div>","protected":false},"excerpt":{"rendered":"<p>[vc_row][vc_column][vc_tta_tour][vc_tta_section title=&#8221;PUBLICA\u00c7\u00d5ES DO DEART&#8221; tab_id=&#8221;1602075792256-c7ea6f26-801f&#8221;][vc_column_text] LIVROS\u00a0 CUNHA, Daiane Solange Stoeberl da; MELO, Desir\u00e9e Paschoal de.; MEDEIROS, Graziela Guadagnini. Banqueteando saberes pesquisa e ensino de arte. Editora Pedro e Jo\u00e3o, 2022. Dispon\u00edvel em: https:\/\/pedroejoaoeditores.com.br\/produto\/banqueteando-saberes-pesquisa-e-ensino-de-arte\/ Acesso em: 22 jun 2023. CUNHA, Daiane Solange Stoeberl da (org). Arte, Atualidade e Ensino. Guarapuava: Unicentro, 2013.\u00a0 Dispon\u00edvel em: http:\/\/www2.unicentro.br\/editora\/files\/2013\/09\/Arte.pdf Acesso [&hellip;]<\/p>\n","protected":false},"author":3,"featured_media":0,"parent":0,"menu_order":0,"comment_status":"closed","ping_status":"closed","template":"","meta":{"_exactmetrics_skip_tracking":false,"_exactmetrics_sitenote_active":false,"_exactmetrics_sitenote_note":"","_exactmetrics_sitenote_category":0,"footnotes":"","_links_to":"","_links_to_target":""},"class_list":["post-50","page","type-page","status-publish","hentry"],"_links":{"self":[{"href":"https:\/\/www3.unicentro.br\/deart\/wp-json\/wp\/v2\/pages\/50","targetHints":{"allow":["GET"]}}],"collection":[{"href":"https:\/\/www3.unicentro.br\/deart\/wp-json\/wp\/v2\/pages"}],"about":[{"href":"https:\/\/www3.unicentro.br\/deart\/wp-json\/wp\/v2\/types\/page"}],"author":[{"embeddable":true,"href":"https:\/\/www3.unicentro.br\/deart\/wp-json\/wp\/v2\/users\/3"}],"replies":[{"embeddable":true,"href":"https:\/\/www3.unicentro.br\/deart\/wp-json\/wp\/v2\/comments?post=50"}],"version-history":[{"count":2,"href":"https:\/\/www3.unicentro.br\/deart\/wp-json\/wp\/v2\/pages\/50\/revisions"}],"predecessor-version":[{"id":1253,"href":"https:\/\/www3.unicentro.br\/deart\/wp-json\/wp\/v2\/pages\/50\/revisions\/1253"}],"wp:attachment":[{"href":"https:\/\/www3.unicentro.br\/deart\/wp-json\/wp\/v2\/media?parent=50"}],"curies":[{"name":"wp","href":"https:\/\/api.w.org\/{rel}","templated":true}]}}

Publicações

<div class="wpb-content-wrapper"><p>[vc_row][vc_column][vc_tta_tour][vc_tta_section title=&#8221;PUBLICAÇÕES DO DEART&#8221; tab_id=&#8221;1602075792256-c7ea6f26-801f&#8221;][vc_column_text]</p>
<p style="text-align: justify"><b>LIVROS </b></p>
<p>CUNHA, Daiane Solange Stoeberl da; MELO, Desirée Paschoal de.; MEDEIROS, Graziela Guadagnini. <strong>Banqueteando saberes pesquisa e ensino de arte</strong>. Editora Pedro e João, 2022. Disponível em: <a href="https://pedroejoaoeditores.com.br/produto/banqueteando-saberes-pesquisa-e-ensino-de-arte/">https://pedroejoaoeditores.com.br/produto/banqueteando-saberes-pesquisa-e-ensino-de-arte/</a> Acesso em: 22 jun 2023.</p>
<p style="text-align: justify"><span style="font-weight: 400">CUNHA, Daiane Solange Stoeberl da (org). </span><b>Arte, Atualidade e Ensino.</b><span style="font-weight: 400"> Guarapuava: Unicentro, 2013.  Disponível em: </span><a href="http://www2.unicentro.br/editora/files/2013/09/Arte.pdf"><span style="font-weight: 400">http://www2.unicentro.br/editora/files/2013/09/Arte.pdf</span></a> <span style="font-weight: 400">Acesso em: 10 jul 2020.</span></p>
<p style="text-align: justify"><span style="font-weight: 400">CUNHA, Daiane Solange Stoeberl da. MELO<span class="a">, Desirée Paschoal de; GOMES, Érica Dias; CEBULSKI, Márcia Cristina</span> (orgs). </span><b>Arte na Atualidade. </b><span style="font-weight: 400">Jundiaí, SP: Paco Editorial, 2016. </span><span style="font-weight: 400">Disponível em: </span><a href="https://www.academia.edu/32536912/ARTE_NA_ATUALIDADE"><span style="font-weight: 400">https://www.academia.edu/32536912/ARTE_NA_ATUALIDADE</span></a> <span style="font-weight: 400">Acesso em: 03 jan 2020.</span></p>
<p style="text-align: justify"><span style="font-weight: 400">CUNHA, Daiane Solange Stoeberl da; GOMES, Érica Dias. </span><b>Música na Escola?</b><span style="font-weight: 400"> Reflexões e Possibilidades. Guarapuava: Unicentro, 2012. Disponível em: </span><a href="http://repositorio.unicentro.br/bitstream/123456789/366/1/M%C3%9ASICA%20NA%20ESCOLA%20-%20REFLEX%C3%95ES%20E%20POSSIBILIDADES.pdf"><span style="font-weight: 400">http://repositorio.unicentro.br/bitstream/123456789/366/1/M%C3%9ASICA%20NA%20ESCOLA%20-%20REFLEX%C3%95ES%20E%20POSSIBILIDADES.pdf</span></a> <span style="font-weight: 400">Acesso em: 13 set 2020.</span></p>
<p style="text-align: justify"><span style="font-weight: 400">CUNHA, Daiane Solange Stoeberl da; GOMES, Érica Dias. </span><b>Música e Transformação:</b><span style="font-weight: 400"> por um olhar diferenciado da História da Música. Disponível em: </span><a href="https://www.academia.edu/28528855/M%C3%BAsica_e_transforma%C3%A7%C3%A3o_por_um_olhar_diferenciado_na_hist%C3%B3ria_da_m%C3%BAsica_-_livro"><span style="font-weight: 400">https://www.academia.edu/28528855/M%C3%BAsica_e_transforma%C3%A7%C3%A3o_por_um_olhar_diferenciado_na_hist%C3%B3ria_da_m%C3%BAsica_-_livro</span></a> <span style="font-weight: 400">Acesso em: 07 jun 2020.</span></p>
<p>[/vc_column_text][vc_masonry_media_grid element_width=&#8221;6&#8243; grid_id=&#8221;vc_gid:1732303229117-82e07ff8-8a30-1&#8243; include=&#8221;996&#8243;][vc_masonry_media_grid element_width=&#8221;6&#8243; grid_id=&#8221;vc_gid:1732303229118-4945a165-a53c-10&#8243; include=&#8221;293&#8243;][/vc_tta_section][vc_tta_section title=&#8221;ANAIS DE EVENTOS DO DEART&#8221; tab_id=&#8221;1602075792256-988604f3-0b78&#8243;][vc_column_text]</p>
<p style="text-align: justify"><span style="font-weight: 400">VII SIMPÓSIO DE ARTE-EDUCAÇÃO &#8211; cd</span></p>
<p style="text-align: justify"><span style="font-weight: 400">VIII SIMPÓSIO DE ARTE-EDUCAÇÃO -cd</span></p>
<p style="text-align: justify"><span style="font-weight: 400">IX SIMPÓSIO DE ARTE-EDUCAÇÃO (2012)  ISSN 2316-1418 v.1, n.1 https://anais.unicentro.br/simposioarte/pesquisa_anais2012.php</span></p>
<p style="text-align: justify"><span style="font-weight: 400">X  SIMPÓSIO INTERNACIONAL DE ARTE-EDUCAÇÃO (2013) – ISSN 2316-1418 v.2, n.1 https://anais.unicentro.br/simposioarte/pesquisa_anais2013.php</span></p>
<p style="text-align: justify"><span style="font-weight: 400">XI SIMPÓSIO INTERNACIONAL DE ARTE-EDUCAÇÃO (2014) ISSN 2316-1418 v.3, n.1 </span><a href="https://anais.unicentro.br/simposioarte/pesquisa_anais2014.php"><span style="font-weight: 400">https://anais.unicentro.br/simposioarte/pesquisa_anais2014.php</span></a></p>
<p style="text-align: justify"><span style="font-weight: 400">XII SIMPÓSIO INTERNACIONAL DE ARTE-EDUCAÇÃO (2016) </span><span style="font-weight: 400">ISSN: 2316-1418 v. 4, n. 1 </span><a href="https://anais.unicentro.br/pesquisa/#tabs-1"><span style="font-weight: 400">https://anais.unicentro.br/pesquisa/#tabs-1</span></a></p>
<p>XIII SIMPÓSIO INTERNACIONAL DE ARTE (2023) ISSN:2595-3863 v. 5, n. 1. e o hyperlink dos anais do XIII Simpósio de Arte: <a href="https://evento.unicentro.br/anais/sia">https://evento.unicentro.br/anais/sia</a>[/vc_column_text][/vc_tta_section][vc_tta_section title=&#8221;MOSTRA DE ARTE&#8221; tab_id=&#8221;1602075968010-8758e3ba-7577&#8243;][vc_column_text]2017, 2018 e 2019</p>
<p><span style="font-weight: 400">Link para o site dos anais: </span></p>
<p><a href="https://evento.unicentro.br/anais/mostradearte">https://evento.unicentro.br/anais/mostradearte</a>[/vc_column_text][/vc_tta_section][vc_tta_section title=&#8221;PUBLICAÇÕES DA UAB&#8221; tab_id=&#8221;1602076060366-a0fde775-4f98&#8243;][vc_column_text]</p>
<p style="text-align: justify">O Núcleo de Educação a Distância da Unicentro disponibiliza para consulta e download materiais criados por professores para que utilizem como apoio aos cursos a distância e também presenciais. Por meio deste, o usuário poderá acessar a diversas produções de vídeos, textos e webconferências que contribuirão para a melhoria do processo de ensino e de aprendizagem. O foco do Repositório Virtual é a disseminação e o compartilhamento de informações para que resulte na construção do conhecimento.</p>
<p>[/vc_column_text][vc_btn title=&#8221;Publicações UAB ARTE&#8221; color=&#8221;danger&#8221; align=&#8221;center&#8221; link=&#8221;url:http%3A%2F%2Frepositorio.unicentro.br%3A8080%2Fjspui%2F|target:_blank&#8221;][vc_column_text]</p>
<p style="text-align: justify">Vídeos do Núcleo de Educação a Distância/Coordenação Universidade Aberta do Brasil da Universidade Estadual do Centro-Oeste do Paraná, Unicentro. Grande parte da produção audiovisual dos nossos cursos EaD é disponibilizada aqui para a livre consulta e compartilhamento de conhecimento.</p>
<p>[/vc_column_text][vc_btn title=&#8221;Vídeo-Aulas UAB ARTE&#8221; color=&#8221;danger&#8221; align=&#8221;center&#8221; link=&#8221;url:https%3A%2F%2Fwww.youtube.com%2Fplaylist%3Flist%3DPLXqxHGk-jOQzMPBMcbGf8ZpobI5zXnfug|target:_blank&#8221;][vc_video link=&#8221;https://www.youtube.com/playlist?list=PLXqxHGk-jOQzMPBMcbGf8ZpobI5zXnfug&#8221; align=&#8221;center&#8221; title=&#8221;Vídeo-Aulas UAB ARTE&#8221;][/vc_tta_section][/vc_tta_tour][/vc_column][/vc_row][vc_row u_row_style=&#8221;0&#8243; u_row_paralax=&#8221;0&#8243; u_row_scheme=&#8221;0&#8243;][/vc_row][vc_column][/vc_column][vc_text_separator title=&#8221;&#8221; css=&#8221;&#8221;][vc_column_text][/vc_column_text][vc_row][vc_column][vc_btn title=&#8221;PUBLICAÇÕES DOS PROFESSORES&#8221; color=&#8221;pink&#8221; size=&#8221;lg&#8221; align=&#8221;center&#8221; css=&#8221;&#8221; link=&#8221;url:https%3A%2F%2Fwww3.unicentro.br%2Fdeart%2Fwp-content%2Fuploads%2Fsites%2F13%2F2024%2F11%2FPUBLICA_ES_PROFESSORES_AS_6740c520574f2.pdf&#8221;][/vc_column][/vc_row]</p>
</div>

<p>[vc_row][vc_column][vc_tta_tour][vc_tta_section title=&#8221;PUBLICAÇÕES DO DEART&#8221; tab_id=&#8221;1602075792256-c7ea6f26-801f&#8221;][vc_column_text] LIVROS  CUNHA, Daiane Solange Stoeberl da; MELO, Desirée Paschoal de.; MEDEIROS, Graziela Guadagnini. Banqueteando saberes pesquisa e ensino de arte. Editora Pedro e João, 2022. Disponível em: https://pedroejoaoeditores.com.br/produto/banqueteando-saberes-pesquisa-e-ensino-de-arte/ Acesso em: 22 jun 2023. CUNHA, Daiane Solange Stoeberl da (org). Arte, Atualidade e Ensino. Guarapuava: Unicentro, 2013.  Disponível em: http://www2.unicentro.br/editora/files/2013/09/Arte.pdf Acesso [&hellip;]</p>
