{"id":435,"date":"2020-11-11T08:04:33","date_gmt":"2020-11-11T11:04:33","guid":{"rendered":"https:\/\/www3.unicentro.br\/deart\/?page_id=435"},"modified":"2024-08-26T10:04:50","modified_gmt":"2024-08-26T13:04:50","slug":"centro-academico","status":"publish","type":"page","link":"https:\/\/www3.unicentro.br\/deart\/centro-academico\/","title":{"rendered":"Centro Acad\u00eamico"},"content":{"rendered":"<div class=\"wpb-content-wrapper\"><p>[vc_row][vc_column][vc_column_text]<\/p>\n<p style=\"text-align: justify\">O Centro Acad\u00eamico de Arte teve sua primeira elei\u00e7\u00e3o em 2017 com a chapa denominada Cubo Branco e permaneceram na gest\u00e3o durante dois anos, ocupando espa\u00e7os de voz e luta do movimento estudantil. A chapa atual Eli Heil foi eleita em 2019 e deu continuidade ao processo de organiza\u00e7\u00e3o do Centro Acad\u00eamico, assim como: a cria\u00e7\u00e3o do seu primeiro estatuto; ocupando a cadeira de representante discente junto ao departamento; estabelecendo contato direto com o Diret\u00f3rio Central dos Estudantes &#8211; Quilombo Paiol de Telha e com o movimento estudantil de forma geral; organizando assembl\u00e9ias; estabelecendo contato com os alunos e suas demandas referentes ao curso e a universidade; organizando grupos de pesquisa e debate que ajudem nossos estudantes no processo de autonomia perante a universidade.<br \/>\nTodas as informa\u00e7\u00f5es sobre o funcionamento, gest\u00e3o, cargos, elei\u00e7\u00f5es est\u00e3o presentes no estatuto do Centro Acad\u00eamico (CA) e do Diret\u00f3rio Central dos estudantes (DCE). A sua leitura \u00e9 fundamental para que os estudantes se organizem e encontrem maneiras para lutar pelas suas demandas perante ao Departamento de Arte, ao corpo docente e a institui\u00e7\u00e3o universit\u00e1ria.<\/p>\n<p style=\"text-align: justify\"><strong>Para mais informa\u00e7\u00f5es fale conosco pelo contato: caarteheil@gmail.com<\/strong><\/p>\n<p>[\/vc_column_text][\/vc_column][\/vc_row][vc_row][vc_column][vc_row_inner][vc_column_inner][vc_separator css=&#8221;&#8221;][\/vc_column_inner][\/vc_row_inner][vc_btn title=&#8221;Estatuto&#8221; color=&#8221;danger&#8221; link=&#8221;url:https%3A%2F%2Fwww3.unicentro.br%2Fdeart%2Fwp-content%2Fuploads%2Fsites%2F13%2F2023%2F11%2FEstatuto_do_Centro_Acad_mico_de_Arte_atualizado.pdf&#8221;][\/vc_column][\/vc_row][vc_row][vc_column][vc_separator css=&#8221;&#8221;][vc_btn title=&#8221;Gest\u00e3o 2023-2025&#8243; color=&#8221;danger&#8221; css=&#8221;&#8221; link=&#8221;url:https%3A%2F%2Fwww3.unicentro.br%2Fdeart%2Fcentro-academico-2023-2025%2F&#8221;][\/vc_column][\/vc_row]<\/p>\n<\/div>","protected":false},"excerpt":{"rendered":"<p>[vc_row][vc_column][vc_column_text] O Centro Acad\u00eamico de Arte teve sua primeira elei\u00e7\u00e3o em 2017 com a chapa denominada Cubo Branco e permaneceram na gest\u00e3o durante dois anos, ocupando espa\u00e7os de voz e luta do movimento estudantil. A chapa atual Eli Heil foi eleita em 2019 e deu continuidade ao processo de organiza\u00e7\u00e3o do Centro Acad\u00eamico, assim como: [&hellip;]<\/p>\n","protected":false},"author":266,"featured_media":0,"parent":0,"menu_order":0,"comment_status":"closed","ping_status":"closed","template":"","meta":{"_exactmetrics_skip_tracking":false,"_exactmetrics_sitenote_active":false,"_exactmetrics_sitenote_note":"","_exactmetrics_sitenote_category":0,"footnotes":"","_links_to":"","_links_to_target":""},"class_list":["post-435","page","type-page","status-publish","hentry"],"_links":{"self":[{"href":"https:\/\/www3.unicentro.br\/deart\/wp-json\/wp\/v2\/pages\/435","targetHints":{"allow":["GET"]}}],"collection":[{"href":"https:\/\/www3.unicentro.br\/deart\/wp-json\/wp\/v2\/pages"}],"about":[{"href":"https:\/\/www3.unicentro.br\/deart\/wp-json\/wp\/v2\/types\/page"}],"author":[{"embeddable":true,"href":"https:\/\/www3.unicentro.br\/deart\/wp-json\/wp\/v2\/users\/266"}],"replies":[{"embeddable":true,"href":"https:\/\/www3.unicentro.br\/deart\/wp-json\/wp\/v2\/comments?post=435"}],"version-history":[{"count":1,"href":"https:\/\/www3.unicentro.br\/deart\/wp-json\/wp\/v2\/pages\/435\/revisions"}],"predecessor-version":[{"id":1240,"href":"https:\/\/www3.unicentro.br\/deart\/wp-json\/wp\/v2\/pages\/435\/revisions\/1240"}],"wp:attachment":[{"href":"https:\/\/www3.unicentro.br\/deart\/wp-json\/wp\/v2\/media?parent=435"}],"curies":[{"name":"wp","href":"https:\/\/api.w.org\/{rel}","templated":true}]}}

Centro Acadêmico

<div class="wpb-content-wrapper"><p>[vc_row][vc_column][vc_column_text]</p>
<p style="text-align: justify">O Centro Acadêmico de Arte teve sua primeira eleição em 2017 com a chapa denominada Cubo Branco e permaneceram na gestão durante dois anos, ocupando espaços de voz e luta do movimento estudantil. A chapa atual Eli Heil foi eleita em 2019 e deu continuidade ao processo de organização do Centro Acadêmico, assim como: a criação do seu primeiro estatuto; ocupando a cadeira de representante discente junto ao departamento; estabelecendo contato direto com o Diretório Central dos Estudantes &#8211; Quilombo Paiol de Telha e com o movimento estudantil de forma geral; organizando assembléias; estabelecendo contato com os alunos e suas demandas referentes ao curso e a universidade; organizando grupos de pesquisa e debate que ajudem nossos estudantes no processo de autonomia perante a universidade.<br />
Todas as informações sobre o funcionamento, gestão, cargos, eleições estão presentes no estatuto do Centro Acadêmico (CA) e do Diretório Central dos estudantes (DCE). A sua leitura é fundamental para que os estudantes se organizem e encontrem maneiras para lutar pelas suas demandas perante ao Departamento de Arte, ao corpo docente e a instituição universitária.</p>
<p style="text-align: justify"><strong>Para mais informações fale conosco pelo contato: caarteheil@gmail.com</strong></p>
<p>[/vc_column_text][/vc_column][/vc_row][vc_row][vc_column][vc_row_inner][vc_column_inner][vc_separator css=&#8221;&#8221;][/vc_column_inner][/vc_row_inner][vc_btn title=&#8221;Estatuto&#8221; color=&#8221;danger&#8221; link=&#8221;url:https%3A%2F%2Fwww3.unicentro.br%2Fdeart%2Fwp-content%2Fuploads%2Fsites%2F13%2F2023%2F11%2FEstatuto_do_Centro_Acad_mico_de_Arte_atualizado.pdf&#8221;][/vc_column][/vc_row][vc_row][vc_column][vc_separator css=&#8221;&#8221;][vc_btn title=&#8221;Gestão 2023-2025&#8243; color=&#8221;danger&#8221; css=&#8221;&#8221; link=&#8221;url:https%3A%2F%2Fwww3.unicentro.br%2Fdeart%2Fcentro-academico-2023-2025%2F&#8221;][/vc_column][/vc_row]</p>
</div>

<p>[vc_row][vc_column][vc_column_text] O Centro Acadêmico de Arte teve sua primeira eleição em 2017 com a chapa denominada Cubo Branco e permaneceram na gestão durante dois anos, ocupando espaços de voz e luta do movimento estudantil. A chapa atual Eli Heil foi eleita em 2019 e deu continuidade ao processo de organização do Centro Acadêmico, assim como: [&hellip;]</p>
