{"id":34,"date":"2017-05-05T11:37:27","date_gmt":"2017-05-05T14:37:27","guid":{"rendered":"https:\/\/www3.unicentro.br\/deart\/?page_id=34"},"modified":"2020-11-11T15:33:02","modified_gmt":"2020-11-11T18:33:02","slug":"rede-arte-na-escola","status":"publish","type":"page","link":"https:\/\/www3.unicentro.br\/deart\/rede-arte-na-escola\/","title":{"rendered":"Rede Arte na Escola"},"content":{"rendered":"<div class=\"wpb-content-wrapper\"><p>[vc_row][vc_column][vc_media_grid element_width=&#8221;6&#8243; grid_id=&#8221;vc_gid:1605118232205-5c2eb02e84be9c87c57124f09c94acbb-9&#8243; include=&#8221;301&#8243;][vc_text_separator title=&#8221;REDE ARTE NA ESCOLA&#8221;][vc_column_text]<\/p>\n<p style=\"text-align: justify\"><span style=\"font-weight: 400\">Durante o bi\u00eanio 2004\/2005 foi implementado, via conv\u00eanio institucional, o <\/span><i><span style=\"font-weight: 400\">Arte na Escola<\/span><\/i><span style=\"font-weight: 400\"> no ent\u00e3o denominado curso de Arte-Educa\u00e7\u00e3o\/ Unicentro. Desde ent\u00e3o, enquanto um Polo desta rede, reside o prop\u00f3sito<\/span> <span style=\"font-weight: 400\">atender via projetos de extens\u00e3o vinculados ao Rede Arte na Escola, professores de Arte da rede estadual, municipal e particular de ensino, bem como os acad\u00eamicos do curso de gradua\u00e7\u00e3o em Arte. O des\u00edgnio maior \u00e9 o de auxiliar na forma\u00e7\u00e3o e na educa\u00e7\u00e3o continuada dos profissionais de arte da regi\u00e3o centro-oeste e centro-sul do Paran\u00e1, contribuindo com o desenvolvimento de projetos, pesquisas, recursos pedag\u00f3gicos para excel\u00eancia do ensino-aprendizagem em Arte.<\/span><\/p>\n<p>[\/vc_column_text][\/vc_column][\/vc_row][vc_row][vc_column][vc_text_separator title=&#8221;INSTITUTO ARTE NA ESCOLA&#8221;][\/vc_column][\/vc_row][vc_row][vc_column][vc_column_text]<\/p>\n<p style=\"text-align: justify\"><span style=\"font-weight: 400\">O Instituto Arte na Escola \u00e9 uma associa\u00e7\u00e3o civil sem fins lucrativos que, desde 1989, qualifica, incentiva e reconhece o ensino da arte, por meio da forma\u00e7\u00e3o continuada de professores da Educa\u00e7\u00e3o B\u00e1sica. Tem como premissa que a Arte, enquanto objeto do saber, desenvolve nos alunos habilidades perceptivas, capacidade reflexiva e incentiva a forma\u00e7\u00e3o de uma consci\u00eancia cr\u00edtica, n\u00e3o se limitando a auto-express\u00e3o e \u00e0 criatividade.<\/span><\/p>\n<p style=\"text-align: justify\"><span style=\"font-weight: 400\">Link: <\/span><a href=\"http:\/\/artenaescola.org.br\/institucional\/\"><span style=\"font-weight: 400\">http:\/\/artenaescola.org.br\/institucional\/<\/span><\/a><\/p>\n<p>[\/vc_column_text][\/vc_column][\/vc_row]<\/p>\n<\/div>","protected":false},"excerpt":{"rendered":"<p>[vc_row][vc_column][vc_media_grid element_width=&#8221;6&#8243; grid_id=&#8221;vc_gid:1605118232205-5c2eb02e84be9c87c57124f09c94acbb-9&#8243; include=&#8221;301&#8243;][vc_text_separator title=&#8221;REDE ARTE NA ESCOLA&#8221;][vc_column_text] Durante o bi\u00eanio 2004\/2005 foi implementado, via conv\u00eanio institucional, o Arte na Escola no ent\u00e3o denominado curso de Arte-Educa\u00e7\u00e3o\/ Unicentro. Desde ent\u00e3o, enquanto um Polo desta rede, reside o prop\u00f3sito atender via projetos de extens\u00e3o vinculados ao Rede Arte na Escola, professores de Arte da rede estadual, [&hellip;]<\/p>\n","protected":false},"author":3,"featured_media":0,"parent":0,"menu_order":0,"comment_status":"closed","ping_status":"closed","template":"","meta":{"_exactmetrics_skip_tracking":false,"_exactmetrics_sitenote_active":false,"_exactmetrics_sitenote_note":"","_exactmetrics_sitenote_category":0,"footnotes":"","_links_to":"","_links_to_target":""},"class_list":["post-34","page","type-page","status-publish","hentry"],"_links":{"self":[{"href":"https:\/\/www3.unicentro.br\/deart\/wp-json\/wp\/v2\/pages\/34","targetHints":{"allow":["GET"]}}],"collection":[{"href":"https:\/\/www3.unicentro.br\/deart\/wp-json\/wp\/v2\/pages"}],"about":[{"href":"https:\/\/www3.unicentro.br\/deart\/wp-json\/wp\/v2\/types\/page"}],"author":[{"embeddable":true,"href":"https:\/\/www3.unicentro.br\/deart\/wp-json\/wp\/v2\/users\/3"}],"replies":[{"embeddable":true,"href":"https:\/\/www3.unicentro.br\/deart\/wp-json\/wp\/v2\/comments?post=34"}],"version-history":[{"count":0,"href":"https:\/\/www3.unicentro.br\/deart\/wp-json\/wp\/v2\/pages\/34\/revisions"}],"wp:attachment":[{"href":"https:\/\/www3.unicentro.br\/deart\/wp-json\/wp\/v2\/media?parent=34"}],"curies":[{"name":"wp","href":"https:\/\/api.w.org\/{rel}","templated":true}]}}