{"id":32,"date":"2017-05-05T11:37:27","date_gmt":"2017-05-05T14:37:27","guid":{"rendered":"https:\/\/www3.unicentro.br\/deart\/?page_id=32"},"modified":"2020-11-01T10:13:23","modified_gmt":"2020-11-01T13:13:23","slug":"pde","status":"publish","type":"page","link":"https:\/\/www3.unicentro.br\/deart\/pde\/","title":{"rendered":"Resid\u00eancia Pedag\u00f3gica"},"content":{"rendered":"<div class=\"wpb-content-wrapper\"><p>[vc_row][vc_column][vc_column_text]<\/p>\n<p style=\"text-align: justify\"><span style=\"font-weight: 400\">O Programa de Resid\u00eancia Pedag\u00f3gica \u00e9 uma das a\u00e7\u00f5es que integram a Pol\u00edtica Nacional de Forma\u00e7\u00e3o de Professores e tem por objetivo induzir o aperfei\u00e7oamento do est\u00e1gio curricular supervisionado nos cursos de licenciatura, promovendo a imers\u00e3o do licenciando na escola de educa\u00e7\u00e3o b\u00e1sica, a partir da segunda metade de seu curso.<\/span><\/p>\n<p style=\"text-align: justify\"><span style=\"font-weight: 400\">Essa imers\u00e3o deve contemplar, entre outras atividades, reg\u00eancia de sala de aula e interven\u00e7\u00e3o pedag\u00f3gica, acompanhadas por um professor da escola com experi\u00eancia na \u00e1rea de ensino do licenciando e orientada por um docente da sua Institui\u00e7\u00e3o Formadora.<\/span><\/p>\n<p style=\"text-align: justify\"><span style=\"font-weight: 400\">A Resid\u00eancia Pedag\u00f3gica, articulada aos demais programas da Capes que comp\u00f5em a Pol\u00edtica Nacional, tem como premissas b\u00e1sicas o entendimento de que a forma\u00e7\u00e3o de professores nos cursos de licenciatura deve assegurar, aos seus egressos, habilidades e compet\u00eancias que lhes permitam realizar um ensino de qualidade nas escolas de educa\u00e7\u00e3o b\u00e1sica.<\/span><\/p>\n<p style=\"text-align: justify\"><span style=\"font-weight: 400\">No Programa de Resid\u00eancia Pedag\u00f3gica ser\u00e3o concedidas as seguintes modalidades de bolsa.<\/span><\/p>\n<p style=\"text-align: justify\"><span style=\"font-weight: 400\">A Licenciatura em Arte da Unicentro iniciou a oferta do Programa de Resid\u00eancia Pedag\u00f3gica no ano de 2020, sob coordena\u00e7\u00e3o da professora Dra. Daiane S. S. da Cunha. A equipe \u00e9 formada pela professora coordenadora, 3 professores preceptores e 16 alunos da Licenciatura dos 3\u00ba e 4\u00ba anos que atuar\u00e3o como Residentes Pedag\u00f3gicos em dois col\u00e9gios parceiros: Col\u00e9gio Estadual Newton Felipe Albach, Col\u00e9gio Estadual Alba Keinert. Os professores preceptores s\u00e3o: professor Marcio Ramos e professora Caliandra Rosa como bolsistas e o professor Felipe Rodrigo Caldas como volunt\u00e1rio. Os acad\u00eamicos bolsistas da Resid\u00eancia Pedag\u00f3gica em Arte s\u00e3o:\u00a0<\/span><\/p>\n<p style=\"text-align: justify\"><span style=\"font-weight: 400\">\u00a0Adriane Rocha Vicentin<\/span><\/p>\n<p style=\"text-align: justify\"><span style=\"font-weight: 400\">Amanda Potyralas de Morais<\/span><\/p>\n<p style=\"text-align: justify\"><span style=\"font-weight: 400\">Ana Luiza Broday Semkiv<\/span><\/p>\n<p style=\"text-align: justify\"><span style=\"font-weight: 400\">Ana Rhubia Kloster Grube<\/span><\/p>\n<p style=\"text-align: justify\"><span style=\"font-weight: 400\">Caio Eduardo Kulkamp de Paula<\/span><\/p>\n<p style=\"text-align: justify\"><span style=\"font-weight: 400\">Caroline Hosel Miranda<\/span><\/p>\n<p style=\"text-align: justify\"><span style=\"font-weight: 400\">Gustavo Henrique Costa Solak<\/span><\/p>\n<p style=\"text-align: justify\"><span style=\"font-weight: 400\">Juliana Mara Matoso<\/span><\/p>\n<p style=\"text-align: justify\"><span style=\"font-weight: 400\">Let\u00edcia do Ros\u00e1rio Santos<\/span><\/p>\n<p style=\"text-align: justify\"><span style=\"font-weight: 400\">Let\u00edcia Queir\u00f3s<\/span><\/p>\n<p style=\"text-align: justify\"><span style=\"font-weight: 400\">Leyciane dos Santos Mendes<\/span><\/p>\n<p style=\"text-align: justify\"><span style=\"font-weight: 400\">Maria Fernanda Mioranza dos Santos<\/span><\/p>\n<p style=\"text-align: justify\"><span style=\"font-weight: 400\">Mariana Batista<\/span><\/p>\n<p style=\"text-align: justify\"><span style=\"font-weight: 400\">Mariana Viana Teixeira<\/span><\/p>\n<p style=\"text-align: justify\"><span style=\"font-weight: 400\">Rebeca Santana de Almeida<\/span><\/p>\n<p style=\"text-align: justify\"><span style=\"font-weight: 400\">Tauani Karine da Silva<\/span><\/p>\n<p style=\"text-align: justify\">\n<p style=\"text-align: justify\"><span style=\"font-weight: 400\">Para acessar os editais do programa de Resid\u00eancia Pedag\u00f3gica da Unicentro acesse <\/span><a href=\"https:\/\/www3.unicentro.br\/residenciapedagogica\/editais\/\"><span style=\"font-weight: 400\">https:\/\/www3.unicentro.br\/residenciapedagogica\/editais\/<\/span><\/a><\/p>\n<p>[\/vc_column_text][\/vc_column][\/vc_row]<\/p>\n<\/div>","protected":false},"excerpt":{"rendered":"<p>[vc_row][vc_column][vc_column_text] O Programa de Resid\u00eancia Pedag\u00f3gica \u00e9 uma das a\u00e7\u00f5es que integram a Pol\u00edtica Nacional de Forma\u00e7\u00e3o de Professores e tem por objetivo induzir o aperfei\u00e7oamento do est\u00e1gio curricular supervisionado nos cursos de licenciatura, promovendo a imers\u00e3o do licenciando na escola de educa\u00e7\u00e3o b\u00e1sica, a partir da segunda metade de seu curso. Essa imers\u00e3o deve [&hellip;]<\/p>\n","protected":false},"author":3,"featured_media":0,"parent":0,"menu_order":0,"comment_status":"closed","ping_status":"closed","template":"","meta":{"_exactmetrics_skip_tracking":false,"_exactmetrics_sitenote_active":false,"_exactmetrics_sitenote_note":"","_exactmetrics_sitenote_category":0,"footnotes":"","_links_to":"","_links_to_target":""},"class_list":["post-32","page","type-page","status-publish","hentry"],"_links":{"self":[{"href":"https:\/\/www3.unicentro.br\/deart\/wp-json\/wp\/v2\/pages\/32","targetHints":{"allow":["GET"]}}],"collection":[{"href":"https:\/\/www3.unicentro.br\/deart\/wp-json\/wp\/v2\/pages"}],"about":[{"href":"https:\/\/www3.unicentro.br\/deart\/wp-json\/wp\/v2\/types\/page"}],"author":[{"embeddable":true,"href":"https:\/\/www3.unicentro.br\/deart\/wp-json\/wp\/v2\/users\/3"}],"replies":[{"embeddable":true,"href":"https:\/\/www3.unicentro.br\/deart\/wp-json\/wp\/v2\/comments?post=32"}],"version-history":[{"count":0,"href":"https:\/\/www3.unicentro.br\/deart\/wp-json\/wp\/v2\/pages\/32\/revisions"}],"wp:attachment":[{"href":"https:\/\/www3.unicentro.br\/deart\/wp-json\/wp\/v2\/media?parent=32"}],"curies":[{"name":"wp","href":"https:\/\/api.w.org\/{rel}","templated":true}]}}

Residência Pedagógica

<div class="wpb-content-wrapper"><p>[vc_row][vc_column][vc_column_text]</p>
<p style="text-align: justify"><span style="font-weight: 400">O Programa de Residência Pedagógica é uma das ações que integram a Política Nacional de Formação de Professores e tem por objetivo induzir o aperfeiçoamento do estágio curricular supervisionado nos cursos de licenciatura, promovendo a imersão do licenciando na escola de educação básica, a partir da segunda metade de seu curso.</span></p>
<p style="text-align: justify"><span style="font-weight: 400">Essa imersão deve contemplar, entre outras atividades, regência de sala de aula e intervenção pedagógica, acompanhadas por um professor da escola com experiência na área de ensino do licenciando e orientada por um docente da sua Instituição Formadora.</span></p>
<p style="text-align: justify"><span style="font-weight: 400">A Residência Pedagógica, articulada aos demais programas da Capes que compõem a Política Nacional, tem como premissas básicas o entendimento de que a formação de professores nos cursos de licenciatura deve assegurar, aos seus egressos, habilidades e competências que lhes permitam realizar um ensino de qualidade nas escolas de educação básica.</span></p>
<p style="text-align: justify"><span style="font-weight: 400">No Programa de Residência Pedagógica serão concedidas as seguintes modalidades de bolsa.</span></p>
<p style="text-align: justify"><span style="font-weight: 400">A Licenciatura em Arte da Unicentro iniciou a oferta do Programa de Residência Pedagógica no ano de 2020, sob coordenação da professora Dra. Daiane S. S. da Cunha. A equipe é formada pela professora coordenadora, 3 professores preceptores e 16 alunos da Licenciatura dos 3º e 4º anos que atuarão como Residentes Pedagógicos em dois colégios parceiros: Colégio Estadual Newton Felipe Albach, Colégio Estadual Alba Keinert. Os professores preceptores são: professor Marcio Ramos e professora Caliandra Rosa como bolsistas e o professor Felipe Rodrigo Caldas como voluntário. Os acadêmicos bolsistas da Residência Pedagógica em Arte são: </span></p>
<p style="text-align: justify"><span style="font-weight: 400"> Adriane Rocha Vicentin</span></p>
<p style="text-align: justify"><span style="font-weight: 400">Amanda Potyralas de Morais</span></p>
<p style="text-align: justify"><span style="font-weight: 400">Ana Luiza Broday Semkiv</span></p>
<p style="text-align: justify"><span style="font-weight: 400">Ana Rhubia Kloster Grube</span></p>
<p style="text-align: justify"><span style="font-weight: 400">Caio Eduardo Kulkamp de Paula</span></p>
<p style="text-align: justify"><span style="font-weight: 400">Caroline Hosel Miranda</span></p>
<p style="text-align: justify"><span style="font-weight: 400">Gustavo Henrique Costa Solak</span></p>
<p style="text-align: justify"><span style="font-weight: 400">Juliana Mara Matoso</span></p>
<p style="text-align: justify"><span style="font-weight: 400">Letícia do Rosário Santos</span></p>
<p style="text-align: justify"><span style="font-weight: 400">Letícia Queirós</span></p>
<p style="text-align: justify"><span style="font-weight: 400">Leyciane dos Santos Mendes</span></p>
<p style="text-align: justify"><span style="font-weight: 400">Maria Fernanda Mioranza dos Santos</span></p>
<p style="text-align: justify"><span style="font-weight: 400">Mariana Batista</span></p>
<p style="text-align: justify"><span style="font-weight: 400">Mariana Viana Teixeira</span></p>
<p style="text-align: justify"><span style="font-weight: 400">Rebeca Santana de Almeida</span></p>
<p style="text-align: justify"><span style="font-weight: 400">Tauani Karine da Silva</span></p>
<p style="text-align: justify">
<p style="text-align: justify"><span style="font-weight: 400">Para acessar os editais do programa de Residência Pedagógica da Unicentro acesse </span><a href="https://www3.unicentro.br/residenciapedagogica/editais/"><span style="font-weight: 400">https://www3.unicentro.br/residenciapedagogica/editais/</span></a></p>
<p>[/vc_column_text][/vc_column][/vc_row]</p>
</div>

<p>[vc_row][vc_column][vc_column_text] O Programa de Residência Pedagógica é uma das ações que integram a Política Nacional de Formação de Professores e tem por objetivo induzir o aperfeiçoamento do estágio curricular supervisionado nos cursos de licenciatura, promovendo a imersão do licenciando na escola de educação básica, a partir da segunda metade de seu curso. Essa imersão deve [&hellip;]</p>
