{"id":200,"date":"2020-11-01T09:44:06","date_gmt":"2020-11-01T12:44:06","guid":{"rendered":"https:\/\/www3.unicentro.br\/deart\/?page_id=200"},"modified":"2021-03-04T19:23:26","modified_gmt":"2021-03-04T22:23:26","slug":"atividades-complementares","status":"publish","type":"page","link":"https:\/\/www3.unicentro.br\/deart\/atividades-complementares\/","title":{"rendered":"Atividades Complementares"},"content":{"rendered":"<div class=\"wpb-content-wrapper\"><p>[vc_row][vc_column][vc_column_text]<span style=\"font-weight: 400\">Destina-se, na carga hor\u00e1ria do curr\u00edculo do curso de Licenciatura em Arte, no m\u00ednimo 200 horas de Atividades Complementares que o acad\u00eamico deve cumprir conforme regulamento espec\u00edfico. <\/span><a href=\"https:\/\/sgu.unicentro.br\/pcatooficiais\/imprimir\/7E77753D\" target=\"_blank\" rel=\"noopener noreferrer\"><span style=\"font-weight: 400\">Clique aqui <\/span><\/a><span style=\"font-weight: 400\">para acessar o Regulamento de Atividades Complementares.<\/span>[\/vc_column_text][\/vc_column][\/vc_row][vc_row][vc_column][vc_btn title=&#8221;Regulamento Geral de Atividades Complementares&#8221; color=&#8221;danger&#8221; align=&#8221;center&#8221; link=&#8221;url:https%3A%2F%2Fsgu.unicentro.br%2Fpcatooficiais%2Fimprimir%2F0CA00F87|target:_blank&#8221;][vc_btn title=&#8221;Regulamento de Atividades Complementares do Curso de Arte&#8221; color=&#8221;danger&#8221; align=&#8221;center&#8221; link=&#8221;url:https%3A%2F%2Fsgu.unicentro.br%2Fpcatooficiais%2Fimprimir%2F7E77753D|target:_blank&#8221;][\/vc_column][\/vc_row]<\/p>\n<\/div>","protected":false},"excerpt":{"rendered":"<p>[vc_row][vc_column][vc_column_text]Destina-se, na carga hor\u00e1ria do curr\u00edculo do curso de Licenciatura em Arte, no m\u00ednimo 200 horas de Atividades Complementares que o acad\u00eamico deve cumprir conforme regulamento espec\u00edfico. Clique aqui para acessar o Regulamento de Atividades Complementares.[\/vc_column_text][\/vc_column][\/vc_row][vc_row][vc_column][vc_btn title=&#8221;Regulamento Geral de Atividades Complementares&#8221; color=&#8221;danger&#8221; align=&#8221;center&#8221; link=&#8221;url:https%3A%2F%2Fsgu.unicentro.br%2Fpcatooficiais%2Fimprimir%2F0CA00F87|target:_blank&#8221;][vc_btn title=&#8221;Regulamento de Atividades Complementares do Curso de Arte&#8221; color=&#8221;danger&#8221; align=&#8221;center&#8221; link=&#8221;url:https%3A%2F%2Fsgu.unicentro.br%2Fpcatooficiais%2Fimprimir%2F7E77753D|target:_blank&#8221;][\/vc_column][\/vc_row]<\/p>\n","protected":false},"author":266,"featured_media":0,"parent":0,"menu_order":0,"comment_status":"closed","ping_status":"closed","template":"","meta":{"_exactmetrics_skip_tracking":false,"_exactmetrics_sitenote_active":false,"_exactmetrics_sitenote_note":"","_exactmetrics_sitenote_category":0,"footnotes":"","_links_to":"","_links_to_target":""},"class_list":["post-200","page","type-page","status-publish","hentry"],"_links":{"self":[{"href":"https:\/\/www3.unicentro.br\/deart\/wp-json\/wp\/v2\/pages\/200","targetHints":{"allow":["GET"]}}],"collection":[{"href":"https:\/\/www3.unicentro.br\/deart\/wp-json\/wp\/v2\/pages"}],"about":[{"href":"https:\/\/www3.unicentro.br\/deart\/wp-json\/wp\/v2\/types\/page"}],"author":[{"embeddable":true,"href":"https:\/\/www3.unicentro.br\/deart\/wp-json\/wp\/v2\/users\/266"}],"replies":[{"embeddable":true,"href":"https:\/\/www3.unicentro.br\/deart\/wp-json\/wp\/v2\/comments?post=200"}],"version-history":[{"count":0,"href":"https:\/\/www3.unicentro.br\/deart\/wp-json\/wp\/v2\/pages\/200\/revisions"}],"wp:attachment":[{"href":"https:\/\/www3.unicentro.br\/deart\/wp-json\/wp\/v2\/media?parent=200"}],"curies":[{"name":"wp","href":"https:\/\/api.w.org\/{rel}","templated":true}]}}