{"id":194,"date":"2020-11-01T09:31:09","date_gmt":"2020-11-01T12:31:09","guid":{"rendered":"https:\/\/www3.unicentro.br\/deart\/?page_id=194"},"modified":"2020-11-11T15:32:40","modified_gmt":"2020-11-11T18:32:40","slug":"objetivos","status":"publish","type":"page","link":"https:\/\/www3.unicentro.br\/deart\/objetivos\/","title":{"rendered":"Objetivos"},"content":{"rendered":"<div class=\"wpb-content-wrapper\"><p>[vc_row][vc_column][vc_column_text]<span style=\"font-weight: 400\">Geral<\/span><\/p>\n<p>&nbsp;<\/p>\n<p><span style=\"font-weight: 400\">Habilitar profissionais para atuarem na doc\u00eancia, na produ\u00e7\u00e3o e na pesquisa em Arte por meio do constructo do exerc\u00edcio art\u00edstico, possibilitando a ampla atua\u00e7\u00e3o intelectual e art\u00edstica.<\/span><\/p>\n<p>&nbsp;<\/p>\n<p><span style=\"font-weight: 400\">Espec\u00edficos<\/span><\/p>\n<p>&nbsp;<\/p>\n<ol>\n<li><span style=\"font-weight: 400\">Estimular o desenvolvimento de um pensamento art\u00edstico, por meio da experi\u00eancia de ensino que estimule reflex\u00f5es cr\u00edticas e est\u00e9ticas;<\/span><\/li>\n<li><span style=\"font-weight: 400\">Aprofundar conhecimento da express\u00e3o art\u00edstica, da Hist\u00f3ria, Est\u00e9tica e Teoria da Arte e das Pr\u00e1ticas de Ensino da Arte;<\/span><\/li>\n<li><span style=\"font-weight: 400\">Compreender as rela\u00e7\u00f5es entre as linguagens da Arte e suas pr\u00e1ticas integradas, inclusive aquelas possibilitadas pelo uso das novas tecnologias de informa\u00e7\u00e3o e comunica\u00e7\u00e3o, pelo cinema e pelo audiovisual, nas condi\u00e7\u00f5es particulares de produ\u00e7\u00e3o e nas suas articula\u00e7\u00f5es;<\/span><\/li>\n<li><span style=\"font-weight: 400\">Pesquisar e conhecer distintas matrizes est\u00e9ticas e culturais \u2013 especialmente aquelas manifestas na arte e na cultura brasileira \u2013, sua tradi\u00e7\u00e3o e manifesta\u00e7\u00f5es contempor\u00e2neas, reelaborando-as nas cria\u00e7\u00f5es em Arte.<\/span><\/li>\n<li><span style=\"font-weight: 400\">Desenvolver a autonomia, a cr\u00edtica, a autoria, o trabalho coletivo e colaborativo nas artes;<\/span><\/li>\n<li><span style=\"font-weight: 400\">Profissionalizar no \u00e2mbito da Arte para atua\u00e7\u00e3o como pesquisador e\/ou professor, em diferentes contextos;<\/span><\/li>\n<li><span style=\"font-weight: 400\">Estimular o aperfei\u00e7oamento cultural, art\u00edstico e educacional;<\/span><\/li>\n<li><span style=\"font-weight: 400\">Promover projetos educacionais na comunidade com finalidade de transforma\u00e7\u00e3o social;<\/span><\/li>\n<li><span style=\"font-weight: 400\">Organizar atividades de ensino e aprendizagem que permitam o aprofundamento dos conte\u00fados em arte por meio de elabora\u00e7\u00f5es pr\u00e1ticas e te\u00f3ricas nas dimens\u00f5es art\u00edsticas e est\u00e9ticas;<\/span><\/li>\n<li><span style=\"font-weight: 400\">Investigar a pr\u00e1tica social e cultural nos aspectos art\u00edsticos, est\u00e9ticos, hist\u00f3ricos, te\u00f3ricos e culturais abordando a experimenta\u00e7\u00e3o pr\u00e1tica e a reflex\u00e3o cr\u00edtica;<\/span><\/li>\n<li><span style=\"font-weight: 400\">Estimular a mobilidade internacional para realiza\u00e7\u00e3o de est\u00e1gios, disciplinas, visitas entre outras possibilidades de viv\u00eancias pertinentes ao curr\u00edculo.<\/span><\/li>\n<\/ol>\n<p>[\/vc_column_text][\/vc_column][\/vc_row][vc_row][vc_column][vc_media_grid grid_id=&#8221;vc_gid:1605119089823-dfecd781-d65c-6&#8243;][\/vc_column][\/vc_row]<\/p>\n<\/div>","protected":false},"excerpt":{"rendered":"<p>[vc_row][vc_column][vc_column_text]Geral &nbsp; Habilitar profissionais para atuarem na doc\u00eancia, na produ\u00e7\u00e3o e na pesquisa em Arte por meio do constructo do exerc\u00edcio art\u00edstico, possibilitando a ampla atua\u00e7\u00e3o intelectual e art\u00edstica. &nbsp; Espec\u00edficos &nbsp; Estimular o desenvolvimento de um pensamento art\u00edstico, por meio da experi\u00eancia de ensino que estimule reflex\u00f5es cr\u00edticas e est\u00e9ticas; Aprofundar conhecimento da express\u00e3o [&hellip;]<\/p>\n","protected":false},"author":266,"featured_media":0,"parent":0,"menu_order":0,"comment_status":"closed","ping_status":"closed","template":"","meta":{"_exactmetrics_skip_tracking":false,"_exactmetrics_sitenote_active":false,"_exactmetrics_sitenote_note":"","_exactmetrics_sitenote_category":0,"footnotes":"","_links_to":"","_links_to_target":""},"class_list":["post-194","page","type-page","status-publish","hentry"],"_links":{"self":[{"href":"https:\/\/www3.unicentro.br\/deart\/wp-json\/wp\/v2\/pages\/194","targetHints":{"allow":["GET"]}}],"collection":[{"href":"https:\/\/www3.unicentro.br\/deart\/wp-json\/wp\/v2\/pages"}],"about":[{"href":"https:\/\/www3.unicentro.br\/deart\/wp-json\/wp\/v2\/types\/page"}],"author":[{"embeddable":true,"href":"https:\/\/www3.unicentro.br\/deart\/wp-json\/wp\/v2\/users\/266"}],"replies":[{"embeddable":true,"href":"https:\/\/www3.unicentro.br\/deart\/wp-json\/wp\/v2\/comments?post=194"}],"version-history":[{"count":0,"href":"https:\/\/www3.unicentro.br\/deart\/wp-json\/wp\/v2\/pages\/194\/revisions"}],"wp:attachment":[{"href":"https:\/\/www3.unicentro.br\/deart\/wp-json\/wp\/v2\/media?parent=194"}],"curies":[{"name":"wp","href":"https:\/\/api.w.org\/{rel}","templated":true}]}}