{"id":14,"date":"2017-05-05T11:31:55","date_gmt":"2017-05-05T14:31:55","guid":{"rendered":"https:\/\/www3.unicentro.br\/deart\/?page_id=14"},"modified":"2025-01-30T14:54:51","modified_gmt":"2025-01-30T17:54:51","slug":"corpo-docente","status":"publish","type":"page","link":"https:\/\/www3.unicentro.br\/deart\/corpo-docente\/","title":{"rendered":"Professores (as) do Deart"},"content":{"rendered":"<div class=\"wpb-content-wrapper\"><p>[vc_tta_section tab_id=&#8221;1600373612051-1d439b2d-dbaa&#8221; title=&#8221;Prof. Dr. AFONSO NILSON BARBOSA DE SOUZA &#8211; Docente Colaborador&#8221;][vc_single_image image=&#8221;1007&#8243;][vc_column_text]Mestre e doutor em teatro pela Universidade do Estado de Santa Catarina &#8211; UDESC (2007 e 2019, respectivamente), Professor, dramaturgo, cr\u00edtico teatral e gestor de cultura. Autor de diversos textos teatrais encenados, atuante como curador e parecerista de projetos culturais para diversas institui\u00e7\u00f5es p\u00fablicas e privadas. Pesquisa dramaturgia contempor\u00e2nea brasileira, est\u00e9tica e cr\u00edtica teatral, bem como processos curadorias e gest\u00e3o cultural.<\/p>\n<p>Lattes: <a href=\"http:\/\/lattes.cnpq.br\/1362414736513347\">http:\/\/lattes.cnpq.br\/1362414736513347<\/a>[\/vc_column_text][\/vc_tta_section][vc_tta_section tab_id=&#8221;1690566590025-5f602383-47d4&#8243; title=&#8221;Profa. Dra. CLEDIANE LOUREN\u00c7O \u2013 Docente Colaboradora&#8221;][vc_single_image image=&#8221;150&#8243;][vc_column_text]Doutora em Artes Visuais pela Universidade do Estado de Santa Catarina &#8211; Udesc\/Ceart, na linha de pesquisa de Teoria, Cr\u00edtica e Hist\u00f3ria da Arte; Mestre em Artes Visuais pela mesma institui\u00e7\u00e3o. Possui gradua\u00e7\u00e3o em Arte-Educa\u00e7\u00e3o pela Universidade Estadual do Centro-Oeste (2006) e Especializa\u00e7\u00e3o em Hist\u00f3ria da Arte na Pontif\u00edcia Universidade Cat\u00f3lica do Paran\u00e1. Tem experi\u00eancia na \u00e1rea de Artes com \u00eanfase em Artes Visuais, atuando principalmente nos seguintes temas: Arte e ensino, Arte e Literatura, Arte paranaense, Cidade, Paisagem, Produ\u00e7\u00e3o audiovisual, Projetos, Teoria, cr\u00edtica e hist\u00f3ria da arte.<\/p>\n<p>Lattes: <a href=\"http:\/\/lattes.cnpq.br\/7346841400713637\">http:\/\/lattes.cnpq.br\/7346841400713637<\/a><\/p>\n<p>[vc_row][vc_column][vc_tta_accordion active_section=&#8221;1&#8243; css_animation=&#8221;fadeIn&#8221;][vc_tta_section title=&#8221;Profa. Dra. DAIANE SOLANGE STOEBERL DA CUNHA &#8211; Docente Adjunto A &#8211; Chefe do DEART&#8221; tab_id=&#8221;1600370522072-667116c6-bdd4&#8243;][vc_single_image image=&#8221;156&#8243;][vc_column_text]<\/p>\n<p style=\"text-align: justify\"><span style=\"font-weight: 400\">A professora Daiane Solange Stoeberl da Cunha, \u00e9 docente na Licenciatura em Arte na Unicentro desde 2008. Atualmente \u00e9 Chefe do Departamento de Arte, L\u00edder do Grupo de Pesquisa em Artes \u2013 CNPq e Coordenadora do Programa de Resid\u00eancia Pedag\u00f3gica em Artes &#8211; Capes. Doutora em M\u00fasica pelo Instituto de Artes da Unesp\/SP (2020) com tese intitulada &#8220;A integra\u00e7\u00e3o das Artes na forma\u00e7\u00e3o docente para a Educa\u00e7\u00e3o B\u00e1sica no Brasil e na Espanha&#8221;. Realizou Est\u00e1gio Doutoral na Universidad Aut\u00f3noma de Madrid, por meio do PDSE\/Capes (2019). Mestre em Educa\u00e7\u00e3o pela Universidade Federal do Paran\u00e1 (2006), na linha de Saberes e Cultura, com disserta\u00e7\u00e3o intitulada Educa\u00e7\u00e3o Musical e Emancipa\u00e7\u00e3o: A Forma\u00e7\u00e3o do Educador Musical a partir de uma perspectiva cr\u00edtica, graduada em Pedagogia pela Universidade Estadual do Centro-Oeste (2003). Especialista em M\u00fasica Eletroac\u00fastica com \u00eanfase em Composi\u00e7\u00e3o pela Unespar- FAP. Autora dos livros M\u00fasica na escola? Reflex\u00f5es e Possibilidades (2012); M\u00fasica e Transforma\u00e7\u00e3o: por um olhar diferenciado na Hist\u00f3ria da M\u00fasica (2014), organizadora dos livros Arte na Atualidade (2015) e Arte, Atualidade e Ensino (2013) e de cap\u00edtulos de livros e artigos na \u00e1rea de Artes, M\u00fasica e Educa\u00e7\u00e3o. Atua como pesquisadora, orientadora de Inicia\u00e7\u00e3o Cient\u00edfica e professora de especializa\u00e7\u00f5es e programas de forma\u00e7\u00e3o continuada de professores de educa\u00e7\u00e3o b\u00e1sica, nos seguintes temas: ensino de artes integradas, interdisciplinaridade, forma\u00e7\u00e3o docente, pr\u00e1ticas criativas na educa\u00e7\u00e3o musical e novas tecnologias.<\/span><\/p>\n<p><span style=\"font-weight: 400\">Lattes: <\/span><a href=\"http:\/\/lattes.cnpq.br\/5277115680422341\"><span style=\"font-weight: 400\">http:\/\/lattes.cnpq.br\/5277115680422341<\/span><\/a>[\/vc_column_text][\/vc_tta_section][vc_tta_section title=&#8221;Profa. Me. \u00c9RICA DIAS GOMES \u2013 Professora Assistente C&#8221; tab_id=&#8221;1600370522072-fb88ee2d-094f&#8221;][vc_single_image image=&#8221;159&#8243;][vc_column_text]<\/p>\n<p>Doutoranda em Educa\u00e7\u00e3o na Universidade Estadual de Ponta Grossa (UEPG), na linha de pesquisa Ensino e Aprendizagem. Mestre em Educa\u00e7\u00e3o pela Universidade Estadual do Centro-Oeste (Unicentro) e Licenciada em M\u00fasica (piano) pela Universidade Federal do Rio de Janeiro (UFRJ), tamb\u00e9m \u00e9 mestre em Ci\u00eancia e Tecnologia de Alimentos pela Universidade Federal de Vi\u00e7osa (UFV), mesma institui\u00e7\u00e3o em que obteve o grau de Engenheira de Alimentos. Professora assistente de m\u00fasica no Departamento de Arte (Deart) na Unicentro. \u00c9 membro do Grupo de Pesquisa Labecir e do Grupo de Pesquisa Gepec \u2013 g\u00eanero, e atuou em Projetos de Extens\u00e3o, nas \u00e1reas de cultura e de educa\u00e7\u00e3o, nas linhas de extens\u00e3o: artes integradas; m\u00fasica e forma\u00e7\u00e3o docente. Tem experi\u00eancia na \u00e1rea de Arte, com \u00eanfase em m\u00fasica, atuando principalmente nos seguintes temas: artes integradas, arte contempor\u00e2nea e ensino, educa\u00e7\u00e3o musical, educa\u00e7\u00e3o.<\/p>\n<p>Lattes: <a href=\"http:\/\/lattes.cnpq.br\/3170451902890494\">http:\/\/lattes.cnpq.br\/3170451902890494<\/a><\/p>\n<p>[\/vc_column_text][\/vc_tta_section][vc_tta_section title=&#8221;Prof. Me. FELIPE RODRIGO CALDAS &#8211; Docente Colaborador&#8221; tab_id=&#8221;1600374373674-66787d15-029f&#8221;][vc_single_image image=&#8221;160&#8243;][vc_column_text]Mestre em Artes pela Universidade do Estado de Santa Catarina &#8211; UDESC, especialista em Arte na Escola e graduado em Arte Educa\u00e7\u00e3o pela Universidade Estadual do Centro-Oeste &#8211; Unicentro. Atua como professor de Arte pela Rede Estadual de Ensino do Estado do Paran\u00e1. Atualmente atua como docente no curso de Arte da Universidade Estadual do Centro-Oeste. Foca suas pesquisas em torno dos Estudos da Educa\u00e7\u00e3o em Visualidades, Cultura Visual, G\u00eanero e das quest\u00f5es da Educa\u00e7\u00e3o, Ensino da Arte, Curr\u00edculo, Metodologias, Visualidades e pr\u00e1ticas cotidianas escolares. \u00c9 coordenador do Projeto de Extens\u00e3o Liav &#8211; Laborat\u00f3rio de Investiga\u00e7\u00e3o em Artes Visuais Membro do Grupo de Pesquisa em Arte &#8211; Unicentro Membro do Grupo de Pesquisa em Arte, Educa\u00e7\u00e3o e Imagens, ARTEI &#8211; UEM.<\/p>\n<p>Lattes: <a href=\"http:\/\/lattes.cnpq.br\/9761262222837957\">http:\/\/lattes.cnpq.br\/9761262222837957<\/a>[\/vc_column_text][\/vc_tta_section][vc_tta_section title=&#8221;Profa. Dra. M\u00c1RCIA CRISTINA CEBULSKI &#8211; Docente Adjunto A&#8221; tab_id=&#8221;1600373467169-b9e89f69-de2c&#8221;][vc_single_image image=&#8221;162&#8243;][vc_column_text]<\/p>\n<p style=\"text-align: justify\"><span style=\"font-weight: 400\">Possui gradua\u00e7\u00e3o em Educa\u00e7\u00e3o Art\u00edstica (licenciatura em Teatro) pela Faculdade de Artes do Paran\u00e1 (1996), gradua\u00e7\u00e3o em Direito pela Universidade Federal do Paran\u00e1 (1989), mestrado em Educa\u00e7\u00e3o pela Universidade Federal do Paran\u00e1 (2007) e doutorado em Educa\u00e7\u00e3o (2014) tamb\u00e9m pela UFPR. Atualmente \u00e9 professora adjunta no Departamento de Arte da Unicentro, PR. Tem experi\u00eancia na \u00e1rea de Arte (Teatro) e Educa\u00e7\u00e3o; Grupo de pesquisa em Pesquisa em Artes\/Arte e Ensino. Atua principalmente nas seguintes sub\u00e1reas: Teatro; Conta\u00e7\u00e3o de Hist\u00f3rias; Ensino-Aprendizagem; Cogni\u00e7\u00e3o, Afetividade, Aprendizagem e Desenvolvimento Humano; Fundamentos da Arte e da Educa\u00e7\u00e3o; Psicologia e Hist\u00f3ria da Arte; Cultura e Arte Africana e Ind\u00edgena e Cultura Polonesa. Coordena o Grupo de Estudos Geted &#8211; Teatro e Educa\u00e7\u00e3o, de cunho extensionista. Atua tamb\u00e9m como Coordenadora do curso de gradua\u00e7\u00e3o em arte, modalidade EAD, Unicentro.<\/span><\/p>\n<p>Lattes:\u00a0<a href=\"http:\/\/buscatextual.cnpq.br\/buscatextual\/visualizacv.do?id=K4127221T6\">http:\/\/buscatextual.cnpq.br\/buscatextual\/visualizacv.do?id=K4127221T6<\/a>[\/vc_column_text][\/vc_tta_section][vc_tta_section title=&#8221;Prof. Me. Rafael Nunes Menezes &#8211; Docente Colaborador&#8221; tab_id=&#8221;1713563017307-9f837987-0ed9&#8243;][vc_single_image image=&#8221;1199&#8243; css=&#8221;&#8221;][vc_column_text css=&#8221;&#8221;]Artista. Docente. Pesquisador. Mestre em Artes Visuais (PPGAV\/Udesc). Especialista em Metodologia do Ensino de Artes (Uninter). Graduado em Licenciatura em Artes Visuais (Ceart\/Udesc). Na \u00e1rea de Arte e Educa\u00e7\u00e3o, realiza pesquisas com \u00eanfase em pr\u00e1ticas art\u00edsticas e pedag\u00f3gicas em espa\u00e7os n\u00e3o formais de ensino. Tamb\u00e9m desenvolve, escreve e orienta processos\/projetos em Artes Visuais nas seguintes tem\u00e1ticas: artes midi\u00e1ticas, escrita experimental, fotografia\/fotoperformance\/performance, videoarte e o texto acad\u00eamico como suporte art\u00edstico, assim como as interse\u00e7\u00f5es entre essas pr\u00e1ticas. Idealizou e organizou a publica\u00e7\u00e3o &#8220;e s c r i t a s&#8221; dispon\u00edvel em bit.ly\/e_s_c_r_i_t_a_s.<\/p>\n<p>Contato: <a href=\"mailto:rafaelmenezes@unicentro.br\"><em>rafaelmenezes@unicentro.br<\/em><\/a><\/p>\n<p>Lattes: <a href=\"https:\/\/lattes.cnpq.br\/6308795153004241\"><em>https:\/\/lattes.cnpq.br\/6308795153004241<\/em><\/a>[\/vc_column_text][\/vc_tta_section][vc_tta_section title=&#8221;Prof\u00aa Suzamara Weber &#8211; Docente colaboradora&#8221; tab_id=&#8221;1714517625157-06b7ebf0-f82e&#8221;][vc_single_image image=&#8221;1211&#8243; css=&#8221;&#8221;][vc_column_text css=&#8221;&#8221;]Doutoranda em Educa\u00e7\u00e3o na Universidade Estadual de Ponta Grossa (UEPG). Possui gradua\u00e7\u00e3o em Arte Educa\u00e7\u00e3o pela Universidade Estadual do Centro Oeste (Unicentro). Mestrado em Educa\u00e7\u00e3o pela Universidade Estadual do Centro Oeste (Unicentro). Especializa\u00e7\u00e3o em Metodologia do Ensino de Arte pela Faculdade de Educa\u00e7\u00e3o S\u00e3o Lu\u00eds (FESLJ). Atua como professora de Arte na Secretaria do Estado de Educa\u00e7\u00e3o do Paran\u00e1 (Seed). Atuou em projetos de extens\u00e3o e forma\u00e7\u00e3o continuada de professores\/as das Escolas Itinerantes do Paran\u00e1 em contextos de acampamentos e assentamentos da reforma agr\u00e1ria e comunidades do campo. Pesquisadora do Grupo de Pesquisa em Artes Visuais, Educa\u00e7\u00e3o e Cultura-Gepavec\/UEPG, tem pesquisas em Pol\u00edticas P\u00fablicas, Curr\u00edculo, Arte e Ensino.<\/p>\n<p>Lattes: <a href=\"http:\/\/lattes.cnpq.br\/7588121350432425\"><em>http:\/\/lattes.cnpq.br\/7588121350432425<\/em><\/a>[\/vc_column_text][\/vc_tta_section]<\/p>\n<\/div>","protected":false},"excerpt":{"rendered":"<p>[vc_tta_section tab_id=&#8221;1600373612051-1d439b2d-dbaa&#8221; title=&#8221;Prof. Dr. AFONSO NILSON BARBOSA DE SOUZA &#8211; Docente Colaborador&#8221;][vc_single_image image=&#8221;1007&#8243;][vc_column_text]Mestre e doutor em teatro pela Universidade do Estado de Santa Catarina &#8211; UDESC (2007 e 2019, respectivamente), Professor, dramaturgo, cr\u00edtico teatral e gestor de cultura. Autor de diversos textos teatrais encenados, atuante como curador e parecerista de projetos culturais para diversas institui\u00e7\u00f5es [&hellip;]<\/p>\n","protected":false},"author":3,"featured_media":0,"parent":0,"menu_order":0,"comment_status":"closed","ping_status":"closed","template":"","meta":{"_exactmetrics_skip_tracking":false,"_exactmetrics_sitenote_active":false,"_exactmetrics_sitenote_note":"","_exactmetrics_sitenote_category":0,"footnotes":"","_links_to":"","_links_to_target":""},"class_list":["post-14","page","type-page","status-publish","hentry"],"_links":{"self":[{"href":"https:\/\/www3.unicentro.br\/deart\/wp-json\/wp\/v2\/pages\/14","targetHints":{"allow":["GET"]}}],"collection":[{"href":"https:\/\/www3.unicentro.br\/deart\/wp-json\/wp\/v2\/pages"}],"about":[{"href":"https:\/\/www3.unicentro.br\/deart\/wp-json\/wp\/v2\/types\/page"}],"author":[{"embeddable":true,"href":"https:\/\/www3.unicentro.br\/deart\/wp-json\/wp\/v2\/users\/3"}],"replies":[{"embeddable":true,"href":"https:\/\/www3.unicentro.br\/deart\/wp-json\/wp\/v2\/comments?post=14"}],"version-history":[{"count":2,"href":"https:\/\/www3.unicentro.br\/deart\/wp-json\/wp\/v2\/pages\/14\/revisions"}],"predecessor-version":[{"id":1258,"href":"https:\/\/www3.unicentro.br\/deart\/wp-json\/wp\/v2\/pages\/14\/revisions\/1258"}],"wp:attachment":[{"href":"https:\/\/www3.unicentro.br\/deart\/wp-json\/wp\/v2\/media?parent=14"}],"curies":[{"name":"wp","href":"https:\/\/api.w.org\/{rel}","templated":true}]}}