{"id":12,"date":"2017-05-05T11:31:42","date_gmt":"2017-05-05T14:31:42","guid":{"rendered":"https:\/\/www3.unicentro.br\/deart\/?page_id=12"},"modified":"2020-11-11T15:25:59","modified_gmt":"2020-11-11T18:25:59","slug":"curso","status":"publish","type":"page","link":"https:\/\/www3.unicentro.br\/deart\/curso\/","title":{"rendered":"Apresenta\u00e7\u00e3o"},"content":{"rendered":"<div class=\"wpb-content-wrapper\"><p>[vc_row][vc_column][vc_text_separator title=&#8221;APRESENTA\u00c7\u00c3O&#8221;][vc_media_grid element_width=&#8221;6&#8243; grid_id=&#8221;vc_gid:1605119007781-a4d4ff54-106a-10&#8243; include=&#8221;300&#8243;][\/vc_column][\/vc_row][vc_row][vc_column][vc_column_text]<\/p>\n<p style=\"text-align: justify\"><span style=\"font-weight: 400\">Resolu\u00e7\u00e3o de aprova\u00e7\u00e3o do atual Projeto Pedag\u00f3gico da Licenciatura de Arte.<\/span><\/p>\n<p style=\"text-align: justify\">[\/vc_column_text][vc_btn title=&#8221;Projeto Pedag\u00f3gico&#8221; color=&#8221;danger&#8221; align=&#8221;center&#8221; link=&#8221;url:https%3A%2F%2Fwww3.unicentro.br%2Fproen%2Fcursos%2Fmatrizes-curriculares%2F%231535135405159-8932f1de-183c|target:_blank&#8221;][\/vc_column][\/vc_row][vc_row][vc_column][vc_column_text]<\/p>\n<p style=\"text-align: justify\"><span style=\"font-weight: 400\">A licenciatura em Arte \u00e9 uma gradua\u00e7\u00e3o estruturada nas ci\u00eancias humanas que visa ampliar e sistematizar o conhecimento do professor de Arte no que se refere \u00e0s manifesta\u00e7\u00f5es art\u00edsticas e saberes est\u00e9ticos, \u00e0 produ\u00e7\u00e3o contempor\u00e2nea, a partir da compreens\u00e3o das po\u00e9ticas art\u00edsticas.<\/span><\/p>\n<p style=\"text-align: justify\"><span style=\"font-weight: 400\">O curso de Arte proposto \u00e9 voltado para a forma\u00e7\u00e3o de profissionais licenciados que disseminem a educa\u00e7\u00e3o, principalmente no campo art\u00edstico, como a express\u00e3o pessoal de valores, sentimentos e significa\u00e7\u00f5es. E que propiciem o desenvolvimento da consci\u00eancia est\u00e9tica, de atitudes mais harmoniosas e equilibradas perante o mundo, em que os sentimentos, a imagina\u00e7\u00e3o e a raz\u00e3o se integrem, em que os sentidos e os valores dados \u00e0 vida s\u00e3o assumidos no agir cotidiano.<\/span><\/p>\n<p style=\"text-align: justify\"><span style=\"font-weight: 400\">Atendendo tamb\u00e9m \u00e0 premissa legal deste conhecimento, a proposta \u00e9 voltada para um curr\u00edculo a partir de:<\/span><\/p>\n<p style=\"text-align: justify\"><span style=\"font-weight: 400\">\u00a0<\/span><\/p>\n<p style=\"text-align: justify\"><span style=\"font-weight: 400\">[&#8230;] di\u00e1logos que reflitam identidades, capazes de interagir consigo pr\u00f3prias e com os demais por meio das interrela\u00e7\u00f5es de suas percep\u00e7\u00f5es, impress\u00f5es, opini\u00f5es e capacidades de entender e interpretar a ci\u00eancia, a tecnologia, as artes e os valores \u00e9ticos, pol\u00edticos e est\u00e9ticos. (ASSIS, 2010, p.15).<\/span><\/p>\n<p style=\"text-align: justify\"><span style=\"font-weight: 400\">\u00a0<\/span><\/p>\n<p style=\"text-align: justify\"><span style=\"font-weight: 400\">Desta forma, reitera-se, por meio do curso, a import\u00e2ncia da compreens\u00e3o da arte enquanto cultura, enquanto meio simb\u00f3lico para compreens\u00e3o do mundo que abrangem as rela\u00e7\u00f5es identidades e alteridade.<\/span><\/p>\n<p style=\"text-align: justify\"><span style=\"font-weight: 400\">A partir da premissa de que a gradua\u00e7\u00e3o se constitui como ponto de partida na forma\u00e7\u00e3o do profissional, objetiva-se a forma\u00e7\u00e3o de um professor pesquisador de constru\u00e7\u00f5es po\u00e9ticas. Sendo assim, o curso apresenta-se articulado entre disciplinas de po\u00e9ticas art\u00edsticas e de forma\u00e7\u00e3o pedag\u00f3gica.<\/span><\/p>\n<p style=\"text-align: justify\"><span style=\"font-weight: 400\">A arte contempor\u00e2nea faz uso de linguagens art\u00edsticas diferentes em um \u00fanico produto, e para apreciar tal express\u00e3o temos que recorrer \u00e0s artes da cena, \u00e0 musicalidade e \u00e0 visualidade. Assim, vemos na produ\u00e7\u00e3o atual formas art\u00edsticas integradas, que n\u00e3o se definem por \u00fanica linguagem, e que, conscientes disso, tais express\u00f5es denominam-se como <\/span><i><span style=\"font-weight: 400\">a\u00e7\u00f5es perform\u00e1ticas<\/span><\/i><span style=\"font-weight: 400\">, <\/span><i><span style=\"font-weight: 400\">instala\u00e7\u00f5es, ambienta\u00e7\u00f5es, po\u00e9ticas relacionais<\/span><\/i><span style=\"font-weight: 400\">, <\/span><i><span style=\"font-weight: 400\">artes interativas<\/span><\/i><span style=\"font-weight: 400\">, <\/span><i><span style=\"font-weight: 400\">site-specific<\/span><\/i><span style=\"font-weight: 400\">, <\/span><i><span style=\"font-weight: 400\">site-context<\/span><\/i><span style=\"font-weight: 400\">, <\/span><i><span style=\"font-weight: 400\">site-responsive, v\u00eddeo arte, web art, <\/span><\/i><span style=\"font-weight: 400\">entre muitas outras. Obviamente essas express\u00f5es art\u00edsticas s\u00e3o h\u00edbridas, que proveem da converg\u00eancia de diferentes linguagens. S\u00e3o mesclas, converg\u00eancias e apropria\u00e7\u00f5es de linguagens. A esse respeito, aponta a BNCC:<\/span><\/p>\n<p style=\"text-align: justify\"><span style=\"font-weight: 400\">\u00a0<\/span><\/p>\n<p style=\"text-align: justify\"><span style=\"font-weight: 400\">Ainda que, na BNCC, as linguagens art\u00edsticas das Artes Visuais, da Dan\u00e7a e da M\u00fasica e do Teatro sejam consideradas em suas especificidades, as experi\u00eancias e viv\u00eancias dos sujeitos em sua rela\u00e7\u00e3o com a Arte n\u00e3o acontecem de forma compartimentada ou estanque. Assim \u00e9 importante que o componente curricular Arte leve em conta o di\u00e1logo entre essas linguagens, al\u00e9m de possibilitar o contato e reflex\u00e3o acerca das formas est\u00e9ticas h\u00edbridas, tais como as artes circenses, o cinema e a performance. Atividades que facilitem o tr\u00e2nsito criativo, flu\u00eddo e desfragmentado entre as linguagens art\u00edsticas podem construir uma rede de interlocu\u00e7\u00e3o, inclusive, com outros componentes curriculares [&#8230;] gerando experi\u00eancias de aprendizagem amplas e complexas. (BRASIL, 2017, p. 194).<\/span><\/p>\n<p style=\"text-align: justify\"><span style=\"font-weight: 400\">\u00a0<\/span><\/p>\n<p style=\"text-align: justify\"><span style=\"font-weight: 400\">Todos esses processos art\u00edsticos vinculam po\u00e9ticas para as quais s\u00e3o necess\u00e1rios conhecimentos provenientes de diversas linguagens, assim como tamb\u00e9m do uso de novas tecnologias. A atual produ\u00e7\u00e3o art\u00edstica n\u00e3o se radica na linguagem pura, mas se permite impregnar de diferentes linguagens, apropria-se de estruturas diversas, rompe fronteiras entre linguagens. A proposta do nosso curso \u00e9 oferecer conhecimento para um professor atualizado, que dialogue com a produ\u00e7\u00e3o art\u00edstica atual.<\/span><\/p>\n<p style=\"text-align: justify\"><b>Curso de Arte &#8211; Licenciatura<\/b><\/p>\n<p style=\"text-align: justify\"><span style=\"font-weight: 400\">Legisla\u00e7\u00e3o referente \u00e0 cria\u00e7\u00e3o, autoriza\u00e7\u00e3o e reconhecimento do curso<\/span><\/p>\n<p style=\"text-align: justify\"><span style=\"font-weight: 400\">Cria\u00e7\u00e3o:<\/span><\/p>\n<p style=\"text-align: justify\"><span style=\"font-weight: 400\">Resolu\u00e7\u00e3o n\u00ba31\/2002-GR\/UNICENTRO, de 21 de junho de 2002.<\/span><\/p>\n<p style=\"text-align: justify\"><span style=\"font-weight: 400\">Resolu\u00e7\u00e3o n\u00ba38\/2002-COU\/UNICENTRO, de 19 de dezembro de 2002.<\/span><\/p>\n<p style=\"text-align: justify\"><span style=\"font-weight: 400\">Autoriza\u00e7\u00e3o:<\/span><\/p>\n<p style=\"text-align: justify\"><span style=\"font-weight: 400\">Decreto n\u00ba2950, de 18 de maio de 2004. DIOE n\u00ba6731, 18 de maio de 2004.<\/span><\/p>\n<p style=\"text-align: justify\"><span style=\"font-weight: 400\">Reconhecimento:<\/span><\/p>\n<p style=\"text-align: justify\"><span style=\"font-weight: 400\">Parecer n\u00ba699\/2006, de 20 de dezembro de 2006. DIOE N\u00ba7376, de 26 de dezembro de 2006.<\/span><\/p>\n<p style=\"text-align: justify\"><span style=\"font-weight: 400\">Decreto n\u00ba60, de 01 de fevereiro de 2007. DIOE n\u00ba7402, de 01 de fevereiro de 2007.<\/span><\/p>\n<p>[\/vc_column_text][\/vc_column][\/vc_row][vc_row][vc_column][\/vc_column][\/vc_row]<\/p>\n<\/div>","protected":false},"excerpt":{"rendered":"<p>[vc_row][vc_column][vc_text_separator title=&#8221;APRESENTA\u00c7\u00c3O&#8221;][vc_media_grid element_width=&#8221;6&#8243; grid_id=&#8221;vc_gid:1605119007781-a4d4ff54-106a-10&#8243; include=&#8221;300&#8243;][\/vc_column][\/vc_row][vc_row][vc_column][vc_column_text] Resolu\u00e7\u00e3o de aprova\u00e7\u00e3o do atual Projeto Pedag\u00f3gico da Licenciatura de Arte. [\/vc_column_text][vc_btn title=&#8221;Projeto Pedag\u00f3gico&#8221; color=&#8221;danger&#8221; align=&#8221;center&#8221; link=&#8221;url:https%3A%2F%2Fwww3.unicentro.br%2Fproen%2Fcursos%2Fmatrizes-curriculares%2F%231535135405159-8932f1de-183c|target:_blank&#8221;][\/vc_column][\/vc_row][vc_row][vc_column][vc_column_text] A licenciatura em Arte \u00e9 uma gradua\u00e7\u00e3o estruturada nas ci\u00eancias humanas que visa ampliar e sistematizar o conhecimento do professor de Arte no que se refere \u00e0s manifesta\u00e7\u00f5es art\u00edsticas e saberes est\u00e9ticos, \u00e0 [&hellip;]<\/p>\n","protected":false},"author":3,"featured_media":0,"parent":0,"menu_order":0,"comment_status":"closed","ping_status":"closed","template":"","meta":{"_exactmetrics_skip_tracking":false,"_exactmetrics_sitenote_active":false,"_exactmetrics_sitenote_note":"","_exactmetrics_sitenote_category":0,"footnotes":"","_links_to":"","_links_to_target":""},"class_list":["post-12","page","type-page","status-publish","hentry"],"_links":{"self":[{"href":"https:\/\/www3.unicentro.br\/deart\/wp-json\/wp\/v2\/pages\/12","targetHints":{"allow":["GET"]}}],"collection":[{"href":"https:\/\/www3.unicentro.br\/deart\/wp-json\/wp\/v2\/pages"}],"about":[{"href":"https:\/\/www3.unicentro.br\/deart\/wp-json\/wp\/v2\/types\/page"}],"author":[{"embeddable":true,"href":"https:\/\/www3.unicentro.br\/deart\/wp-json\/wp\/v2\/users\/3"}],"replies":[{"embeddable":true,"href":"https:\/\/www3.unicentro.br\/deart\/wp-json\/wp\/v2\/comments?post=12"}],"version-history":[{"count":1,"href":"https:\/\/www3.unicentro.br\/deart\/wp-json\/wp\/v2\/pages\/12\/revisions"}],"predecessor-version":[{"id":1298,"href":"https:\/\/www3.unicentro.br\/deart\/wp-json\/wp\/v2\/pages\/12\/revisions\/1298"}],"wp:attachment":[{"href":"https:\/\/www3.unicentro.br\/deart\/wp-json\/wp\/v2\/media?parent=12"}],"curies":[{"name":"wp","href":"https:\/\/api.w.org\/{rel}","templated":true}]}}

Apresentação

<div class="wpb-content-wrapper"><p>[vc_row][vc_column][vc_text_separator title=&#8221;APRESENTAÇÃO&#8221;][vc_media_grid element_width=&#8221;6&#8243; grid_id=&#8221;vc_gid:1605119007781-a4d4ff54-106a-10&#8243; include=&#8221;300&#8243;][/vc_column][/vc_row][vc_row][vc_column][vc_column_text]</p>
<p style="text-align: justify"><span style="font-weight: 400">Resolução de aprovação do atual Projeto Pedagógico da Licenciatura de Arte.</span></p>
<p style="text-align: justify">[/vc_column_text][vc_btn title=&#8221;Projeto Pedagógico&#8221; color=&#8221;danger&#8221; align=&#8221;center&#8221; link=&#8221;url:https%3A%2F%2Fwww3.unicentro.br%2Fproen%2Fcursos%2Fmatrizes-curriculares%2F%231535135405159-8932f1de-183c|target:_blank&#8221;][/vc_column][/vc_row][vc_row][vc_column][vc_column_text]</p>
<p style="text-align: justify"><span style="font-weight: 400">A licenciatura em Arte é uma graduação estruturada nas ciências humanas que visa ampliar e sistematizar o conhecimento do professor de Arte no que se refere às manifestações artísticas e saberes estéticos, à produção contemporânea, a partir da compreensão das poéticas artísticas.</span></p>
<p style="text-align: justify"><span style="font-weight: 400">O curso de Arte proposto é voltado para a formação de profissionais licenciados que disseminem a educação, principalmente no campo artístico, como a expressão pessoal de valores, sentimentos e significações. E que propiciem o desenvolvimento da consciência estética, de atitudes mais harmoniosas e equilibradas perante o mundo, em que os sentimentos, a imaginação e a razão se integrem, em que os sentidos e os valores dados à vida são assumidos no agir cotidiano.</span></p>
<p style="text-align: justify"><span style="font-weight: 400">Atendendo também à premissa legal deste conhecimento, a proposta é voltada para um currículo a partir de:</span></p>
<p style="text-align: justify"><span style="font-weight: 400"> </span></p>
<p style="text-align: justify"><span style="font-weight: 400">[&#8230;] diálogos que reflitam identidades, capazes de interagir consigo próprias e com os demais por meio das interrelações de suas percepções, impressões, opiniões e capacidades de entender e interpretar a ciência, a tecnologia, as artes e os valores éticos, políticos e estéticos. (ASSIS, 2010, p.15).</span></p>
<p style="text-align: justify"><span style="font-weight: 400"> </span></p>
<p style="text-align: justify"><span style="font-weight: 400">Desta forma, reitera-se, por meio do curso, a importância da compreensão da arte enquanto cultura, enquanto meio simbólico para compreensão do mundo que abrangem as relações identidades e alteridade.</span></p>
<p style="text-align: justify"><span style="font-weight: 400">A partir da premissa de que a graduação se constitui como ponto de partida na formação do profissional, objetiva-se a formação de um professor pesquisador de construções poéticas. Sendo assim, o curso apresenta-se articulado entre disciplinas de poéticas artísticas e de formação pedagógica.</span></p>
<p style="text-align: justify"><span style="font-weight: 400">A arte contemporânea faz uso de linguagens artísticas diferentes em um único produto, e para apreciar tal expressão temos que recorrer às artes da cena, à musicalidade e à visualidade. Assim, vemos na produção atual formas artísticas integradas, que não se definem por única linguagem, e que, conscientes disso, tais expressões denominam-se como </span><i><span style="font-weight: 400">ações performáticas</span></i><span style="font-weight: 400">, </span><i><span style="font-weight: 400">instalações, ambientações, poéticas relacionais</span></i><span style="font-weight: 400">, </span><i><span style="font-weight: 400">artes interativas</span></i><span style="font-weight: 400">, </span><i><span style="font-weight: 400">site-specific</span></i><span style="font-weight: 400">, </span><i><span style="font-weight: 400">site-context</span></i><span style="font-weight: 400">, </span><i><span style="font-weight: 400">site-responsive, vídeo arte, web art, </span></i><span style="font-weight: 400">entre muitas outras. Obviamente essas expressões artísticas são híbridas, que proveem da convergência de diferentes linguagens. São mesclas, convergências e apropriações de linguagens. A esse respeito, aponta a BNCC:</span></p>
<p style="text-align: justify"><span style="font-weight: 400"> </span></p>
<p style="text-align: justify"><span style="font-weight: 400">Ainda que, na BNCC, as linguagens artísticas das Artes Visuais, da Dança e da Música e do Teatro sejam consideradas em suas especificidades, as experiências e vivências dos sujeitos em sua relação com a Arte não acontecem de forma compartimentada ou estanque. Assim é importante que o componente curricular Arte leve em conta o diálogo entre essas linguagens, além de possibilitar o contato e reflexão acerca das formas estéticas híbridas, tais como as artes circenses, o cinema e a performance. Atividades que facilitem o trânsito criativo, fluído e desfragmentado entre as linguagens artísticas podem construir uma rede de interlocução, inclusive, com outros componentes curriculares [&#8230;] gerando experiências de aprendizagem amplas e complexas. (BRASIL, 2017, p. 194).</span></p>
<p style="text-align: justify"><span style="font-weight: 400"> </span></p>
<p style="text-align: justify"><span style="font-weight: 400">Todos esses processos artísticos vinculam poéticas para as quais são necessários conhecimentos provenientes de diversas linguagens, assim como também do uso de novas tecnologias. A atual produção artística não se radica na linguagem pura, mas se permite impregnar de diferentes linguagens, apropria-se de estruturas diversas, rompe fronteiras entre linguagens. A proposta do nosso curso é oferecer conhecimento para um professor atualizado, que dialogue com a produção artística atual.</span></p>
<p style="text-align: justify"><b>Curso de Arte &#8211; Licenciatura</b></p>
<p style="text-align: justify"><span style="font-weight: 400">Legislação referente à criação, autorização e reconhecimento do curso</span></p>
<p style="text-align: justify"><span style="font-weight: 400">Criação:</span></p>
<p style="text-align: justify"><span style="font-weight: 400">Resolução nº31/2002-GR/UNICENTRO, de 21 de junho de 2002.</span></p>
<p style="text-align: justify"><span style="font-weight: 400">Resolução nº38/2002-COU/UNICENTRO, de 19 de dezembro de 2002.</span></p>
<p style="text-align: justify"><span style="font-weight: 400">Autorização:</span></p>
<p style="text-align: justify"><span style="font-weight: 400">Decreto nº2950, de 18 de maio de 2004. DIOE nº6731, 18 de maio de 2004.</span></p>
<p style="text-align: justify"><span style="font-weight: 400">Reconhecimento:</span></p>
<p style="text-align: justify"><span style="font-weight: 400">Parecer nº699/2006, de 20 de dezembro de 2006. DIOE Nº7376, de 26 de dezembro de 2006.</span></p>
<p style="text-align: justify"><span style="font-weight: 400">Decreto nº60, de 01 de fevereiro de 2007. DIOE nº7402, de 01 de fevereiro de 2007.</span></p>
<p>[/vc_column_text][/vc_column][/vc_row][vc_row][vc_column][/vc_column][/vc_row]</p>
</div>

<p>[vc_row][vc_column][vc_text_separator title=&#8221;APRESENTAÇÃO&#8221;][vc_media_grid element_width=&#8221;6&#8243; grid_id=&#8221;vc_gid:1605119007781-a4d4ff54-106a-10&#8243; include=&#8221;300&#8243;][/vc_column][/vc_row][vc_row][vc_column][vc_column_text] Resolução de aprovação do atual Projeto Pedagógico da Licenciatura de Arte. [/vc_column_text][vc_btn title=&#8221;Projeto Pedagógico&#8221; color=&#8221;danger&#8221; align=&#8221;center&#8221; link=&#8221;url:https%3A%2F%2Fwww3.unicentro.br%2Fproen%2Fcursos%2Fmatrizes-curriculares%2F%231535135405159-8932f1de-183c|target:_blank&#8221;][/vc_column][/vc_row][vc_row][vc_column][vc_column_text] A licenciatura em Arte é uma graduação estruturada nas ciências humanas que visa ampliar e sistematizar o conhecimento do professor de Arte no que se refere às manifestações artísticas e saberes estéticos, à [&hellip;]</p>
