{"id":178,"date":"2022-04-12T10:22:11","date_gmt":"2022-04-12T13:22:11","guid":{"rendered":"https:\/\/www3.unicentro.br\/deali\/?page_id=178"},"modified":"2024-02-06T14:43:04","modified_gmt":"2024-02-06T17:43:04","slug":"perfil-do-curso","status":"publish","type":"page","link":"https:\/\/www3.unicentro.br\/deali\/curso\/perfil-do-curso\/","title":{"rendered":"Perfil do Curso"},"content":{"rendered":"<p>Sobre o curso:<\/p>\n<p><strong>Dura\u00e7\u00e3o:<\/strong> 5 anos\u00a0 \u00a0 \u00a0 \u00a0 <strong>Regime:<\/strong> Semestral\u00a0 \u00a0 \u00a0 \u00a0 \u00a0 <strong>Modalidade:<\/strong> Presencial<\/p>\n<p><strong>Turno:<\/strong> Matutino (com aulas aos s\u00e1bados)<\/p>\n<p>Formas de ingresso:<\/p>\n<p>Vestibular: 10 vagas<\/p>\n<p>PAC: 4 vagas<\/p>\n<p>SISU: 26 vagas<\/p>\n<p>&nbsp;<\/p>\n<p><iframe loading=\"lazy\" title=\"Fa\u00e7a o Curso de Gradua\u00e7\u00e3o em Engenharia de Alimentos na Unicentro!\" width=\"900\" height=\"506\" src=\"https:\/\/www.youtube.com\/embed\/nR_NaiwSaRc?start=6&#038;feature=oembed\" frameborder=\"0\" allow=\"accelerometer; autoplay; clipboard-write; encrypted-media; gyroscope; picture-in-picture; web-share\" allowfullscreen><\/iframe><\/p>\n<p>&nbsp;<\/p>\n","protected":false},"excerpt":{"rendered":"<p>Sobre o curso: Dura\u00e7\u00e3o: 5 anos\u00a0 \u00a0 \u00a0 \u00a0 Regime: Semestral\u00a0 \u00a0 \u00a0 \u00a0 \u00a0 Modalidade: Presencial Turno: Matutino (com aulas aos s\u00e1bados) Formas de ingresso: Vestibular: 10 vagas PAC: 4 vagas SISU: 26 vagas &nbsp; &nbsp;<\/p>\n","protected":false},"author":356,"featured_media":0,"parent":22,"menu_order":0,"comment_status":"closed","ping_status":"closed","template":"","meta":{"_exactmetrics_skip_tracking":false,"_exactmetrics_sitenote_active":false,"_exactmetrics_sitenote_note":"","_exactmetrics_sitenote_category":0,"footnotes":"","_links_to":"","_links_to_target":""},"class_list":["post-178","page","type-page","status-publish","hentry"],"_links":{"self":[{"href":"https:\/\/www3.unicentro.br\/deali\/wp-json\/wp\/v2\/pages\/178","targetHints":{"allow":["GET"]}}],"collection":[{"href":"https:\/\/www3.unicentro.br\/deali\/wp-json\/wp\/v2\/pages"}],"about":[{"href":"https:\/\/www3.unicentro.br\/deali\/wp-json\/wp\/v2\/types\/page"}],"author":[{"embeddable":true,"href":"https:\/\/www3.unicentro.br\/deali\/wp-json\/wp\/v2\/users\/356"}],"replies":[{"embeddable":true,"href":"https:\/\/www3.unicentro.br\/deali\/wp-json\/wp\/v2\/comments?post=178"}],"version-history":[{"count":1,"href":"https:\/\/www3.unicentro.br\/deali\/wp-json\/wp\/v2\/pages\/178\/revisions"}],"predecessor-version":[{"id":260,"href":"https:\/\/www3.unicentro.br\/deali\/wp-json\/wp\/v2\/pages\/178\/revisions\/260"}],"up":[{"embeddable":true,"href":"https:\/\/www3.unicentro.br\/deali\/wp-json\/wp\/v2\/pages\/22"}],"wp:attachment":[{"href":"https:\/\/www3.unicentro.br\/deali\/wp-json\/wp\/v2\/media?parent=178"}],"curies":[{"name":"wp","href":"https:\/\/api.w.org\/{rel}","templated":true}]}}