{"id":18,"date":"2021-07-29T14:55:32","date_gmt":"2021-07-29T17:55:32","guid":{"rendered":"https:\/\/www3.unicentro.br\/deadmi\/reconhecimento-e-avaliacao\/"},"modified":"2026-04-10T15:10:06","modified_gmt":"2026-04-10T18:10:06","slug":"reconhecimento-e-avaliacao","status":"publish","type":"page","link":"https:\/\/www3.unicentro.br\/deadmi\/reconhecimento-e-avaliacao\/","title":{"rendered":"Reconhecimento e Avalia\u00e7\u00e3o"},"content":{"rendered":"<div class=\"wpb-content-wrapper\"><p>[vc_row][vc_column][vc_column_text css=&#8221;&#8221;]<\/p>\n<ul>\n<li><a href=\"https:\/\/www3.unicentro.br\/decicg\/wp-content\/uploads\/sites\/70\/2022\/03\/Decreto-N-85061-1980.pdf\">Decreto de autoriza\u00e7\u00e3o do Governo do Estado do Paran\u00e1 n.\u00ba 85.061\/1980. Di\u00e1rio Oficial n.\u00ba 25 de outubro de 1980<\/a><\/li>\n<li><a href=\"https:\/\/www.legislacao.pr.gov.br\/legislacao\/pesquisarAto.do?action=exibir&amp;codAto=55773&amp;indice=1&amp;totalRegistros=1&amp;dt=9.3.2026.20.27.25.529\">Decreto n.\u00ba 8202\/2010 &#8211; Di\u00e1rio Oficial PR &#8211; Renova\u00e7\u00e3o do reconhecimento do curso<\/a><\/li>\n<li><a href=\"https:\/\/www.legislacao.pr.gov.br\/legislacao\/pesquisarAto.do?action=exibir&amp;codAto=142889&amp;indice=1&amp;totalRegistros=2&amp;dt=9.3.2026.20.28.41.111\">Decreto n.\u00ba 9475\/2015 &#8211; Di\u00e1rio Oficial PR &#8211; Renova\u00e7\u00e3o do reconhecimento do curso<\/a><\/li>\n<li><a href=\"https:\/\/www.legislacao.pr.gov.br\/legislacao\/pesquisarAto.do?action=exibir&amp;codAto=254811&amp;indice=1&amp;totalRegistros=7&amp;dt=9.3.2026.20.29.27.155\">Decreto n.\u00ba 10664\/2020 &#8211; Di\u00e1rio Oficial PR &#8211; Renova\u00e7\u00e3o do reconhecimento do curso<\/a><\/li>\n<li><a href=\"https:\/\/www.legislacao.pr.gov.br\/legislacao\/pesquisarAto.do?action=exibir&amp;codAto=324407&amp;indice=1&amp;totalRegistros=8&amp;dt=9.3.2026.20.30.6.492\">Decreto n.\u00ba 11631\/2024 &#8211; Di\u00e1rio Oficial PR &#8211; Renova\u00e7\u00e3o do reconhecimento do curso<\/a><\/li>\n<\/ul>\n<p>[\/vc_column_text][\/vc_column][\/vc_row]<\/p>\n<\/div>","protected":false},"excerpt":{"rendered":"<p>[vc_row][vc_column][vc_column_text css=&#8221;&#8221;] Decreto de autoriza\u00e7\u00e3o do Governo do Estado do Paran\u00e1 n.\u00ba 85.061\/1980. Di\u00e1rio Oficial n.\u00ba 25 de outubro de 1980 Decreto n.\u00ba 8202\/2010 &#8211; Di\u00e1rio Oficial PR &#8211; Renova\u00e7\u00e3o do reconhecimento do curso Decreto n.\u00ba 9475\/2015 &#8211; Di\u00e1rio Oficial PR &#8211; Renova\u00e7\u00e3o do reconhecimento do curso Decreto n.\u00ba 10664\/2020 &#8211; Di\u00e1rio Oficial PR &#8211; [&hellip;]<\/p>\n","protected":false},"author":3,"featured_media":0,"parent":0,"menu_order":0,"comment_status":"closed","ping_status":"closed","template":"","meta":{"_exactmetrics_skip_tracking":false,"_exactmetrics_sitenote_active":false,"_exactmetrics_sitenote_note":"","_exactmetrics_sitenote_category":0,"footnotes":"","_links_to":"","_links_to_target":""},"class_list":["post-18","page","type-page","status-publish","hentry"],"_links":{"self":[{"href":"https:\/\/www3.unicentro.br\/deadmi\/wp-json\/wp\/v2\/pages\/18","targetHints":{"allow":["GET"]}}],"collection":[{"href":"https:\/\/www3.unicentro.br\/deadmi\/wp-json\/wp\/v2\/pages"}],"about":[{"href":"https:\/\/www3.unicentro.br\/deadmi\/wp-json\/wp\/v2\/types\/page"}],"author":[{"embeddable":true,"href":"https:\/\/www3.unicentro.br\/deadmi\/wp-json\/wp\/v2\/users\/3"}],"replies":[{"embeddable":true,"href":"https:\/\/www3.unicentro.br\/deadmi\/wp-json\/wp\/v2\/comments?post=18"}],"version-history":[{"count":4,"href":"https:\/\/www3.unicentro.br\/deadmi\/wp-json\/wp\/v2\/pages\/18\/revisions"}],"predecessor-version":[{"id":223,"href":"https:\/\/www3.unicentro.br\/deadmi\/wp-json\/wp\/v2\/pages\/18\/revisions\/223"}],"wp:attachment":[{"href":"https:\/\/www3.unicentro.br\/deadmi\/wp-json\/wp\/v2\/media?parent=18"}],"curies":[{"name":"wp","href":"https:\/\/api.w.org\/{rel}","templated":true}]}}