{"id":45,"date":"2017-05-17T16:17:31","date_gmt":"2017-05-17T19:17:31","guid":{"rendered":"https:\/\/www3.unicentro.br\/coorti\/?page_id=45"},"modified":"2025-04-29T09:43:05","modified_gmt":"2025-04-29T12:43:05","slug":"sistemas","status":"publish","type":"page","link":"https:\/\/www3.unicentro.br\/coorti\/sistemas\/","title":{"rendered":"Sistemas"},"content":{"rendered":"<div class=\"wpb-content-wrapper\"><p>[vc_row u_row_style=&#8221;0&#8243; u_row_paralax=&#8221;0&#8243; u_row_scheme=&#8221;0&#8243; css=&#8221;.vc_custom_1495050911263{border-bottom-width: 1px !important;border-bottom-color: #dbdbdb !important;border-bottom-style: dotted !important;}&#8221;][vc_column width=&#8221;1\/3&#8243;][vc_single_image image=&#8221;114&#8243; img_size=&#8221;full&#8221; alignment=&#8221;center&#8221; onclick=&#8221;custom_link&#8221; img_link_target=&#8221;_blank&#8221; css_animation=&#8221;right-to-left&#8221; link=&#8221;http:\/\/www.unicentro.br\/aonline&#8221;][\/vc_column][vc_column width=&#8221;2\/3&#8243;][vc_custom_heading text=&#8221;Lyceum &#8211; Sistema de Gest\u00e3o Acad\u00eamica&#8221; font_container=&#8221;tag:h2|font_size:20px|text_align:left|color:%23662000&#8243; google_fonts=&#8221;font_family:Ubuntu%3A300%2C300italic%2Cregular%2Citalic%2C500%2C500italic%2C700%2C700italic|font_style:500%20bold%20regular%3A500%3Anormal&#8221; css_animation=&#8221;left-to-right&#8221; css=&#8221;.vc_custom_1619460395532{padding-top: 15px !important;padding-right: 15px !important;padding-bottom: 15px !important;padding-left: 15px !important;background-color: #f4f4f4 !important;}&#8221; link=&#8221;url:http%3A%2F%2Fwiki.unicentro.br%2FLyceum|title:Informa%C3%A7%C3%B5es%20sobre%20o%20Lyceum|target:_blank&#8221;][vc_column_text css_animation=&#8221;left-to-right&#8221; css=&#8221;.vc_custom_1745930369414{margin-left: 20px !important;}&#8221;]Para visitar a plataforma do Aluno On-line, acesse: <span style=\"font-family: tahoma, arial, helvetica, sans-serif;\"><a style=\"text-decoration: underline;\" title=\"Site do Aluno On Line dos cursos de Gradua\u00e7\u00e3o.\" href=\"https:\/\/www3.unicentro.br\/coorti\/aonline\" rel=\"noopener noreferrer\">Aluno On Line<\/a><\/span>.<\/p>\n<p>Para visitar a plataforma do Docente On-line &#8211; Gradua\u00e7\u00e3o, acesse: <span style=\"font-family: tahoma, arial, helvetica, sans-serif;\"><a style=\"text-decoration: underline;\" title=\"Site do Docente On Line dos cursos de Gradua\u00e7\u00e3o.\" href=\"http:\/\/unicentro.br\/donline\" target=\"_blank\" rel=\"noopener noreferrer\">Docente On line \u2013 Gradua\u00e7\u00e3o<\/a><\/span>.[\/vc_column_text][\/vc_column][\/vc_row][vc_row u_row_style=&#8221;0&#8243; u_row_paralax=&#8221;0&#8243; u_row_scheme=&#8221;0&#8243; css=&#8221;.vc_custom_1495050883644{border-bottom-width: 1px !important;border-bottom-color: #dbdbdb !important;border-bottom-style: dotted !important;}&#8221;][vc_column width=&#8221;1\/3&#8243;][vc_single_image image=&#8221;77&#8243; img_size=&#8221;full&#8221; alignment=&#8221;center&#8221; onclick=&#8221;custom_link&#8221; img_link_target=&#8221;_blank&#8221; css_animation=&#8221;right-to-left&#8221; link=&#8221;http:\/\/evento.unicentro.br&#8221;][\/vc_column][vc_column width=&#8221;2\/3&#8243;][vc_custom_heading text=&#8221;Sistema de Gest\u00e3o de Eventos &#8211; SGE&#8221; font_container=&#8221;tag:h2|font_size:20px|text_align:left|color:%23662000&#8243; google_fonts=&#8221;font_family:Ubuntu%3A300%2C300italic%2Cregular%2Citalic%2C500%2C500italic%2C700%2C700italic|font_style:500%20bold%20regular%3A500%3Anormal&#8221; css_animation=&#8221;left-to-right&#8221; css=&#8221;.vc_custom_1496412294248{padding-top: 15px !important;padding-right: 15px !important;padding-bottom: 15px !important;padding-left: 15px !important;background-color: #f4f4f4 !important;}&#8221; link=&#8221;url:http%3A%2F%2Fevento.unicentro.br|||&#8221;][vc_column_text css_animation=&#8221;left-to-right&#8221; css=&#8221;.vc_custom_1508280028216{margin-left: 20px !important;}&#8221;]Sistema de Gest\u00e3o de Eventos<\/p>\n<p>Para cria\u00e7\u00e3o de site para o seu evento, siga as orienta\u00e7\u00f5es no endere\u00e7o:<br \/>\n<a href=\"https:\/\/evento.unicentro.br\/wikis\/view\/gestores\" target=\"_blank\" rel=\"noopener\">https:\/\/evento.unicentro.br\/wikis\/view\/gestores<\/a><\/p>\n<p>Para consultar eventos hospedados, clique <strong><a href=\"http:\/\/evento.unicentro.br\/eventos\/hosted\" target=\"_blank\" rel=\"noopener noreferrer\">aqui<\/a><\/strong>.<\/p>\n<p><a href=\"https:\/\/www3.unicentro.br\/coorti\/perguntas-frequentes-sge\" target=\"_blank\" rel=\"noopener noreferrer\">D\u00favidas frequentes<\/a>[\/vc_column_text][\/vc_column][\/vc_row][vc_row u_row_style=&#8221;0&#8243; u_row_paralax=&#8221;0&#8243; u_row_scheme=&#8221;0&#8243; css=&#8221;.vc_custom_1495050883644{border-bottom-width: 1px !important;border-bottom-color: #dbdbdb !important;border-bottom-style: dotted !important;}&#8221;][vc_column width=&#8221;1\/3&#8243;][vc_single_image image=&#8221;60&#8243; img_size=&#8221;full&#8221; alignment=&#8221;center&#8221; onclick=&#8221;custom_link&#8221; img_link_target=&#8221;_blank&#8221; css_animation=&#8221;right-to-left&#8221; link=&#8221;http:\/\/sguweb.unicentro.br&#8221;][\/vc_column][vc_column width=&#8221;2\/3&#8243;][vc_custom_heading text=&#8221;Sistema de Gest\u00e3o Universit\u00e1ria &#8211; SGU&#8221; font_container=&#8221;tag:h2|font_size:20px|text_align:left|color:%23662000&#8243; google_fonts=&#8221;font_family:Ubuntu%3A300%2C300italic%2Cregular%2Citalic%2C500%2C500italic%2C700%2C700italic|font_style:500%20bold%20regular%3A500%3Anormal&#8221; css_animation=&#8221;left-to-right&#8221; css=&#8221;.vc_custom_1662033580244{padding-top: 15px !important;padding-right: 15px !important;padding-bottom: 15px !important;padding-left: 15px !important;background-color: #f4f4f4 !important;}&#8221; link=&#8221;url:https%3A%2F%2Fsguweb.unicentro.br%2Fusuarios%2Flogin|target:_blank&#8221;][vc_column_text css_animation=&#8221;left-to-right&#8221; css=&#8221;.vc_custom_1745930542949{margin-left: 20px !important;}&#8221;]<strong>Servi\u00e7os mais procurados<\/strong><\/p>\n<p><a href=\"https:\/\/sgu.unicentro.br\/pcprocessos\/protocolo-tramite\" target=\"_blank\" rel=\"noopener noreferrer\">Pesquisa&nbsp;de tr\u00e2mite de documentos<\/a><\/p>\n<p><a href=\"https:\/\/sgu.unicentro.br\/pcatooficiais\/listAtos\" target=\"_blank\" rel=\"noopener noreferrer\">Pesquisa de atos oficiais<\/a><\/p>\n<p><a href=\"https:\/\/sguweb.unicentro.br\/pesquisacertificados\/\" target=\"_blank\" rel=\"noopener noreferrer\">Pesquisa de certificados<\/a><\/p>\n<p><a href=\"https:\/\/sguweb.unicentro.br\/usuarios\/pesquisaramais\/\" target=\"_blank\" rel=\"noopener noreferrer\">Pesquisa de ramais<\/a><\/p>\n<p><strong>Outros servi\u00e7os:&nbsp;<\/strong><a href=\"https:\/\/sguweb.unicentro.br\/servicowebs\/lista\" target=\"_blank\" rel=\"noopener noreferrer\">https:\/\/sguweb.unicentro.br\/servicowebs\/lista<\/a>[\/vc_column_text][\/vc_column][\/vc_row][vc_row u_row_style=&#8221;0&#8243; u_row_paralax=&#8221;0&#8243; u_row_scheme=&#8221;0&#8243; css=&#8221;.vc_custom_1495050883644{border-bottom-width: 1px !important;border-bottom-color: #dbdbdb !important;border-bottom-style: dotted !important;}&#8221;][vc_column width=&#8221;1\/3&#8243;][vc_single_image image=&#8221;78&#8243; img_size=&#8221;full&#8221; alignment=&#8221;center&#8221; onclick=&#8221;custom_link&#8221; img_link_target=&#8221;_blank&#8221; css_animation=&#8221;right-to-left&#8221; link=&#8221;http:\/\/moodle.unicentro.br&#8221;][\/vc_column][vc_column width=&#8221;2\/3&#8243;][vc_custom_heading text=&#8221;Moodle&#8221; font_container=&#8221;tag:h2|font_size:20px|text_align:left|color:%23662000&#8243; google_fonts=&#8221;font_family:Ubuntu%3A300%2C300italic%2Cregular%2Citalic%2C500%2C500italic%2C700%2C700italic|font_style:500%20bold%20regular%3A500%3Anormal&#8221; css_animation=&#8221;left-to-right&#8221; css=&#8221;.vc_custom_1745930516260{padding-top: 15px !important;padding-right: 15px !important;padding-bottom: 15px !important;padding-left: 15px !important;background-color: #f4f4f4 !important;}&#8221; link=&#8221;url:https%3A%2F%2Fmoodle.unicentro.br%2Flogin%2Findex.php|target:_blank&#8221;][vc_column_text css_animation=&#8221;left-to-right&#8221; css=&#8221;.vc_custom_1745930490268{margin-left: 20px !important;}&#8221;]<strong>Ambiente Virtual de Aprendizagem<\/strong><\/p>\n<p><a href=\"https:\/\/moodle.unicentro.br\/login\/index.php\">Login<\/a>&nbsp;para cursos presenciais.<\/p>\n<p>Acesse com as mesmas credenciais do Lyceum.[\/vc_column_text][\/vc_column][\/vc_row]<\/p>\n<\/div>","protected":false},"excerpt":{"rendered":"<p>[vc_row u_row_style=&#8221;0&#8243; u_row_paralax=&#8221;0&#8243; u_row_scheme=&#8221;0&#8243; css=&#8221;.vc_custom_1495050911263{border-bottom-width: 1px !important;border-bottom-color: #dbdbdb !important;border-bottom-style: dotted !important;}&#8221;][vc_column width=&#8221;1\/3&#8243;][vc_single_image image=&#8221;114&#8243; img_size=&#8221;full&#8221; alignment=&#8221;center&#8221; onclick=&#8221;custom_link&#8221; img_link_target=&#8221;_blank&#8221; css_animation=&#8221;right-to-left&#8221; link=&#8221;http:\/\/www.unicentro.br\/aonline&#8221;][\/vc_column][vc_column width=&#8221;2\/3&#8243;][vc_custom_heading text=&#8221;Lyceum &#8211; Sistema de Gest\u00e3o Acad\u00eamica&#8221; font_container=&#8221;tag:h2|font_size:20px|text_align:left|color:%23662000&#8243; google_fonts=&#8221;font_family:Ubuntu%3A300%2C300italic%2Cregular%2Citalic%2C500%2C500italic%2C700%2C700italic|font_style:500%20bold%20regular%3A500%3Anormal&#8221; css_animation=&#8221;left-to-right&#8221; css=&#8221;.vc_custom_1619460395532{padding-top: 15px !important;padding-right: 15px !important;padding-bottom: 15px !important;padding-left: 15px !important;background-color: #f4f4f4 !important;}&#8221; link=&#8221;url:http%3A%2F%2Fwiki.unicentro.br%2FLyceum|title:Informa%C3%A7%C3%B5es%20sobre%20o%20Lyceum|target:_blank&#8221;][vc_column_text css_animation=&#8221;left-to-right&#8221; css=&#8221;.vc_custom_1745930369414{margin-left: 20px !important;}&#8221;]Para visitar a plataforma do Aluno On-line, acesse: Aluno On Line. [&hellip;]<\/p>\n","protected":false},"author":3,"featured_media":0,"parent":0,"menu_order":0,"comment_status":"closed","ping_status":"closed","template":"","meta":{"_exactmetrics_skip_tracking":false,"_exactmetrics_sitenote_active":false,"_exactmetrics_sitenote_note":"","_exactmetrics_sitenote_category":0,"footnotes":"","_links_to":"","_links_to_target":""},"class_list":["post-45","page","type-page","status-publish","hentry"],"_links":{"self":[{"href":"https:\/\/www3.unicentro.br\/coorti\/wp-json\/wp\/v2\/pages\/45","targetHints":{"allow":["GET"]}}],"collection":[{"href":"https:\/\/www3.unicentro.br\/coorti\/wp-json\/wp\/v2\/pages"}],"about":[{"href":"https:\/\/www3.unicentro.br\/coorti\/wp-json\/wp\/v2\/types\/page"}],"author":[{"embeddable":true,"href":"https:\/\/www3.unicentro.br\/coorti\/wp-json\/wp\/v2\/users\/3"}],"replies":[{"embeddable":true,"href":"https:\/\/www3.unicentro.br\/coorti\/wp-json\/wp\/v2\/comments?post=45"}],"version-history":[{"count":1,"href":"https:\/\/www3.unicentro.br\/coorti\/wp-json\/wp\/v2\/pages\/45\/revisions"}],"predecessor-version":[{"id":2630,"href":"https:\/\/www3.unicentro.br\/coorti\/wp-json\/wp\/v2\/pages\/45\/revisions\/2630"}],"wp:attachment":[{"href":"https:\/\/www3.unicentro.br\/coorti\/wp-json\/wp\/v2\/media?parent=45"}],"curies":[{"name":"wp","href":"https:\/\/api.w.org\/{rel}","templated":true}]}}