{"id":266,"date":"2017-10-03T08:52:43","date_gmt":"2017-10-03T11:52:43","guid":{"rendered":"https:\/\/www3.unicentro.br\/coorti\/?page_id=266"},"modified":"2025-04-29T08:37:12","modified_gmt":"2025-04-29T11:37:12","slug":"outsourcing-de-impressao","status":"publish","type":"page","link":"https:\/\/www3.unicentro.br\/coorti\/outsourcing-de-impressao\/","title":{"rendered":"Outsourcing de impress\u00e3o"},"content":{"rendered":"<div class=\"wpb-content-wrapper\"><p>[vc_row][vc_column][vc_column_text css=&#8221;&#8221;]<span style=\"font-size: 18pt;\"><strong>Procedimentos de conex\u00e3o da impressora do seu setor<\/strong><\/span><\/p>\n<ol>\n<li><span style=\"font-size: 14pt;\">Clique em Iniciar &gt; Executar ou pressione as teclas Windows&nbsp;+ R no seu teclado.<\/span><\/li>\n<li><span style=\"font-size: 14pt;\">De acordo com o seu campus, digite ou copie o endere\u00e7o do servidor de impress\u00e3o como mostrado a seguir:<\/span><br \/>\n<span style=\"font-size: 14pt;\"><span style=\"font-size: 14pt;\">Cedeteg:<\/span><\/span><\/p>\n<pre>\\\\cdt-printers-01\\<\/pre>\n<p>&nbsp;<\/p>\n<p><span style=\"font-size: 14pt;\"><span style=\"font-size: 14pt;\">Irati:<\/span><\/span><\/p>\n<pre>\\\\ipn-printers-01\\<\/pre>\n<p>&nbsp;<\/p>\n<p><span style=\"font-size: 14pt;\"><span style=\"font-size: 14pt;\">Santa Cruz:<\/span><\/span><\/p>\n<pre>\\\\gpb-printers-01\\\n\n<\/pre>\n<\/li>\n<li><span style=\"font-size: 14pt;\">Na tela seguinte, localize a impressora do setor (SIGLADOSETOR. Ex.: COORTI, COORCAP, COORCAP_2), clique com o bot\u00e3o direito e selecione &#8220;Conectar&#8230;&#8221; ou simplesmente duplo clique sobre o nome da impressora.<\/span><\/li>\n<li><span style=\"font-size: 14pt;\">Ap\u00f3s alguns instantes, uma nova janela ser\u00e1 exibida. Clique no menu Impressora e em Definir como padr\u00e3o. Caso n\u00e3o apare\u00e7a, acesse Dispositivos e impressoras, localize a impressora rec\u00e9m conectada, clique com o bot\u00e3o direito do mouse sobre a impressora e selecione &#8220;Definir como padr\u00e3o&#8221;.<\/span><br \/>\n<span style=\"font-size: 14pt;\"><strong><br \/>\nObserva\u00e7\u00e3o<\/strong>: a fim de evitar d\u00favidas, recomendamos remover as conex\u00f5es de impressoras que n\u00e3o esteja utilizando. Para isso, clique com o bot\u00e3o direito no dispositivo que deseja remover e selecione &#8220;Remover dispositivo&#8221;.<\/span><\/li>\n<\/ol>\n<p><span style=\"font-size: 14pt;\">Se tiver d\u00favidas ou n\u00e3o conseguir realizar o procedimento, abra uma ordem de servi\u00e7o via SGUWeb (http:\/\/sguweb.unicentro.br)<\/span><\/p>\n<p>&nbsp;<\/p>\n<p><span style=\"font-size: 18pt;\"><strong>Configura\u00e7\u00f5es para notebook<\/strong><\/span><\/p>\n<p><span style=\"font-size: 14pt;\">Em caso de configura\u00e7\u00e3o de impressora em m\u00e1quinas fora do dom\u00ednio Unicentro (Ex.: Notebooks), ser\u00e1 necess\u00e1rio autenticar na rede antes de entrar na fila de impress\u00e3o<\/span><span style=\"font-size: 14pt;\">, para isso, siga os passos abaixo.<\/span><\/p>\n<ol>\n<li><span style=\"font-size: 14pt;\">Clique em Iniciar &gt; Executar ou pressione &nbsp;<img loading=\"lazy\" decoding=\"async\" class=\"\" src=\"https:\/\/image.freepik.com\/icones-gratis\/logotipo-do-sistema-operacional-windows_318-40306.jpg\" alt=\"Resultado de imagem para simbolo windows\" width=\"16\" height=\"16\">&nbsp;+ R no seu teclado.<\/span><\/li>\n<li><span style=\"font-size: 14pt;\">De acordo com seu campus, digite o endere\u00e7o do servidor e o nome do setor. Ex.:<\/span><br \/>\n<img loading=\"lazy\" decoding=\"async\" class=\"\" src=\"https:\/\/www3.unicentro.br\/coorti\/wp-content\/uploads\/sites\/15\/2023\/08\/Coorti_printers.png\" width=\"296\" height=\"154\"><\/li>\n<li><span style=\"font-size: 14pt;\">Uma tela de autentica\u00e7\u00e3o vai surgir, troque &#8220;nomeDoUsuario&#8221; pelo seu usu\u00e1rio de rede, e a senha pela sua senha de rede, lembre-se de marcar a op\u00e7\u00e3o &#8220;Lembrar minhas credenciais&#8221; e clique em &#8220;Ok&#8221;. Ex.:<\/span><br \/>\n<img loading=\"lazy\" decoding=\"async\" class=\"alignnone\" src=\"https:\/\/www3.unicentro.br\/coorti\/wp-content\/uploads\/sites\/15\/2023\/08\/Autenticar_impressao.png\" width=\"354\" height=\"292\"><\/li>\n<li><span style=\"font-size: 14pt;\"><span style=\"font-size: 14pt;\">&nbsp;Caso a instala\u00e7\u00e3o tenha sido efetuada corretamente, uma janela com a fila de impress\u00e3o vai aparecer. Ex.:<br \/>\n<img loading=\"lazy\" decoding=\"async\" class=\"\" src=\"https:\/\/www3.unicentro.br\/coorti\/wp-content\/uploads\/sites\/15\/2023\/08\/Sucesso_instalacao_impressora.jpeg\" width=\"384\" height=\"168\"><\/span><\/span><\/li>\n<\/ol>\n<p>&nbsp;<\/p>\n<p><span style=\"font-size: 18pt;\"><strong>Procedimentos para configura\u00e7\u00e3o de e-mail na impressora<\/strong><\/span><\/p>\n<ol>\n<li><span style=\"font-size: 14pt;\">Na tela da impressora, procure por <strong>&#8220;Cat\u00e1logo&#8221;<\/strong>.<\/span><\/li>\n<li><span style=\"font-size: 14pt;\">Uma aba de cat\u00e1logo vai abrir, clique em <strong>&#8220;Registrar Dest.&#8221;<\/strong>.<\/span><\/li>\n<li><span style=\"font-size: 14pt;\">Em &#8220;Tipo de destino&#8221;, selecione <strong>&#8220;E-mail&#8221;<\/strong><em>.<\/em><\/span><\/li>\n<li><span style=\"font-size: 14pt;\">Insira o nome e o endere\u00e7o de e-mail nos campos vazios indicados pela impressora. Ap\u00f3s isso, clique em <strong>&#8220;Aplicar&#8221;.<\/strong><\/span><\/li>\n<\/ol>\n<p>&nbsp;<\/p>\n<p>&nbsp;<\/p>\n<p>&nbsp;<\/p>\n<p>&nbsp;[\/vc_column_text][\/vc_column][\/vc_row]<\/p>\n<\/div>","protected":false},"excerpt":{"rendered":"<p>[vc_row][vc_column][vc_column_text css=&#8221;&#8221;]Procedimentos de conex\u00e3o da impressora do seu setor Clique em Iniciar &gt; Executar ou pressione as teclas Windows&nbsp;+ R no seu teclado. De acordo com o seu campus, digite ou copie o endere\u00e7o do servidor de impress\u00e3o como mostrado a seguir: Cedeteg: \\\\cdt-printers-01\\ &nbsp; Irati: \\\\ipn-printers-01\\ &nbsp; Santa Cruz: \\\\gpb-printers-01\\ Na tela seguinte, localize [&hellip;]<\/p>\n","protected":false},"author":25,"featured_media":0,"parent":0,"menu_order":0,"comment_status":"closed","ping_status":"closed","template":"","meta":{"_exactmetrics_skip_tracking":false,"_exactmetrics_sitenote_active":false,"_exactmetrics_sitenote_note":"","_exactmetrics_sitenote_category":0,"footnotes":"","_links_to":"","_links_to_target":""},"class_list":["post-266","page","type-page","status-publish","hentry"],"_links":{"self":[{"href":"https:\/\/www3.unicentro.br\/coorti\/wp-json\/wp\/v2\/pages\/266","targetHints":{"allow":["GET"]}}],"collection":[{"href":"https:\/\/www3.unicentro.br\/coorti\/wp-json\/wp\/v2\/pages"}],"about":[{"href":"https:\/\/www3.unicentro.br\/coorti\/wp-json\/wp\/v2\/types\/page"}],"author":[{"embeddable":true,"href":"https:\/\/www3.unicentro.br\/coorti\/wp-json\/wp\/v2\/users\/25"}],"replies":[{"embeddable":true,"href":"https:\/\/www3.unicentro.br\/coorti\/wp-json\/wp\/v2\/comments?post=266"}],"version-history":[{"count":2,"href":"https:\/\/www3.unicentro.br\/coorti\/wp-json\/wp\/v2\/pages\/266\/revisions"}],"predecessor-version":[{"id":2604,"href":"https:\/\/www3.unicentro.br\/coorti\/wp-json\/wp\/v2\/pages\/266\/revisions\/2604"}],"wp:attachment":[{"href":"https:\/\/www3.unicentro.br\/coorti\/wp-json\/wp\/v2\/media?parent=266"}],"curies":[{"name":"wp","href":"https:\/\/api.w.org\/{rel}","templated":true}]}}