{"id":1304,"date":"2022-08-25T11:28:59","date_gmt":"2022-08-25T14:28:59","guid":{"rendered":"https:\/\/www3.unicentro.br\/coorti\/?page_id=1304"},"modified":"2022-08-30T10:37:29","modified_gmt":"2022-08-30T13:37:29","slug":"configuracao-no-windows-10","status":"publish","type":"page","link":"https:\/\/www3.unicentro.br\/coorti\/configuracao-no-windows-10\/","title":{"rendered":"Configura\u00e7\u00e3o de Rede no Windows 10"},"content":{"rendered":"<h2>Configura\u00e7\u00e3o de rede sem fio no Windows 10<\/h2>\n<hr \/>\n<ol>\n<h4>\n<li style=\"color:#666666\">Clicar no \u00edcone <strong>Wireless<\/strong> e escolher a rede desejada:<\/li>\n<\/h4>\n<p style=\"background-color: lightgray;padding:10px;border:1px solid gray\"><strong style=\"font-style:italic\">wifiUnicentro<\/strong> para servidores da institui\u00e7\u00e3o;<\/p>\n<p style=\"background-color: lightgray;padding:10px;border:1px solid gray\"><strong style=\"font-style:italic\">academicosUnicentro<\/strong> para acad\u00eamicos da institui\u00e7\u00e3o;<\/p>\n<p style=\"background-color: lightgray;padding:10px;border:1px solid gray\"><strong style=\"font-style:italic\">eventosUnicentro<\/strong> para participantes de algum evento na institui\u00e7\u00e3o.<\/p>\n<p>    <img loading=\"lazy\" decoding=\"async\" src=\"https:\/\/www3.unicentro.br\/coorti\/wp-content\/uploads\/sites\/15\/2022\/08\/lista_de_redes.jpg\" alt=\"\" width=\"250\" height=\"350\" class=\"alignnone size-full wp-image-1326\" \/><br \/>\n    &nbsp;<\/p>\n<hr \/>\n<h4>\n<li style=\"color:#666666\">Clicar em conectar.<\/li>\n<\/h4>\n<p>    <img loading=\"lazy\" decoding=\"async\" src=\"https:\/\/www3.unicentro.br\/coorti\/wp-content\/uploads\/sites\/15\/2022\/08\/conectando-a-redes.jpg\" alt=\"\" width=\"379\" height=\"271\" class=\"alignnone size-full wp-image-1341\" srcset=\"https:\/\/www3.unicentro.br\/coorti\/wp-content\/uploads\/sites\/15\/2022\/08\/conectando-a-redes.jpg 379w, https:\/\/www3.unicentro.br\/coorti\/wp-content\/uploads\/sites\/15\/2022\/08\/conectando-a-redes-300x215.jpg 300w, https:\/\/www3.unicentro.br\/coorti\/wp-content\/uploads\/sites\/15\/2022\/08\/conectando-a-redes-255x182.jpg 255w\" sizes=\"auto, (max-width: 379px) 100vw, 379px\" \/><br \/>\n    &nbsp;<\/p>\n<hr \/>\n<h4>\n<li style=\"color: #666666;text-align:justify;line-height:22px\">Os <strong>servidores da Unicentro<\/strong> (agentes universit\u00e1rios, docentes, estagi\u00e1rios) devem utilizar o <strong>mesmo login e senha<\/strong> que utilizam para se autenticar na rede cabeada. Os <strong>acad\u00eamicos<\/strong> devem utilizar o <strong>n\u00famero do RA para o campo identidade e a senha do <\/strong><a href=\"\" style=\"text-decoration:underline\">Aluno Online<\/a>. <strong>Participantes de eventos<\/strong> devem inserir o <strong>login e senha<\/strong> fornecidos pelo <a href=\"https:\/\/evento.unicentro.br\/login\" style=\"text-decoration:underline\"> SGE &#8211; Sistema de Gest\u00e3o de Eventos<\/a>, ap\u00f3s efetuada a inscri\u00e7\u00e3o.<\/li>\n<\/h4>\n<p>    <img loading=\"lazy\" decoding=\"async\" src=\"https:\/\/www3.unicentro.br\/coorti\/wp-content\/uploads\/sites\/15\/2022\/08\/utilizando_userpass.jpg\" alt=\"\" width=\"500\" height=\"150\" class=\"alignnone size-full wp-image-1342\" \/><br \/>\n    &nbsp;<\/p>\n<hr \/>\n<h4>\n<li style=\"color:#666666\">Clicar em conectar novamente.<\/li>\n<\/h4>\n<p>    <img loading=\"lazy\" decoding=\"async\" src=\"https:\/\/www3.unicentro.br\/coorti\/wp-content\/uploads\/sites\/15\/2022\/08\/confir_conec.jpg\" alt=\"\" width=\"500\" height=\"150\" class=\"alignnone size-full wp-image-1343\" \/><br \/>\n    &nbsp;<\/p>\n<hr \/>\n<h4>\n<li style=\"color:#666666\">Se tudo foi digitado corretamente, a rede estar\u00e1 conectada.<\/li>\n<\/h4>\n<p>    <img loading=\"lazy\" decoding=\"async\" src=\"https:\/\/www3.unicentro.br\/coorti\/wp-content\/uploads\/sites\/15\/2022\/08\/conectado.jpg\" alt=\"\" width=\"250\" height=\"350\" class=\"alignnone size-full wp-image-1344\" \/><br \/>\n    &nbsp;<\/p>\n<hr \/>\n<h4>\n<li style=\"color:#666666\">Caso seja solicitada uma autentica\u00e7\u00e3o adicional de acordo com a imagem abaixo, basta<br \/>\n            inserir novamente as mesmas informa\u00e7\u00f5es nos campos usu\u00e1rio e senha e clicar em Continue.<\/li>\n<\/h4>\n<p>    <img loading=\"lazy\" decoding=\"async\" src=\"https:\/\/www3.unicentro.br\/coorti\/wp-content\/uploads\/sites\/15\/2022\/08\/autenticacao_rede.png\" alt=\"\" width=\"243\" height=\"318\" class=\"alignnone size-full wp-image-1345\" srcset=\"https:\/\/www3.unicentro.br\/coorti\/wp-content\/uploads\/sites\/15\/2022\/08\/autenticacao_rede.png 486w, https:\/\/www3.unicentro.br\/coorti\/wp-content\/uploads\/sites\/15\/2022\/08\/autenticacao_rede-230x300.png 230w, https:\/\/www3.unicentro.br\/coorti\/wp-content\/uploads\/sites\/15\/2022\/08\/autenticacao_rede-255x333.png 255w\" sizes=\"auto, (max-width: 243px) 100vw, 243px\" \/><br \/>\n    &nbsp;<\/p>\n<\/ol>\n<hr \/>\n<p>&nbsp;<\/p>\n<h2 style=\"margin-left: 422px\"><a style=\"color:gray;background-color:lightgray;border:1px solid gray;padding:10px\" href=\"https:\/\/www3.unicentro.br\/coorti\/rede-sem-fio\/\">Voltar para Rede sem Fio<\/a><\/h2>\n","protected":false},"excerpt":{"rendered":"<p>Configura\u00e7\u00e3o de rede sem fio no Windows 10 Clicar no \u00edcone Wireless e escolher a rede desejada: wifiUnicentro para servidores da institui\u00e7\u00e3o; academicosUnicentro para acad\u00eamicos da institui\u00e7\u00e3o; eventosUnicentro para participantes de algum evento na institui\u00e7\u00e3o. &nbsp; Clicar em conectar. &nbsp; Os servidores da Unicentro (agentes universit\u00e1rios, docentes, estagi\u00e1rios) devem utilizar o mesmo login e senha [&hellip;]<\/p>\n","protected":false},"author":552,"featured_media":0,"parent":0,"menu_order":0,"comment_status":"closed","ping_status":"closed","template":"","meta":{"_exactmetrics_skip_tracking":false,"_exactmetrics_sitenote_active":false,"_exactmetrics_sitenote_note":"","_exactmetrics_sitenote_category":0,"footnotes":"","_links_to":"","_links_to_target":""},"class_list":["post-1304","page","type-page","status-publish","hentry"],"_links":{"self":[{"href":"https:\/\/www3.unicentro.br\/coorti\/wp-json\/wp\/v2\/pages\/1304","targetHints":{"allow":["GET"]}}],"collection":[{"href":"https:\/\/www3.unicentro.br\/coorti\/wp-json\/wp\/v2\/pages"}],"about":[{"href":"https:\/\/www3.unicentro.br\/coorti\/wp-json\/wp\/v2\/types\/page"}],"author":[{"embeddable":true,"href":"https:\/\/www3.unicentro.br\/coorti\/wp-json\/wp\/v2\/users\/552"}],"replies":[{"embeddable":true,"href":"https:\/\/www3.unicentro.br\/coorti\/wp-json\/wp\/v2\/comments?post=1304"}],"version-history":[{"count":0,"href":"https:\/\/www3.unicentro.br\/coorti\/wp-json\/wp\/v2\/pages\/1304\/revisions"}],"wp:attachment":[{"href":"https:\/\/www3.unicentro.br\/coorti\/wp-json\/wp\/v2\/media?parent=1304"}],"curies":[{"name":"wp","href":"https:\/\/api.w.org\/{rel}","templated":true}]}}