{"id":86,"date":"2019-08-21T13:43:08","date_gmt":"2019-08-21T16:43:08","guid":{"rendered":"https:\/\/www3.unicentro.br\/comep\/?page_id=86"},"modified":"2026-02-23T15:35:52","modified_gmt":"2026-02-23T18:35:52","slug":"calendario","status":"publish","type":"page","link":"https:\/\/www3.unicentro.br\/comep\/irati\/calendario\/","title":{"rendered":"Calend\u00e1rio"},"content":{"rendered":"<div class=\"wpb-content-wrapper\"><p>[vc_row][vc_column][vc_column_text css=&#8221;&#8221;]<\/p>\n<p style=\"text-align: center\"><strong>CALEND\u00c1RIO DE REUNI\u00d5ES ORDIN\u00c1RIAS DO<\/strong><br \/>\n<strong><a href=\"http:\/\/api.whatsapp.com\/send?phone=5504234213015\">Comit\u00ea de \u00c9tica em Pesquisa do Campus de Irati<\/a>\/UNICENTRO \u2013 2025<\/strong><\/p>\n<p>As Reuni\u00f5es Ordin\u00e1rias do CEP 8967 ocorrem na \u00faltima segunda-feira de cada m\u00eas.<\/p>\n<p>* Os projetos devem ser encaminhados ao CEP, via <a href=\"https:\/\/plataformabrasil.saude.gov.br\/login.jsf\">Plataforma Brasil<\/a> e ser\u00e3o analisados de acordo com as datas estabelecidas no calend\u00e1rio (maiores informa\u00e7\u00f5es sobre postagem acesse <a href=\"https:\/\/conselho.saude.gov.br\/images\/comissoes\/conep\/documentos\/PB\/MANUAL_PESQUISADOR.pdf\">Manual do Pesquisador<\/a>)<\/p>\n<table style=\"border-collapse: collapse;width: 99.7825%;height: 383px\">\n<tbody>\n<tr style=\"height: 24px\">\n<td style=\"width: 50.4965%;height: 24px\"><strong>Per\u00edodo de Postagem<\/strong><\/td>\n<td style=\"width: 49.5035%;height: 24px\"><strong>Data da reuni\u00e3o<\/strong><\/td>\n<td style=\"width: 0.507614%;height: 24px\"><\/td>\n<\/tr>\n<tr style=\"height: 24px\">\n<td style=\"width: 50.4965%;height: 24px\">07\/02\/2026 a 13\/03\/2026<\/td>\n<td style=\"width: 49.5035%;height: 24px;text-align: left\"><strong>23\/03\/2026<\/strong><\/td>\n<td style=\"width: 0.507614%;height: 24px\"><\/td>\n<\/tr>\n<tr style=\"height: 24px\">\n<td style=\"width: 50.4965%;height: 24px\">14\/03\/2026 a 20\/04\/2026<\/td>\n<td style=\"width: 49.5035%;height: 24px;text-align: left\">27\/04\/2026<\/td>\n<td style=\"width: 0.507614%;height: 24px\"><\/td>\n<\/tr>\n<tr style=\"height: 24px\">\n<td style=\"width: 50.4965%;height: 24px\">21\/04\/2026 a 18\/05\/2026<\/td>\n<td style=\"width: 49.5035%;height: 24px;text-align: left\">25\/05\/2026<\/td>\n<td style=\"width: 0.507614%;height: 24px\"><\/td>\n<\/tr>\n<tr style=\"height: 24px\">\n<td style=\"width: 50.4965%;height: 24px\">19\/05\/2026 a 14\/06\/2026<\/td>\n<td style=\"width: 49.5035%;height: 24px;text-align: left\">22\/06\/2026<\/td>\n<td style=\"width: 0.507614%;height: 24px\"><\/td>\n<\/tr>\n<tr style=\"height: 24px\">\n<td style=\"width: 50.4965%;height: 24px\">15\/06\/2025 a 30\/06\/2025<\/td>\n<td style=\"width: 49.5035%;height: 24px;text-align: left\">06\/07\/2026<\/td>\n<td style=\"width: 0.507614%;height: 24px\"><\/td>\n<\/tr>\n<tr style=\"height: 24px\">\n<td style=\"width: 50.4965%;height: 24px\"><\/td>\n<td style=\"width: 49.5035%;height: 24px;text-align: left\"><\/td>\n<td style=\"width: 0.507614%;height: 24px\"><\/td>\n<\/tr>\n<tr style=\"height: 24px\">\n<td style=\"width: 50.4965%;height: 24px\"><\/td>\n<td style=\"width: 49.5035%;height: 24px;text-align: left\"><\/td>\n<td style=\"width: 0.507614%;height: 24px\"><\/td>\n<\/tr>\n<tr style=\"height: 24px\">\n<td style=\"width: 50.4965%;height: 23px\"><\/td>\n<td style=\"width: 49.5035%;height: 23px;text-align: left\"><\/td>\n<td style=\"width: 0.507614%;height: 23px\"><\/td>\n<\/tr>\n<tr style=\"height: 24px\">\n<td style=\"width: 50.4965%;height: 24px\"><\/td>\n<td style=\"width: 49.5035%;height: 24px;text-align: left\"><\/td>\n<td style=\"width: 0.507614%;height: 24px\"><\/td>\n<\/tr>\n<tr style=\"height: 24px\">\n<td style=\"width: 50.4965%;height: 24px\"><\/td>\n<td style=\"width: 49.5035%;height: 24px;text-align: left\"><\/td>\n<td style=\"width: 0.507614%;height: 24px\"><\/td>\n<\/tr>\n<tr style=\"height: 24px\">\n<td style=\"width: 50.4965%;height: 24px\"><\/td>\n<td style=\"width: 49.5035%;height: 24px;text-align: left\"><\/td>\n<td style=\"width: 0.507614%;height: 24px\"><\/td>\n<\/tr>\n<tr style=\"height: 24px\">\n<td style=\"width: 50.4965%;height: 24px\"><\/td>\n<td style=\"width: 49.5035%;text-align: left;height: 24px\"><\/td>\n<td style=\"width: 0.507614%;height: 24px\"><\/td>\n<\/tr>\n<tr style=\"height: 24px\">\n<td style=\"width: 50.4965%;height: 24px\"><\/td>\n<td style=\"width: 49.5035%;text-align: left;height: 24px\"><\/td>\n<td style=\"width: 0.507614%;height: 24px\"><\/td>\n<\/tr>\n<tr style=\"height: 24px\">\n<td style=\"width: 50.4965%;height: 24px\"><\/td>\n<td style=\"width: 49.5035%;text-align: left;height: 24px\"><\/td>\n<td style=\"width: 0.507614%;height: 24px\"><\/td>\n<\/tr>\n<tr style=\"height: 24px\">\n<td style=\"width: 50.4965%;height: 24px\"><\/td>\n<td style=\"width: 49.5035%;text-align: left;height: 24px\"><\/td>\n<td style=\"width: 0.507614%;height: 24px\"><\/td>\n<\/tr>\n<\/tbody>\n<\/table>\n<p>&nbsp;<\/p>\n<ul>\n<li>Observar no momento da\u00a0 postagem a escolha da op\u00e7\u00e3o &#8220;Unicentro &#8211; Campus de Irati&#8221;<\/li>\n<li>Verifique o tutorial:\u00a0\u00a0<a href=\"https:\/\/www3.unicentro.br\/comep\/wp-content\/uploads\/sites\/76\/2020\/07\/Tutorial-para-postagem-no-COMEP_Irati_pdf.pdf\">https:\/\/www3.unicentro.br\/comep\/wp-content\/uploads\/sites\/76\/2020\/07\/Tutorial-para-postagem-no-COMEP_Irati_pdf.pdf<\/a><\/li>\n<\/ul>\n<p><b>* Os processos s\u00e3o recepcionados em fluxo cont\u00ednuo, considerando a documenta\u00e7\u00e3o dispon\u00edvel na Plataforma Brasil.<\/b> <b>Recomenda-se previs\u00e3o de prazo de 60 dias para tramita\u00e7\u00e3o, solu\u00e7\u00e3o de eventuais pend\u00eancias, aprecia\u00e7\u00e3o do projeto e emiss\u00e3o do parecer consubstanciado.\u00a0<\/b><\/p>\n<p><b><a href=\"https:\/\/www3.unicentro.br\/comep\/wp-content\/uploads\/sites\/76\/2019\/10\/NOVIDADE_-Download-de-Pareceres.pdf\">Tutorial_- Download de Pareceres<\/a><\/b><\/p>\n<p><b>Obs.: As datas e hor\u00e1rios apresentados no calend\u00e1rio poder\u00e3o ser modificadas, a crit\u00e9rio do Colegiado do COMEP-UNICENRO, para melhor atender \u00e0 demanda de pesquisas a serem analisadas. As reuni\u00f5es extraordin\u00e1rias poder\u00e3o ser solicitadas pela Coordena\u00e7\u00e3o.<\/b>[\/vc_column_text][\/vc_column][\/vc_row]<\/p>\n<\/div>","protected":false},"excerpt":{"rendered":"<p>[vc_row][vc_column][vc_column_text css=&#8221;&#8221;] CALEND\u00c1RIO DE REUNI\u00d5ES ORDIN\u00c1RIAS DO Comit\u00ea de \u00c9tica em Pesquisa do Campus de Irati\/UNICENTRO \u2013 2025 As Reuni\u00f5es Ordin\u00e1rias do CEP 8967 ocorrem na \u00faltima segunda-feira de cada m\u00eas. * Os projetos devem ser encaminhados ao CEP, via Plataforma Brasil e ser\u00e3o analisados de acordo com as datas estabelecidas no calend\u00e1rio (maiores informa\u00e7\u00f5es [&hellip;]<\/p>\n","protected":false},"author":3,"featured_media":0,"parent":85,"menu_order":0,"comment_status":"closed","ping_status":"open","template":"","meta":{"_exactmetrics_skip_tracking":false,"_exactmetrics_sitenote_active":false,"_exactmetrics_sitenote_note":"","_exactmetrics_sitenote_category":0,"footnotes":"","_links_to":"","_links_to_target":""},"class_list":["post-86","page","type-page","status-publish","hentry"],"_links":{"self":[{"href":"https:\/\/www3.unicentro.br\/comep\/wp-json\/wp\/v2\/pages\/86","targetHints":{"allow":["GET"]}}],"collection":[{"href":"https:\/\/www3.unicentro.br\/comep\/wp-json\/wp\/v2\/pages"}],"about":[{"href":"https:\/\/www3.unicentro.br\/comep\/wp-json\/wp\/v2\/types\/page"}],"author":[{"embeddable":true,"href":"https:\/\/www3.unicentro.br\/comep\/wp-json\/wp\/v2\/users\/3"}],"replies":[{"embeddable":true,"href":"https:\/\/www3.unicentro.br\/comep\/wp-json\/wp\/v2\/comments?post=86"}],"version-history":[{"count":2,"href":"https:\/\/www3.unicentro.br\/comep\/wp-json\/wp\/v2\/pages\/86\/revisions"}],"predecessor-version":[{"id":668,"href":"https:\/\/www3.unicentro.br\/comep\/wp-json\/wp\/v2\/pages\/86\/revisions\/668"}],"up":[{"embeddable":true,"href":"https:\/\/www3.unicentro.br\/comep\/wp-json\/wp\/v2\/pages\/85"}],"wp:attachment":[{"href":"https:\/\/www3.unicentro.br\/comep\/wp-json\/wp\/v2\/media?parent=86"}],"curies":[{"name":"wp","href":"https:\/\/api.w.org\/{rel}","templated":true}]}}