{"id":44,"date":"2013-02-23T00:00:00","date_gmt":"2013-02-23T03:00:00","guid":{"rendered":"https:\/\/www3.unicentro.br\/comep\/manuais\/"},"modified":"2024-06-06T11:35:10","modified_gmt":"2024-06-06T14:35:10","slug":"manuais","status":"publish","type":"page","link":"https:\/\/www3.unicentro.br\/comep\/guarapuava\/manuais\/","title":{"rendered":"Manuais"},"content":{"rendered":"<ul>\n<li><a href=\"https:\/\/www3.unicentro.br\/comep\/wp-content\/uploads\/sites\/76\/2024\/06\/1-Manual-Pesquisador-Versao-3.8-7.pdf\">\u00a0Manual Pesquisador &#8211; Vers\u00e3o 3.8 (7)<\/a><\/li>\n<li><a href=\"https:\/\/www3.unicentro.br\/comep\/wp-content\/uploads\/sites\/76\/2019\/10\/NOVIDADE_-Download-de-Pareceres.pdf\">Download de Pareceres<\/a><\/li>\n<li><a href=\"http:\/\/www2.unicentro.br\/comep\/files\/2015\/10\/MANUAL-Envio-de-Notifica\u00e7\u00e3o.pdf\">MANUAL &#8211; Envio de Notifica\u00e7\u00e3o<\/a><\/li>\n<li><a href=\"http:\/\/www2.unicentro.br\/comep\/files\/2015\/10\/MANUAL-Submiss\u00e3o-de-Emenda.pdf\">MANUAL &#8211; Submiss\u00e3o de Emenda<\/a><\/li>\n<li><a href=\"http:\/\/www2.unicentro.br\/comep\/files\/2015\/10\/MANUAL-Submiss\u00e3o-de-Recurso.pdf\">MANUAL &#8211; Submiss\u00e3o de Recurso<\/a><a href=\"https:\/\/www3.unicentro.br\/comep\/wp-content\/uploads\/sites\/76\/2019\/10\/NOVIDADE_-Download-de-Pareceres.pdf\">_<\/a><\/li>\n<\/ul>\n","protected":false},"excerpt":{"rendered":"<p>\u00a0Manual Pesquisador &#8211; Vers\u00e3o 3.8 (7) Download de Pareceres MANUAL &#8211; Envio de Notifica\u00e7\u00e3o MANUAL &#8211; Submiss\u00e3o de Emenda MANUAL &#8211; Submiss\u00e3o de Recurso_<\/p>\n","protected":false},"author":3,"featured_media":0,"parent":33,"menu_order":0,"comment_status":"closed","ping_status":"closed","template":"","meta":{"_exactmetrics_skip_tracking":false,"_exactmetrics_sitenote_active":false,"_exactmetrics_sitenote_note":"","_exactmetrics_sitenote_category":0,"footnotes":"","_links_to":"","_links_to_target":""},"class_list":["post-44","page","type-page","status-publish","hentry"],"_links":{"self":[{"href":"https:\/\/www3.unicentro.br\/comep\/wp-json\/wp\/v2\/pages\/44","targetHints":{"allow":["GET"]}}],"collection":[{"href":"https:\/\/www3.unicentro.br\/comep\/wp-json\/wp\/v2\/pages"}],"about":[{"href":"https:\/\/www3.unicentro.br\/comep\/wp-json\/wp\/v2\/types\/page"}],"author":[{"embeddable":true,"href":"https:\/\/www3.unicentro.br\/comep\/wp-json\/wp\/v2\/users\/3"}],"replies":[{"embeddable":true,"href":"https:\/\/www3.unicentro.br\/comep\/wp-json\/wp\/v2\/comments?post=44"}],"version-history":[{"count":1,"href":"https:\/\/www3.unicentro.br\/comep\/wp-json\/wp\/v2\/pages\/44\/revisions"}],"predecessor-version":[{"id":498,"href":"https:\/\/www3.unicentro.br\/comep\/wp-json\/wp\/v2\/pages\/44\/revisions\/498"}],"up":[{"embeddable":true,"href":"https:\/\/www3.unicentro.br\/comep\/wp-json\/wp\/v2\/pages\/33"}],"wp:attachment":[{"href":"https:\/\/www3.unicentro.br\/comep\/wp-json\/wp\/v2\/media?parent=44"}],"curies":[{"name":"wp","href":"https:\/\/api.w.org\/{rel}","templated":true}]}}