{"id":39,"date":"2012-10-31T00:00:00","date_gmt":"2012-10-31T02:00:00","guid":{"rendered":"https:\/\/www3.unicentro.br\/comep\/resolucoes\/"},"modified":"2025-02-24T10:48:44","modified_gmt":"2025-02-24T13:48:44","slug":"resolucoes","status":"publish","type":"page","link":"https:\/\/www3.unicentro.br\/comep\/guarapuava\/resolucoes\/","title":{"rendered":"Resolu\u00e7\u00f5es"},"content":{"rendered":"<ul>\n<li><a href=\"https:\/\/www3.unicentro.br\/comep\/wp-content\/uploads\/sites\/76\/2025\/02\/Lei_14874_2024-1.pdf\">Lei_14874_2024 &#8211; Disp\u00f5e sobre a pesquisa com seres humanos e institui o Sistema Nacional de \u00c9tica em Pesquisa com Seres Humanos<\/a><\/li>\n<li><a href=\"https:\/\/www3.unicentro.br\/comep\/wp-content\/uploads\/sites\/76\/2019\/10\/COMEP-REGIMENTO-2019.pdf\">COMEP-REGIMENTO-2019<\/a><\/li>\n<li><a href=\"http:\/\/www2.unicentro.br\/comep\/files\/2012\/10\/RESOLU\u00c7\u00c3O-CNS-N\u00ba-466-DE-12-DE-DEZEMBRO-DE-2012.pdf\">RESOLU\u00c7\u00c3O CNS N\u00ba 466, DE 12 DE DEZEMBRO DE 2012<\/a><\/li>\n<li><a href=\"https:\/\/www3.unicentro.br\/comep\/wp-content\/uploads\/sites\/76\/2019\/10\/Resolu\u00e7\u00e3o-510-2016-\u00e1rea-de-Humanas.pdf\">Resolu\u00e7\u00e3o 510-2016 &#8211; \u00e1rea de Humanas<\/a><\/li>\n<li><a href=\"http:\/\/www2.unicentro.br\/comep\/files\/2012\/10\/RESOLU\u00c7\u00c3O-CNS-N\u00ba-441-DE-12-DE-MAIO-DE-2011..pdf\">RESOLU\u00c7\u00c3O CNS N\u00ba 441, DE 12 DE MAIO DE 2011.<\/a><\/li>\n<li><a href=\"http:\/\/www2.unicentro.br\/comep\/files\/2012\/10\/lista-de-checagem-Resolu\u00e7\u00e3o-441.pdf\">Lista de checagem &#8211; Resolu\u00e7\u00e3o 441<\/a><\/li>\n<li><a href=\"http:\/\/www2.unicentro.br\/comep\/files\/2012\/10\/RESOLU\u00c7\u00c2O-196-96-.pdf\">Resolu\u00e7\u00e3o 196\/10. out de 1996 (REVOGADA).<\/a><\/li>\n<li><a href=\"http:\/\/www2.unicentro.br\/comep\/files\/2012\/10\/diretrizes.pdf\">Diretrizes \u00e9ticas internacionais para pesquisa envolvendo seres humanos<\/a><\/li>\n<li><a href=\"http:\/\/conselho.saude.gov.br\/resolucoes\/reso_11.htm\">Demais Resolu\u00e7\u00f5es do Conselho Nacional de Sa\u00fade<\/a><\/li>\n<\/ul>\n","protected":false},"excerpt":{"rendered":"<p>Lei_14874_2024 &#8211; Disp\u00f5e sobre a pesquisa com seres humanos e institui o Sistema Nacional de \u00c9tica em Pesquisa com Seres Humanos COMEP-REGIMENTO-2019 RESOLU\u00c7\u00c3O CNS N\u00ba 466, DE 12 DE DEZEMBRO DE 2012 Resolu\u00e7\u00e3o 510-2016 &#8211; \u00e1rea de Humanas RESOLU\u00c7\u00c3O CNS N\u00ba 441, DE 12 DE MAIO DE 2011. Lista de checagem &#8211; Resolu\u00e7\u00e3o 441 Resolu\u00e7\u00e3o [&hellip;]<\/p>\n","protected":false},"author":3,"featured_media":0,"parent":33,"menu_order":0,"comment_status":"closed","ping_status":"closed","template":"","meta":{"_exactmetrics_skip_tracking":false,"_exactmetrics_sitenote_active":false,"_exactmetrics_sitenote_note":"","_exactmetrics_sitenote_category":0,"footnotes":"","_links_to":"","_links_to_target":""},"class_list":["post-39","page","type-page","status-publish","hentry"],"_links":{"self":[{"href":"https:\/\/www3.unicentro.br\/comep\/wp-json\/wp\/v2\/pages\/39","targetHints":{"allow":["GET"]}}],"collection":[{"href":"https:\/\/www3.unicentro.br\/comep\/wp-json\/wp\/v2\/pages"}],"about":[{"href":"https:\/\/www3.unicentro.br\/comep\/wp-json\/wp\/v2\/types\/page"}],"author":[{"embeddable":true,"href":"https:\/\/www3.unicentro.br\/comep\/wp-json\/wp\/v2\/users\/3"}],"replies":[{"embeddable":true,"href":"https:\/\/www3.unicentro.br\/comep\/wp-json\/wp\/v2\/comments?post=39"}],"version-history":[{"count":2,"href":"https:\/\/www3.unicentro.br\/comep\/wp-json\/wp\/v2\/pages\/39\/revisions"}],"predecessor-version":[{"id":581,"href":"https:\/\/www3.unicentro.br\/comep\/wp-json\/wp\/v2\/pages\/39\/revisions\/581"}],"up":[{"embeddable":true,"href":"https:\/\/www3.unicentro.br\/comep\/wp-json\/wp\/v2\/pages\/33"}],"wp:attachment":[{"href":"https:\/\/www3.unicentro.br\/comep\/wp-json\/wp\/v2\/media?parent=39"}],"curies":[{"name":"wp","href":"https:\/\/api.w.org\/{rel}","templated":true}]}}