{"id":72,"date":"2022-08-24T11:17:59","date_gmt":"2022-08-24T14:17:59","guid":{"rendered":"https:\/\/www3.unicentro.br\/colmeia\/?page_id=72"},"modified":"2024-06-03T09:47:14","modified_gmt":"2024-06-03T12:47:14","slug":"fotografia-publicitaria","status":"publish","type":"page","link":"https:\/\/www3.unicentro.br\/colmeia\/galeria\/fotografia-publicitaria\/","title":{"rendered":"Fotografia Publicit\u00e1ria"},"content":{"rendered":"<p><span style=\"text-decoration: underline\"><strong><a href=\"https:\/\/drive.google.com\/drive\/folders\/1UiUahpYWVjWz6MC2ogD0hztiAokpkbv4?usp=drive_link\">Fotos turma 2022<\/a><\/strong><\/span><\/p>\n<p>Produ\u00e7\u00e3o:<\/p>\n<p>Orienta\u00e7\u00e3o:<\/p>\n","protected":false},"excerpt":{"rendered":"<p>Fotos turma 2022 Produ\u00e7\u00e3o: Orienta\u00e7\u00e3o:<\/p>\n","protected":false},"author":3,"featured_media":0,"parent":66,"menu_order":0,"comment_status":"closed","ping_status":"closed","template":"","meta":{"_exactmetrics_skip_tracking":false,"_exactmetrics_sitenote_active":false,"_exactmetrics_sitenote_note":"","_exactmetrics_sitenote_category":0,"footnotes":"","_links_to":"","_links_to_target":""},"class_list":["post-72","page","type-page","status-publish","hentry"],"_links":{"self":[{"href":"https:\/\/www3.unicentro.br\/colmeia\/wp-json\/wp\/v2\/pages\/72","targetHints":{"allow":["GET"]}}],"collection":[{"href":"https:\/\/www3.unicentro.br\/colmeia\/wp-json\/wp\/v2\/pages"}],"about":[{"href":"https:\/\/www3.unicentro.br\/colmeia\/wp-json\/wp\/v2\/types\/page"}],"author":[{"embeddable":true,"href":"https:\/\/www3.unicentro.br\/colmeia\/wp-json\/wp\/v2\/users\/3"}],"replies":[{"embeddable":true,"href":"https:\/\/www3.unicentro.br\/colmeia\/wp-json\/wp\/v2\/comments?post=72"}],"version-history":[{"count":1,"href":"https:\/\/www3.unicentro.br\/colmeia\/wp-json\/wp\/v2\/pages\/72\/revisions"}],"predecessor-version":[{"id":1566,"href":"https:\/\/www3.unicentro.br\/colmeia\/wp-json\/wp\/v2\/pages\/72\/revisions\/1566"}],"up":[{"embeddable":true,"href":"https:\/\/www3.unicentro.br\/colmeia\/wp-json\/wp\/v2\/pages\/66"}],"wp:attachment":[{"href":"https:\/\/www3.unicentro.br\/colmeia\/wp-json\/wp\/v2\/media?parent=72"}],"curies":[{"name":"wp","href":"https:\/\/api.w.org\/{rel}","templated":true}]}}