{"id":68,"date":"2022-08-24T11:17:26","date_gmt":"2022-08-24T14:17:26","guid":{"rendered":"https:\/\/www3.unicentro.br\/colmeia\/?page_id=68"},"modified":"2024-06-02T20:04:50","modified_gmt":"2024-06-02T23:04:50","slug":"fotojornalismo","status":"publish","type":"page","link":"https:\/\/www3.unicentro.br\/colmeia\/galeria\/fotojornalismo\/","title":{"rendered":"Fotojornalismo"},"content":{"rendered":"<div class=\"wpb-content-wrapper\"><p><a href=\"https:\/\/docs.google.com\/document\/d\/191JrjHQ_gLEQYnr_fOw8gAqu4dOiypx8\/edit?usp=sharing&amp;ouid=117837206420239556651&amp;rtpof=true&amp;sd=true\"><span style=\"text-decoration: underline\"><strong>Pegadas nos Ervais: a luta pelo sustento nas Terras do Paran\u00e1<\/strong><\/span><\/a><\/p>\n<p>Emily Fran\u00e7a<\/p>\n<p>Ano de produ\u00e7\u00e3o: 2023<\/p>\n<p>Disciplina: Fotojornalismo<\/p>\n<p>Orienta\u00e7\u00e3o: Professora Dra. Renata Caleffi<\/p>\n<p>&nbsp;<\/p>\n<p><a href=\"https:\/\/docs.google.com\/document\/d\/1i5RtUypt5UysHzGEuDUnn-68RSnpnOfY\/edit?usp=sharing&amp;ouid=117837206420239556651&amp;rtpof=true&amp;sd=true\"><span style=\"text-decoration: underline\"><strong>M\u00e3os que curam: a f\u00e9 que se conecta a natureza<\/strong><\/span><\/a><\/p>\n<p>Giovana H\u00f6ssel<\/p>\n<p>Ano de produ\u00e7\u00e3o: 2023<\/p>\n<p>Disciplina: Fotojornalismo<\/p>\n<p>Orienta\u00e7\u00e3o: Professora Dra. Renata Caleffi<\/p>\n<p>&nbsp;<\/p>\n<p><a href=\"https:\/\/drive.google.com\/file\/d\/1JJIjieqpwM7QiIxKmOSLFm7uXlt6eH2l\/view?usp=sharing\"><span style=\"text-decoration: underline\"><strong>OS SONHOS N\u00c3O VIVIDOS MAS JAMAIS ESQUECIDOS<\/strong><\/span><\/a><\/p>\n<p>Maria Eduarda Melo<\/p>\n<p>Ano de produ\u00e7\u00e3o: 2023<\/p>\n<p>Disciplina: Fotojornalismo<\/p>\n<p>Orienta\u00e7\u00e3o: Professora Dra. Renata Caleffi<\/p>\n<p>&nbsp;<\/p>\n<p><strong><span style=\"text-decoration: underline\"><a href=\"https:\/\/drive.google.com\/file\/d\/1-sIYq5VEPv8rG5T8IUOqztEfc46AQDkd\/view?usp=sharing\">O amor e a cultura que atravessam gera\u00e7\u00f5es: a hist\u00f3ria de Latife Darwich, imigrante libanesa.<\/a><\/span><\/strong><\/p>\n<p>Valentina Cordova<\/p>\n<p>Ano de produ\u00e7\u00e3o: 2023<\/p>\n<p>Disciplina: Fotojornalismo<\/p>\n<p>Orienta\u00e7\u00e3o: Professora Dra. Renata Caleffi<\/p>\n<p>&nbsp;<\/p>\n<p><span style=\"text-decoration: underline\"><a href=\"https:\/\/drive.google.com\/file\/d\/1GBw5iJtSPSX77cy9JZyvVyCUEpaQISUC\/view?usp=sharing\"><strong>\u201cArtistas independentes: a vida no \u2018Liquidificador\u2019 de Guarapuava\u201d<\/strong><\/a><\/span><\/p>\n<p>Ana Clara de S\u00e1 Gaspar<\/p>\n<p>Ano de produ\u00e7\u00e3o: 2023<\/p>\n<p>Disciplina: Fotojornalismo<\/p>\n<p>Orienta\u00e7\u00e3o: Professora Dra. Renata Caleffi<\/p>\n<p>&nbsp;<\/p>\n<p><span style=\"text-decoration: underline\"><strong><a href=\"https:\/\/docs.google.com\/document\/d\/1HH3J1GEV_3H9dJ-n2RhFh0VtRd5MxbPU\/edit?usp=sharing&amp;ouid=117837206420239556651&amp;rtpof=true&amp;sd=true\">A luta de classes nas quatro linhas do futebol<\/a><\/strong><\/span><\/p>\n<p>Lucas Scotini<\/p>\n<p>Ano de produ\u00e7\u00e3o: 2023<\/p>\n<p>Disciplina: Fotojornalismo<\/p>\n<p>Orienta\u00e7\u00e3o: Professora Dra. Renata Caleffi<\/p>\n<p>&nbsp;<\/p>\n<p><a href=\"https:\/\/docs.google.com\/document\/d\/1nQiYwFjGVSWhCJ6EqK5rMVlzyFIW_S__Kku7vP-MhM0\/edit?usp=sharing\"><strong><span style=\"text-decoration: underline\">Fraternidade, caridade e respeito\u00a0<\/span><\/strong><\/a><\/p>\n<p>Laura da Silva<\/p>\n<p>Ano de produ\u00e7\u00e3o: 2023<\/p>\n<p>Disciplina: Fotojornalismo<\/p>\n<p>Orienta\u00e7\u00e3o: Professora Dra. Renata Caleffi<\/p>\n<p>&nbsp;<\/p>\n<p><span style=\"text-decoration: underline\"><a href=\"https:\/\/docs.google.com\/document\/d\/1yD_v0oieeb-M_wJ5NTbqkJt4SqAS7WmTIsUqfQfW9lE\/edit?usp=sharing\"><b>Artistas de Guarapuava<\/b><\/a><\/span><\/p>\n<p><b>Isabella Silva<\/b><\/p>\n<p>Ano de produ\u00e7\u00e3o: 2023<\/p>\n<p>Disciplina: Fotojornalismo<\/p>\n<p>Orienta\u00e7\u00e3o: Professora Dra. Renata Caleffi<\/p>\n<h3><\/h3>\n<p><span style=\"font-size: 14pt\"><a href=\"https:\/\/docs.google.com\/document\/d\/1sf_Y5KSoViNyncx8jgYRniu6s1p7JnZcvH7q5hVNjvw\/edit?usp=sharing\"><b>Dan\u00e7a e Alma<\/b><\/a><\/span><\/p>\n<p>Henrique Bufolinski<\/p>\n<p>Ano de produ\u00e7\u00e3o: 2023<\/p>\n<p>Disciplina: Fotojornalismo<\/p>\n<p>Orienta\u00e7\u00e3o: Professora Dra. Renata Caleffi<\/p>\n<p>&nbsp;<\/p>\n<p><span style=\"text-decoration: underline\"><strong><a href=\"https:\/\/drive.google.com\/drive\/folders\/1w7rWHvIQCuPkvfbgQsmJiGjuPRfdA3oV?usp=share_link\"><span style=\"font-family: georgia, palatino, serif;font-size: 14pt\">Meu, mas n\u00e3o para mim<\/span><\/a><\/strong><\/span><\/p>\n<p><span style=\"font-family: georgia, palatino, serif;font-size: 12pt\">Ensaio documental produzido por Aline Koslinski<\/span><\/p>\n<p><span style=\"font-size: 12pt;font-family: georgia, palatino, serif\">Ano de produ\u00e7\u00e3o:\u00a0 2021<\/span><\/p>\n<p><span style=\"font-size: 12pt;font-family: georgia, palatino, serif\">Disciplina: Fotojornalismo<\/span><\/p>\n<p><span style=\"font-size: 12pt;font-family: georgia, palatino, serif\">Orienta\u00e7\u00e3o: Prof. Dr. Francismar Forment\u00e3o[\/vc_column_text][\/vc_column][\/vc_row]<\/span><\/p>\n<\/div>","protected":false},"excerpt":{"rendered":"<p>Pegadas nos Ervais: a luta pelo sustento nas Terras do Paran\u00e1 Emily Fran\u00e7a Ano de produ\u00e7\u00e3o: 2023 Disciplina: Fotojornalismo Orienta\u00e7\u00e3o: Professora Dra. Renata Caleffi &nbsp; M\u00e3os que curam: a f\u00e9 que se conecta a natureza Giovana H\u00f6ssel Ano de produ\u00e7\u00e3o: 2023 Disciplina: Fotojornalismo Orienta\u00e7\u00e3o: Professora Dra. Renata Caleffi &nbsp; OS SONHOS N\u00c3O VIVIDOS MAS JAMAIS [&hellip;]<\/p>\n","protected":false},"author":3,"featured_media":0,"parent":66,"menu_order":0,"comment_status":"closed","ping_status":"closed","template":"","meta":{"_exactmetrics_skip_tracking":false,"_exactmetrics_sitenote_active":false,"_exactmetrics_sitenote_note":"","_exactmetrics_sitenote_category":0,"footnotes":"","_links_to":"","_links_to_target":""},"class_list":["post-68","page","type-page","status-publish","hentry"],"_links":{"self":[{"href":"https:\/\/www3.unicentro.br\/colmeia\/wp-json\/wp\/v2\/pages\/68","targetHints":{"allow":["GET"]}}],"collection":[{"href":"https:\/\/www3.unicentro.br\/colmeia\/wp-json\/wp\/v2\/pages"}],"about":[{"href":"https:\/\/www3.unicentro.br\/colmeia\/wp-json\/wp\/v2\/types\/page"}],"author":[{"embeddable":true,"href":"https:\/\/www3.unicentro.br\/colmeia\/wp-json\/wp\/v2\/users\/3"}],"replies":[{"embeddable":true,"href":"https:\/\/www3.unicentro.br\/colmeia\/wp-json\/wp\/v2\/comments?post=68"}],"version-history":[{"count":2,"href":"https:\/\/www3.unicentro.br\/colmeia\/wp-json\/wp\/v2\/pages\/68\/revisions"}],"predecessor-version":[{"id":1531,"href":"https:\/\/www3.unicentro.br\/colmeia\/wp-json\/wp\/v2\/pages\/68\/revisions\/1531"}],"up":[{"embeddable":true,"href":"https:\/\/www3.unicentro.br\/colmeia\/wp-json\/wp\/v2\/pages\/66"}],"wp:attachment":[{"href":"https:\/\/www3.unicentro.br\/colmeia\/wp-json\/wp\/v2\/media?parent=68"}],"curies":[{"name":"wp","href":"https:\/\/api.w.org\/{rel}","templated":true}]}}