{"id":46,"date":"2022-08-24T11:11:11","date_gmt":"2022-08-24T14:11:11","guid":{"rendered":"https:\/\/www3.unicentro.br\/colmeia\/?page_id=46"},"modified":"2024-06-03T09:53:16","modified_gmt":"2024-06-03T12:53:16","slug":"podcasts","status":"publish","type":"page","link":"https:\/\/www3.unicentro.br\/colmeia\/audio-tv\/podcasts\/","title":{"rendered":"Podcasts"},"content":{"rendered":"<p><a href=\"https:\/\/open.spotify.com\/show\/4P0ceodlp0S4DBUyMuK62R?si=131202581d0749a2\"><span style=\"text-decoration: underline\"><strong>Podcast Rotas de Sucesso<\/strong><\/span><\/a><\/p>\n<p><a href=\"https:\/\/open.spotify.com\/show\/1SY17FlaKkV0bZ4KnrKga8?si=616e9ca16588431d\"><span style=\"text-decoration: underline\"><strong>Podcast Pulo do Galo<\/strong><\/span><\/a><\/p>\n<p><strong><span style=\"text-decoration: underline\"><a href=\"https:\/\/open.spotify.com\/show\/5CDuQvxLI5U1Lv0t5PwLDX\">Podcast E-studio 1972<\/a><\/span><\/strong><\/p>\n<p><strong><span style=\"text-decoration: underline\"><a href=\"https:\/\/open.spotify.com\/show\/0E01mUusMKuekUA82NFVX5\">Podcast Papo de Mulher<\/a><\/span><\/strong><\/p>\n<p><strong><span style=\"text-decoration: underline\"><a href=\"https:\/\/drive.google.com\/file\/d\/1nM81mhfI44kqHSguVqN06ZVSKEjqa7AZ\/view?usp=sharing\">Podcast DelasArte<\/a><\/span><\/strong><\/p>\n<p><strong><span style=\"text-decoration: underline\"><a href=\"https:\/\/soundcloud.com\/gustavo-vieira-597440661\/turcast-o-podcast-que-levara-voce-a-conhecer-o-potencial-turistico-da-regiao-de-guarapuava\">Turcast<\/a><\/span><\/strong><\/p>\n<p><strong><span style=\"text-decoration: underline\"><a href=\"https:\/\/drive.google.com\/file\/d\/1ctIawsOdwtWLZ9Tr4_7E3KN9BXOj141k\/view?usp=drivesdk\">Beracast<\/a><\/span><\/strong><\/p>\n<p><span style=\"text-decoration: underline\"><strong><a href=\"https:\/\/drive.google.com\/drive\/folders\/1EGpyzNl7r9fTRotJfYjvddSSD4tbjAre?usp=share_link\">Podcast &#8220;A voz feminina no esporte&#8221;<\/a><\/strong><\/span><\/p>\n<p><a href=\"https:\/\/drive.google.com\/file\/d\/1RdrbcOpjWx4Xi2eKEVSDQePAHluWoZ42\/view?usp=share_link\"><span style=\"text-decoration: underline\"><strong>Podkr\u00ea &#8211; Mandrake<\/strong><\/span><\/a><\/p>\n<p><a href=\"https:\/\/drive.google.com\/drive\/folders\/19jQCajYk1HW-XWLNu9WpFaSI1EDtnj1T?usp=share_link\">Podcast<span style=\"text-decoration: underline\"><strong> N\u00e3o Solte a Minha M\u00e3o<\/strong><\/span><\/a><\/p>\n<p><span style=\"color: #000000\"><a style=\"color: #000000\" href=\"https:\/\/drive.google.com\/drive\/folders\/1npiI9e_f0jBjwIH5NscvhaR9kCFYHlom?usp=share_link\">Podcast <span style=\"text-decoration: underline\"><strong>Sociedade em Pauta &#8211; Ra\u00edzes do Racismo Estrutural<\/strong><\/span><\/a><\/span><\/p>\n<p>&nbsp;<\/p>\n<h1><span style=\"text-decoration: underline\"><strong>Podcasts Seriados<\/strong><\/span><\/h1>\n<p><strong><span style=\"text-decoration: underline\">Podcast imigrantes sonhadores do mundo <\/span><\/strong><\/p>\n<p><strong><span style=\"text-decoration: underline\"><a href=\"https:\/\/drive.google.com\/drive\/folders\/165KEmx9_DtFWHHyIvNBaQr65vTiKQpuF\">Epis\u00f3dio 01<\/a><\/span><\/strong><\/p>\n<p><strong><span style=\"text-decoration: underline\"><a href=\"https:\/\/drive.google.com\/drive\/folders\/165KEmx9_DtFWHHyIvNBaQr65vTiKQpuF\">Epis\u00f3dio 02<\/a><\/span><\/strong><\/p>\n<p><strong><span style=\"text-decoration: underline\"><a href=\"https:\/\/drive.google.com\/drive\/u\/4\/folders\/1Nhs4wGbFRKGtDPYXmjV52aYPpxVbuDcj\">Epis\u00f3dio 03<\/a><\/span><\/strong><\/p>\n<p><strong><span style=\"text-decoration: underline\"><a href=\"https:\/\/drive.google.com\/file\/d\/1k3OZjPFWc4u2JRWfLSo1Nu2zyKuYMA5a\/view?usp=sharing\">Epis\u00f3dio 05<\/a><\/span><\/strong><\/p>\n<p><strong><span style=\"text-decoration: underline\"><a href=\"https:\/\/drive.google.com\/drive\/folders\/165KEmx9_DtFWHHyIvNBaQr65vTiKQpuF\">Epis\u00f3dio 06<\/a><\/span><\/strong><\/p>\n<p>&nbsp;<\/p>\n<p><strong><span style=\"text-decoration: underline\">Podcast ECOAR 1:<\/span><\/strong><\/p>\n<p><strong><span style=\"text-decoration: underline\"><a href=\"https:\/\/drive.google.com\/drive\/u\/4\/folders\/1Nhs4wGbFRKGtDPYXmjV52aYPpxVbuDcj\">Epis\u00f3dio 01<\/a><\/span><\/strong><\/p>\n<p><strong><span style=\"text-decoration: underline\"><a href=\"https:\/\/drive.google.com\/drive\/u\/4\/folders\/1Nhs4wGbFRKGtDPYXmjV52aYPpxVbuDcj\">Epis\u00f3dio 02<\/a><\/span><\/strong><\/p>\n<p>&nbsp;<\/p>\n<p><span style=\"color: #000000\"><strong>Podcast &#8220;E agora&#8221;<\/strong><\/span><\/p>\n<p><span style=\"text-decoration: underline\"><a href=\"https:\/\/drive.google.com\/file\/d\/1_8Ax47nzmVMzDoXWlMPttgvsO-rPtUbZ\/view?usp=share_link\">E agora &#8211; Jornalismo<\/a><\/span><\/p>\n<p><span style=\"text-decoration: underline\"><a href=\"https:\/\/drive.google.com\/file\/d\/1fvp55V9wPuc4uRtDONhDl5cwf1mBgmVL\/view?usp=share_link\">E agora &#8211; Publicidade e Propaganda<\/a><\/span><\/p>\n<p><span style=\"text-decoration: underline\"><a href=\"https:\/\/drive.google.com\/file\/d\/1c90OgZHeqTUtNV9PtxV5hqS22ioDnBF6\/view?usp=share_link\">E agora &#8211; Engenharia de alimentos<\/a><\/span><\/p>\n<p>&nbsp;<\/p>\n<p><span style=\"color: #000000\">Podcast <strong>Conex\u00e3o Podcast<\/strong><\/span><\/p>\n<p><a href=\"https:\/\/drive.google.com\/file\/d\/1wpj8B2U9XBnF4td46ltI_MDMjYaajEUs\/view?usp=share_link\"><strong><span style=\"text-decoration: underline\">EPIS\u00d3DIO 01 &#8211; Marcelo Rangel<\/span><\/strong><\/a><\/p>\n<p><a href=\"https:\/\/drive.google.com\/file\/d\/1pHa4cFDtTI6mnOl-0FeMAVi_MwHsBcwY\/view?usp=share_link\"><span style=\"text-decoration: underline\"><strong>EPIS\u00d3DIO 02 &#8211; M\u00f4nica C\u00f3rdova<\/strong><\/span><\/a><\/p>\n<p><a href=\"https:\/\/drive.google.com\/file\/d\/1O8So_MQpv2irIFnCCZZcbA9vmQy-eSbY\/view?usp=share_link\"><span style=\"text-decoration: underline\"><strong>EPIS\u00d3DIO 03 &#8211; Tom da Jovem Pan<\/strong><\/span><\/a><\/p>\n<p><a href=\"https:\/\/drive.google.com\/file\/d\/1jXbeZyDyZqMUVNjscif8jlEvGXEnFKnR\/view?usp=share_link\"><span style=\"text-decoration: underline\"><strong>EPIS\u00d3DIO 04 &#8211; Tat\u00e1<\/strong><\/span><\/a><\/p>\n<p><a href=\"https:\/\/drive.google.com\/file\/d\/1GMAX9urcBiR1JdAjIbvfSZM6gnmoQ7Da\/view?usp=share_link\"><span style=\"text-decoration: underline\"><strong>EPIS\u00d3DIO 05 &#8211; Tha\u00eds Vieira<\/strong><\/span><\/a><\/p>\n<p><a href=\"https:\/\/drive.google.com\/file\/d\/18VYyZByAgZTxDhP3oXD8pKpfBDimMK5Y\/view?usp=share_link\"><span style=\"text-decoration: underline\"><strong>EPIS\u00d3DIO 06 &#8211; Bruno Rochel<\/strong><\/span><\/a><\/p>\n<p><a href=\"https:\/\/drive.google.com\/file\/d\/1Nr1HAUBXWW4HeyJ8I2dkBdVRv1JRAykw\/view?usp=share_link\"><span style=\"text-decoration: underline\"><strong>EPIS\u00d3DIO 07\u00a0 &#8211; Cleiton Carioca<\/strong><\/span><\/a><\/p>\n<p><strong><em><a href=\"https:\/\/drive.google.com\/file\/d\/1LmYVoqSvCQb619cqb_MvVeEeOfIogdWy\/view?usp=share_link\">EPIS\u00d3DIO 08 &#8211; Vanessa<\/a><a href=\"https:\/\/drive.google.com\/file\/d\/1LmYVoqSvCQb619cqb_MvVeEeOfIogdWy\/view?usp=share_link\"> Nunes<\/a><\/em><\/strong><\/p>\n<p><a href=\"https:\/\/drive.google.com\/file\/d\/1IL4XsGUd-m8L5xHro3JoJP0P3dF7xb3s\/view?usp=share_link\"><span style=\"text-decoration: underline\"><strong><em>EPIS\u00d3DIO 09\u00a0 &#8211; Carlos Nascimento<\/em><\/strong><\/span><\/a><\/p>\n<p><a href=\"https:\/\/drive.google.com\/file\/d\/1wpkX7O0lUPh-WV01Se_UcynfUhSZO6nK\/view?usp=share_link\"><span style=\"text-decoration: underline\"><strong>EPIS\u00d3DIO 10- Caique Agustini (Presidente da AERP)<\/strong><\/span><\/a><\/p>\n<p><a href=\"https:\/\/drive.google.com\/file\/d\/1iCM3BoTwEHop2-wqXcoyHk6GtgLu7Eoy\/view?usp=share_link\"><span style=\"text-decoration: underline\"><strong>Conex\u00e3o Podcast &#8211; Profiss\u00e3o Youtuber\u00a0<\/strong><\/span><\/a><\/p>\n","protected":false},"excerpt":{"rendered":"<p>Podcast Rotas de Sucesso Podcast Pulo do Galo Podcast E-studio 1972 Podcast Papo de Mulher Podcast DelasArte Turcast Beracast Podcast &#8220;A voz feminina no esporte&#8221; Podkr\u00ea &#8211; Mandrake Podcast N\u00e3o Solte a Minha M\u00e3o Podcast Sociedade em Pauta &#8211; Ra\u00edzes do Racismo Estrutural &nbsp; Podcasts Seriados Podcast imigrantes sonhadores do mundo Epis\u00f3dio 01 Epis\u00f3dio 02 [&hellip;]<\/p>\n","protected":false},"author":3,"featured_media":0,"parent":36,"menu_order":0,"comment_status":"closed","ping_status":"closed","template":"","meta":{"_exactmetrics_skip_tracking":false,"_exactmetrics_sitenote_active":false,"_exactmetrics_sitenote_note":"","_exactmetrics_sitenote_category":0,"footnotes":"","_links_to":"","_links_to_target":""},"class_list":["post-46","page","type-page","status-publish","hentry"],"_links":{"self":[{"href":"https:\/\/www3.unicentro.br\/colmeia\/wp-json\/wp\/v2\/pages\/46","targetHints":{"allow":["GET"]}}],"collection":[{"href":"https:\/\/www3.unicentro.br\/colmeia\/wp-json\/wp\/v2\/pages"}],"about":[{"href":"https:\/\/www3.unicentro.br\/colmeia\/wp-json\/wp\/v2\/types\/page"}],"author":[{"embeddable":true,"href":"https:\/\/www3.unicentro.br\/colmeia\/wp-json\/wp\/v2\/users\/3"}],"replies":[{"embeddable":true,"href":"https:\/\/www3.unicentro.br\/colmeia\/wp-json\/wp\/v2\/comments?post=46"}],"version-history":[{"count":2,"href":"https:\/\/www3.unicentro.br\/colmeia\/wp-json\/wp\/v2\/pages\/46\/revisions"}],"predecessor-version":[{"id":1572,"href":"https:\/\/www3.unicentro.br\/colmeia\/wp-json\/wp\/v2\/pages\/46\/revisions\/1572"}],"up":[{"embeddable":true,"href":"https:\/\/www3.unicentro.br\/colmeia\/wp-json\/wp\/v2\/pages\/36"}],"wp:attachment":[{"href":"https:\/\/www3.unicentro.br\/colmeia\/wp-json\/wp\/v2\/media?parent=46"}],"curies":[{"name":"wp","href":"https:\/\/api.w.org\/{rel}","templated":true}]}}