{"id":38,"date":"2022-08-24T11:10:06","date_gmt":"2022-08-24T14:10:06","guid":{"rendered":"https:\/\/www3.unicentro.br\/colmeia\/?page_id=38"},"modified":"2023-02-24T09:35:32","modified_gmt":"2023-02-24T12:35:32","slug":"telejornais","status":"publish","type":"page","link":"https:\/\/www3.unicentro.br\/colmeia\/audio-tv\/telejornais\/","title":{"rendered":"Telejornais"},"content":{"rendered":"<h3>Telejornal Alto Alcance &#8211; 2022\/2023<\/h3>\n<p><span style=\"text-decoration: underline\"><strong><a href=\"https:\/\/www.youtube.com\/watch?v=eO8rp6S_btc\">Alto Alcance &#8211; Edi\u00e7\u00e3o 01<\/a><\/strong><\/span><\/p>\n<p><a href=\"https:\/\/www.youtube.com\/watch?v=lfmegR951aw\"><span style=\"text-decoration: underline\"><strong>Alto Alcance &#8211; Edi\u00e7\u00e3o 02<\/strong><\/span><\/a><\/p>\n<p><a href=\"https:\/\/www.youtube.com\/watch?v=t_Ifzwgdtkg\"><span style=\"text-decoration: underline\"><strong>Alto Alcance &#8211; Edi\u00e7\u00e3o 03<\/strong><\/span><\/a><\/p>\n<p><a href=\"https:\/\/www.youtube.com\/watch?v=WoLCQyDtsLY\"><span style=\"text-decoration: underline\"><strong>Alto Alcance &#8211; Edi\u00e7\u00e3o 04<\/strong><\/span><\/a><\/p>\n<p><a href=\"https:\/\/www.youtube.com\/watch?v=2unYDFM2BQ0\"><span style=\"text-decoration: underline\"><strong>Alto Alcance &#8211; Edi\u00e7\u00e3o 05<\/strong><\/span><\/a><\/p>\n<p><a href=\"https:\/\/www.youtube.com\/watch?v=ZSEHdM7fYjk\"><span style=\"text-decoration: underline\"><strong>Alto Alcance &#8211; Edi\u00e7\u00e3o 06<\/strong><\/span><\/a><\/p>\n<p><a href=\"https:\/\/www.youtube.com\/watch?v=tJKVgw1u8kg\"><span style=\"text-decoration: underline\"><strong>Alto Alcance &#8211; Especial de Natal<\/strong><\/span><\/a><\/p>\n<p>&nbsp;<\/p>\n<h3>\u00a0Telejornal Terceiro Planalto &#8211; Vencedor dos pr\u00eamios Expocom Nacional e Expocom Sul 2022<\/h3>\n<p><strong><span style=\"text-decoration: underline\"><a href=\"https:\/\/www.youtube.com\/watch?v=au60jRUh4eI\">Terceiro Planalto &#8211; Edi\u00e7\u00e3o 01<\/a><\/span><\/strong><\/p>\n<p><strong><span style=\"text-decoration: underline\"><a href=\"https:\/\/www.youtube.com\/watch?v=zFKf0rVi20w\">Terceiro Planalto &#8211; Edi\u00e7\u00e3o 02<\/a><\/span><\/strong><\/p>\n<p><strong><span style=\"text-decoration: underline\"><a href=\"https:\/\/www.youtube.com\/watch?v=ClZeKyNq3Vw\">Terceiro Planalto &#8211; Edi\u00e7\u00e3o 03<\/a><\/span><\/strong><\/p>\n<p><strong><span style=\"text-decoration: underline\"><a href=\"https:\/\/www.youtube.com\/watch?v=WAOOImcIaBw\">Terceiro Planalto &#8211; Edi\u00e7\u00e3o 04<\/a><\/span><\/strong><\/p>\n<p><strong><span style=\"text-decoration: underline\"><a href=\"https:\/\/www.youtube.com\/watch?v=w6aE_udstWw\">Terceiro Planalto &#8211; Edi\u00e7\u00e3o 05<\/a><\/span><\/strong><\/p>\n<p><strong><span style=\"text-decoration: underline\"><a href=\"https:\/\/www.youtube.com\/watch?app=desktop&amp;v=5o_9zdv6P_Q&amp;feature=youtu.be\">Terceiro Planalto &#8211; Edi\u00e7\u00e3o 06<\/a><\/span><\/strong><\/p>\n<p><strong><span style=\"text-decoration: underline\"><a href=\"https:\/\/www.youtube.com\/watch?v=RLAcOcQVb-8\">Terceiro Planalto &#8211; Edi\u00e7\u00e3o 07<\/a><\/span><\/strong><\/p>\n<p><strong><span style=\"text-decoration: underline\"><a href=\"https:\/\/www.youtube.com\/watch?v=H4TYtL_CYEo\">Terceiro Planalto &#8211; Edi\u00e7\u00e3o 08<\/a><\/span><\/strong><\/p>\n<p><strong><span style=\"text-decoration: underline\"><a href=\"https:\/\/www.youtube.com\/watch?v=vCoioT3XTxE\">Terceiro Planalto Rep\u00f3rter<\/a><\/span><\/strong><\/p>\n<p><a href=\"https:\/\/www.youtube.com\/watch?v=iz_Dh9V5HLQ\"><span style=\"text-decoration: underline\"><strong>Express\u00e3o &#8211; Grande Reportagem<\/strong><\/span><\/a><\/p>\n<p>&nbsp;<\/p>\n<h3>Telejornal Gazeta Universit\u00e1ria<\/h3>\n<p><span style=\"text-decoration: underline\"><strong><a href=\"https:\/\/www.youtube.com\/watch?v=w338-jvbVsU\">Gazeta Universit\u00e1ria Edi\u00e7\u00e3o 01<\/a><\/strong><\/span><\/p>\n<p><span style=\"text-decoration: underline\"><strong><a href=\"https:\/\/www.youtube.com\/watch?v=YyIQf7S11KE\">Gazeta Universit\u00e1ria Edi\u00e7\u00e3o 02<\/a><\/strong><\/span><\/p>\n<p><a href=\"https:\/\/www.youtube.com\/watch?v=EoqaznHrZYg\"><span style=\"text-decoration: underline\"><strong>Gazeta Universit\u00e1ria Edi\u00e7\u00e3o 03<\/strong><\/span><\/a><\/p>\n<p><a href=\"https:\/\/www.youtube.com\/watch?v=280PzgNL7VE\"><span style=\"text-decoration: underline\"><strong>Gazeta Universit\u00e1ria Edi\u00e7\u00e3o 04<\/strong><\/span><\/a><\/p>\n<p><strong><span style=\"text-decoration: underline\"><a href=\"https:\/\/www.youtube.com\/watch?v=eBzG4Vrm2QE\">Gazeta Universit\u00e1ria Edi\u00e7\u00e3o 05<\/a><\/span><\/strong><\/p>\n<h3><\/h3>\n<p>&nbsp;<\/p>\n<h3>Telejornal Expresso &#8211; Vencedor da categoria Telejornal Laborat\u00f3rio do Expocom Sul 2018<\/h3>\n<p><span style=\"text-decoration: underline\"><strong><a href=\"https:\/\/www.youtube.com\/watch?v=K1U7fkkbQN8\">Expresso TV Edi\u00e7\u00e3o 01<\/a><\/strong><\/span><\/p>\n<p><a href=\"https:\/\/www.youtube.com\/watch?v=xA4tGrmR_EA\"><span style=\"text-decoration: underline\"><strong>Expresso TV Edi\u00e7\u00e3o 02<\/strong><\/span><\/a><\/p>\n<p><a href=\"https:\/\/www.youtube.com\/watch?v=r8zPjIxFnhc\"><span style=\"text-decoration: underline\"><strong>Expresso TV Edi\u00e7\u00e3o 03<\/strong><\/span><\/a><\/p>\n<p><a href=\"https:\/\/www.youtube.com\/watch?v=voEWpl6OXj0\"><span style=\"text-decoration: underline\"><strong>Expresso TV Edi\u00e7\u00e3o 04<\/strong><\/span><\/a><\/p>\n<p><span style=\"text-decoration: underline\"><strong>Expresso TV Edi\u00e7\u00e3o 05<\/strong><\/span><\/p>\n<p><a href=\"https:\/\/www.youtube.com\/watch?v=fHPrBsKG1Qs\"><span style=\"text-decoration: underline\"><strong>Expresso TV Edi\u00e7\u00e3o 06<\/strong><\/span><\/a><\/p>\n<p><a href=\"https:\/\/www.youtube.com\/watch?v=rNh3x4Av5JY\"><span style=\"text-decoration: underline\"><strong>Expresso TV Edi\u00e7\u00e3o 07<\/strong><\/span><\/a><\/p>\n<p><a href=\"https:\/\/www.youtube.com\/watch?v=pVUBYmeCRJ0\"><span style=\"text-decoration: underline\"><strong>Expresso TV Edi\u00e7\u00e3o 08<\/strong><\/span><\/a><\/p>\n<p><a href=\"https:\/\/www.youtube.com\/watch?v=lS72S9zGr7U\"><span style=\"text-decoration: underline\"><strong>Expresso TV Edi\u00e7\u00e3o 09<\/strong><\/span><\/a><\/p>\n<p><a href=\"https:\/\/www.youtube.com\/watch?v=uFeY1WaY5DU\"><span style=\"text-decoration: underline\"><strong>Expresso TV Edi\u00e7\u00e3o 10<\/strong><\/span><\/a><\/p>\n<p><a href=\"https:\/\/www.youtube.com\/watch?v=6VVbdcIH210\"><span style=\"text-decoration: underline\"><strong>Expresso TV Edi\u00e7\u00e3o Rural<\/strong><\/span><\/a><\/p>\n<p><a href=\"https:\/\/www.youtube.com\/watch?v=nVcCZmmm9XA\"><span style=\"text-decoration: underline\"><strong>Expresso TV Edi\u00e7\u00e3o Esporte<\/strong><\/span><\/a><\/p>\n<p><a href=\"https:\/\/www.youtube.com\/watch?v=m66W7CfDnvU\"><span style=\"text-decoration: underline\"><strong>Expresso TV Edi\u00e7\u00e3o ao vivo<\/strong><\/span><\/a><\/p>\n<p><a href=\"https:\/\/www.youtube.com\/watch?v=dZLTT9oHKM0\"><span style=\"text-decoration: underline\"><strong>Expresso TV Edi\u00e7\u00e3o ao vivo 2<\/strong><\/span><\/a><\/p>\n<p><a href=\"https:\/\/www.youtube.com\/watch?v=ubuM194A424\"><span style=\"text-decoration: underline\"><strong>Expresso TV Edi\u00e7\u00e3o ao vivo 3<\/strong><\/span><\/a><\/p>\n<p><a href=\"https:\/\/www.youtube.com\/watch?v=WTrl0tRbOf8\"><span style=\"text-decoration: underline\"><strong>Expresso TV Edi\u00e7\u00e3o ao vivo 4<\/strong><\/span><\/a><\/p>\n<p>&nbsp;<\/p>\n<h3>Telejornal Boletim Centro Oeste<\/h3>\n<p><a href=\"https:\/\/www.youtube.com\/watch?v=CQuWt42M-1s\"><span style=\"text-decoration: underline\"><strong>Boletim Centro Oeste Edi\u00e7\u00e3o 01<\/strong><\/span><\/a><\/p>\n<p><a href=\"https:\/\/www.youtube.com\/watch?v=u9eilEKmbUs\"><span style=\"text-decoration: underline\"><strong>Boletim Centro Oeste Edi\u00e7\u00e3o 02<\/strong><\/span><\/a><\/p>\n<p><a href=\"https:\/\/www.youtube.com\/watch?v=-HHgv-THbgE\"><span style=\"text-decoration: underline\"><strong>Boletim Centro Oeste Edi\u00e7\u00e3o 03<\/strong><\/span><\/a><\/p>\n<p><a href=\"https:\/\/www.youtube.com\/watch?v=Pk2X78Opd7c\"><span style=\"text-decoration: underline\"><strong>Boletim Centro Oeste Edi\u00e7\u00e3o 04<\/strong><\/span><\/a><\/p>\n<p><a href=\"https:\/\/www.youtube.com\/watch?v=W4wuc70ckic\"><span style=\"text-decoration: underline\"><strong>Boletim Centro Oeste Edi\u00e7\u00e3o 05<\/strong><\/span><\/a><\/p>\n<p><a href=\"https:\/\/www.youtube.com\/watch?v=fZm1WPkSd1M\"><span style=\"text-decoration: underline\"><strong>Boletim Centro Oeste Edi\u00e7\u00e3o 06<\/strong><\/span><\/a><\/p>\n<p><a href=\"https:\/\/www.youtube.com\/watch?v=5w-nT7CLfTs\"><span style=\"text-decoration: underline\"><strong>Boletim Centro Oeste Edi\u00e7\u00e3o 07<\/strong><\/span><\/a><\/p>\n<p><span style=\"text-decoration: underline\"><strong><a href=\"https:\/\/www.youtube.com\/watch?v=4Km5ONEAr3I\">Boletim Centro Oeste Edi\u00e7\u00e3o 08<\/a><\/strong><\/span><\/p>\n<p><span style=\"text-decoration: underline\"><strong><a href=\"https:\/\/www.youtube.com\/watch?v=kphxAnqH7wY\">Boletim Centro Oeste Edi\u00e7\u00e3o 09<\/a><\/strong><\/span><\/p>\n<p><span style=\"text-decoration: underline\"><strong><a href=\"https:\/\/www.youtube.com\/watch?v=BI3hGRi2ZQ0\">Boletim Centro Oeste Edi\u00e7\u00e3o 10<\/a><\/strong><\/span><\/p>\n<p>&nbsp;<\/p>\n<h3>\u00a0Telejornal Perspectiva<\/h3>\n<p><a href=\"https:\/\/www.youtube.com\/watch?v=kTiJWCaEx1U\"><span style=\"text-decoration: underline\"><strong>Perspectiva Edi\u00e7\u00e3o 01<\/strong><\/span><\/a><\/p>\n<p><a href=\"https:\/\/www.youtube.com\/watch?v=r_1YBxG2XQg\"><span style=\"text-decoration: underline\"><strong>Perspectiva Edi\u00e7\u00e3o 02<\/strong><\/span><\/a><\/p>\n<p><span style=\"text-decoration: underline\"><strong><a href=\"https:\/\/www.youtube.com\/watch?v=hNJ-rnI8unw\">Perspectiva Edi\u00e7\u00e3o 03<\/a><\/strong><\/span><\/p>\n<p><a href=\"https:\/\/www.youtube.com\/watch?v=FH2KC29RH6M\"><span style=\"text-decoration: underline\"><strong>Perspectiva Edi\u00e7\u00e3o 04<\/strong><\/span><\/a><\/p>\n<p><a href=\"https:\/\/www.youtube.com\/watch?v=jP4_q4VYf0k\"><span style=\"text-decoration: underline\"><strong>Perspectiva Edi\u00e7\u00e3o em tempo real<\/strong><\/span><\/a><\/p>\n<p><a href=\"https:\/\/www.youtube.com\/watch?v=Otcbq_xq5K0\"><span style=\"text-decoration: underline\"><strong>Perspectiva Edi\u00e7\u00e3o Rural<\/strong><\/span><\/a><\/p>\n<p><a href=\"https:\/\/www.youtube.com\/watch?v=Sci8xaQ4e1c\"><span style=\"text-decoration: underline\"><strong>Perspectiva Edi\u00e7\u00e3o Esporte<\/strong><\/span><\/a><\/p>\n<p>&nbsp;<\/p>\n<h3>Telejornal Tribuna Universit\u00e1ria<\/h3>\n<p><a href=\"https:\/\/www.youtube.com\/watch?v=hOFni2-CudM\"><span style=\"text-decoration: underline\"><strong>Tribuna Universit\u00e1ria Edi\u00e7\u00e3o 01<\/strong><\/span><\/a><\/p>\n<p><a href=\"https:\/\/www.youtube.com\/watch?v=tS0Hog4z1vM\"><span style=\"text-decoration: underline\"><strong>Tribuna Universit\u00e1ria Edi\u00e7\u00e3o 02<\/strong><\/span><\/a><\/p>\n<p><a href=\"https:\/\/www.youtube.com\/watch?v=9uhipoDExPQ\"><span style=\"text-decoration: underline\"><strong>Tribuna Universit\u00e1ria Edi\u00e7\u00e3o\u00a0 03<\/strong><\/span><\/a><\/p>\n<p><a href=\"https:\/\/www.youtube.com\/watch?v=d_E5CU00M5c\"><span style=\"text-decoration: underline\"><strong>Tribuna Universit\u00e1ria Edi\u00e7\u00e3o 04<\/strong><\/span><\/a><\/p>\n<p><a href=\"https:\/\/www.youtube.com\/watch?v=S0DhlFWcAUk\"><span style=\"text-decoration: underline\"><strong>Tribuna Universit\u00e1ria Edi\u00e7\u00e3o 05<\/strong><\/span><\/a><\/p>\n<p>&nbsp;<\/p>\n<h3>Telejornal Extra<\/h3>\n<p><a href=\"https:\/\/www.youtube.com\/watch?v=YWauacK_siI\"><span style=\"text-decoration: underline\"><strong>Extra Edi\u00e7\u00e3o 01<\/strong><\/span><\/a><\/p>\n<p><span style=\"text-decoration: underline\"><strong><a href=\"https:\/\/www.youtube.com\/watch?v=71wKi67EquE\">Extra Edi\u00e7\u00e3o\u00a0<\/a><\/strong><\/span><\/p>\n<p><a href=\"https:\/\/www.youtube.com\/watch?v=QZFCFrarqzc\"><span style=\"text-decoration: underline\"><strong>Extra Edi\u00e7\u00e3o\u00a0<\/strong><\/span><\/a><\/p>\n<p><a href=\"https:\/\/www.youtube.com\/watch?v=5-I9Lzmd2aM\"><span style=\"text-decoration: underline\"><strong>Extra Edi\u00e7\u00e3o<\/strong><\/span><\/a><\/p>\n<p><strong><span style=\"text-decoration: underline\"><a href=\"https:\/\/www.youtube.com\/watch?v=YjB0zY5ML7s\">Extra Edi\u00e7\u00e3o<\/a><\/span><\/strong><\/p>\n","protected":false},"excerpt":{"rendered":"<p>Telejornal Alto Alcance &#8211; 2022\/2023 Alto Alcance &#8211; Edi\u00e7\u00e3o 01 Alto Alcance &#8211; Edi\u00e7\u00e3o 02 Alto Alcance &#8211; Edi\u00e7\u00e3o 03 Alto Alcance &#8211; Edi\u00e7\u00e3o 04 Alto Alcance &#8211; Edi\u00e7\u00e3o 05 Alto Alcance &#8211; Edi\u00e7\u00e3o 06 Alto Alcance &#8211; Especial de Natal &nbsp; \u00a0Telejornal Terceiro Planalto &#8211; Vencedor dos pr\u00eamios Expocom Nacional e Expocom Sul 2022 [&hellip;]<\/p>\n","protected":false},"author":3,"featured_media":0,"parent":36,"menu_order":0,"comment_status":"closed","ping_status":"closed","template":"","meta":{"_exactmetrics_skip_tracking":false,"_exactmetrics_sitenote_active":false,"_exactmetrics_sitenote_note":"","_exactmetrics_sitenote_category":0,"footnotes":"","_links_to":"","_links_to_target":""},"class_list":["post-38","page","type-page","status-publish","hentry"],"_links":{"self":[{"href":"https:\/\/www3.unicentro.br\/colmeia\/wp-json\/wp\/v2\/pages\/38","targetHints":{"allow":["GET"]}}],"collection":[{"href":"https:\/\/www3.unicentro.br\/colmeia\/wp-json\/wp\/v2\/pages"}],"about":[{"href":"https:\/\/www3.unicentro.br\/colmeia\/wp-json\/wp\/v2\/types\/page"}],"author":[{"embeddable":true,"href":"https:\/\/www3.unicentro.br\/colmeia\/wp-json\/wp\/v2\/users\/3"}],"replies":[{"embeddable":true,"href":"https:\/\/www3.unicentro.br\/colmeia\/wp-json\/wp\/v2\/comments?post=38"}],"version-history":[{"count":0,"href":"https:\/\/www3.unicentro.br\/colmeia\/wp-json\/wp\/v2\/pages\/38\/revisions"}],"up":[{"embeddable":true,"href":"https:\/\/www3.unicentro.br\/colmeia\/wp-json\/wp\/v2\/pages\/36"}],"wp:attachment":[{"href":"https:\/\/www3.unicentro.br\/colmeia\/wp-json\/wp\/v2\/media?parent=38"}],"curies":[{"name":"wp","href":"https:\/\/api.w.org\/{rel}","templated":true}]}}