{"id":41,"date":"2024-03-15T10:11:39","date_gmt":"2024-03-15T13:11:39","guid":{"rendered":"https:\/\/www3.unicentro.br\/cipa\/?page_id=41"},"modified":"2024-07-31T15:00:46","modified_gmt":"2024-07-31T18:00:46","slug":"documentacao","status":"publish","type":"page","link":"https:\/\/www3.unicentro.br\/cipa\/documentacao\/","title":{"rendered":"Documenta\u00e7\u00e3o"},"content":{"rendered":"<ul>\n<li><a href=\"https:\/\/www3.unicentro.br\/cipa\/wp-content\/uploads\/sites\/167\/2024\/07\/Portaria_1145_2023_GR_66aa418ff02c5.pdf\"><strong>PORTARIA N\u00ba 1.145-GR\/UNICENTRO, DE 23 DE OUTUBRO DE 2023<\/strong> &#8211; Designa a Comiss\u00e3o Interna de Preven\u00e7\u00e3o de Acidentes e de Ass\u00e9dio, Cipa, da Unicentro, e d\u00e1 outras provid\u00eancias<\/a><\/li>\n<li><a href=\"https:\/\/sgu.unicentro.br\/pcatooficiais\/imprimir\/9996BE02\"><strong>RESOLU\u00c7\u00c3O N\u00ba 25-CAD\/UNICENTRO, DE 13 DE JULHO DE 2023<\/strong> &#8211; Institui e regulamenta no \u00e2mbito da Unicentro a Comiss\u00e3o Interna de Preven\u00e7\u00e3o de Acidentes e de Ass\u00e9dio, Cipa, e d\u00e1 outras provid\u00eancias<\/a><\/li>\n<li><a href=\"https:\/\/www3.unicentro.br\/cipa\/wp-content\/uploads\/sites\/167\/2024\/07\/nr_05_atualizada_2022_66aa41951908a.pdf\"><strong>NR 05<\/strong> &#8211; COMISS\u00c3O INTERNA DE PREVEN\u00c7\u00c3O DE ACIDENTES<\/a><\/li>\n<\/ul>\n","protected":false},"excerpt":{"rendered":"<p>PORTARIA N\u00ba 1.145-GR\/UNICENTRO, DE 23 DE OUTUBRO DE 2023 &#8211; Designa a Comiss\u00e3o Interna de Preven\u00e7\u00e3o de Acidentes e de Ass\u00e9dio, Cipa, da Unicentro, e d\u00e1 outras provid\u00eancias RESOLU\u00c7\u00c3O N\u00ba 25-CAD\/UNICENTRO, DE 13 DE JULHO DE 2023 &#8211; Institui e regulamenta no \u00e2mbito da Unicentro a Comiss\u00e3o Interna de Preven\u00e7\u00e3o de Acidentes e de Ass\u00e9dio, [&hellip;]<\/p>\n","protected":false},"author":3,"featured_media":0,"parent":0,"menu_order":0,"comment_status":"closed","ping_status":"closed","template":"","meta":{"_exactmetrics_skip_tracking":false,"_exactmetrics_sitenote_active":false,"_exactmetrics_sitenote_note":"","_exactmetrics_sitenote_category":0,"footnotes":"","_links_to":"","_links_to_target":""},"class_list":["post-41","page","type-page","status-publish","hentry"],"_links":{"self":[{"href":"https:\/\/www3.unicentro.br\/cipa\/wp-json\/wp\/v2\/pages\/41","targetHints":{"allow":["GET"]}}],"collection":[{"href":"https:\/\/www3.unicentro.br\/cipa\/wp-json\/wp\/v2\/pages"}],"about":[{"href":"https:\/\/www3.unicentro.br\/cipa\/wp-json\/wp\/v2\/types\/page"}],"author":[{"embeddable":true,"href":"https:\/\/www3.unicentro.br\/cipa\/wp-json\/wp\/v2\/users\/3"}],"replies":[{"embeddable":true,"href":"https:\/\/www3.unicentro.br\/cipa\/wp-json\/wp\/v2\/comments?post=41"}],"version-history":[{"count":2,"href":"https:\/\/www3.unicentro.br\/cipa\/wp-json\/wp\/v2\/pages\/41\/revisions"}],"predecessor-version":[{"id":86,"href":"https:\/\/www3.unicentro.br\/cipa\/wp-json\/wp\/v2\/pages\/41\/revisions\/86"}],"wp:attachment":[{"href":"https:\/\/www3.unicentro.br\/cipa\/wp-json\/wp\/v2\/media?parent=41"}],"curies":[{"name":"wp","href":"https:\/\/api.w.org\/{rel}","templated":true}]}}