{"id":115,"date":"2023-10-03T16:27:55","date_gmt":"2023-10-03T19:27:55","guid":{"rendered":"https:\/\/www3.unicentro.br\/cenut\/?page_id=115"},"modified":"2026-03-16T13:48:46","modified_gmt":"2026-03-16T16:48:46","slug":"avaliacao","status":"publish","type":"page","link":"https:\/\/www3.unicentro.br\/cenut\/avaliacao\/","title":{"rendered":"Avalia\u00e7\u00e3o"},"content":{"rendered":"<div class=\"wpb-content-wrapper\"><p>[vc_row][vc_column][vc_column_text]<strong>Avalia\u00e7\u00e3o Antropom\u00e9trica<\/strong><\/p>\n<p>A avalia\u00e7\u00e3o antropom\u00e9trica \u00e9 a medida externa das dimens\u00f5es corporais, que visa mensurar peso, estatura, di\u00e2metros, espessura de tecido adiposo e per\u00edmetros do corpo humano, sendo estes m\u00e9todos potenciais quando utilizadas para o estudo da composi\u00e7\u00e3o corporal.<\/p>\n<p>Durante a avalia\u00e7\u00e3o s\u00e3o realizadas as seguintes medidas:<\/p>\n<ul>\n<li>Dobras\u00a0Cut\u00e2neas\u00a0= realiza\u00e7\u00e3o de medidas corporais atrav\u00e9s da utiliza\u00e7\u00e3o de adip\u00f4metro, com a finalidade de calcular o percentual de gordura corporal (Figura 1);<\/li>\n<li>Peso e estatura = para essas medidas s\u00e3o utilizadas balan\u00e7as digitais (Figura 2) com\u00a0estadi\u00f4metro\u00a0acoplado;<\/li>\n<\/ul>\n<p>[\/vc_column_text][vc_single_image image=&#8221;171&#8243; img_size=&#8221;medium&#8221; add_caption=&#8221;yes&#8221; alignment=&#8221;center&#8221; css=&#8221;&#8221;][vc_single_image image=&#8221;117&#8243; img_size=&#8221;medium&#8221; add_caption=&#8221;yes&#8221; alignment=&#8221;center&#8221; css=&#8221;&#8221;][vc_column_text css=&#8221;&#8221;]<\/p>\n<ul>\n<li>Circunfer\u00eancias corporais = realizadas com a utiliza\u00e7\u00e3o de fita m\u00e9trica inel\u00e1stica, com intuito de predomin\u00e2ncia de gordura corporal;<\/li>\n<li>Bioimped\u00e2ncia: t\u00e9cnica de medi\u00e7\u00e3o da composi\u00e7\u00e3o corporal, r\u00e1pida, segura, n\u00e3o invasiva e suficientemente exata, estimando a massa muscular esquel\u00e9tica, gordura total e por segmentos corporais, n\u00edvel de hidrata\u00e7\u00e3o, conte\u00fado mineral \u00f3sseo, idade corporal, taxa metab\u00f3lica basal e muito mais! Ideal para quem busca:\n<ul>\n<li>Emagrecimento saud\u00e1vel<\/li>\n<li>Ganho de massa muscular<\/li>\n<li>Melhoria na performance e sa\u00fade geral<\/li>\n<li>Acompanhamento de resultados com precis\u00e3o<br \/>\n\u23f1 A avalia\u00e7\u00e3o \u00e9 r\u00e1pida e segura (figura 3).<\/li>\n<\/ul>\n<\/li>\n<\/ul>\n<p>[\/vc_column_text][vc_single_image image=&#8221;161&#8243; img_size=&#8221;full&#8221; add_caption=&#8221;yes&#8221; alignment=&#8221;center&#8221; css=&#8221;&#8221;][\/vc_column][\/vc_row]<\/p>\n<\/div>","protected":false},"excerpt":{"rendered":"<p>[vc_row][vc_column][vc_column_text]Avalia\u00e7\u00e3o Antropom\u00e9trica A avalia\u00e7\u00e3o antropom\u00e9trica \u00e9 a medida externa das dimens\u00f5es corporais, que visa mensurar peso, estatura, di\u00e2metros, espessura de tecido adiposo e per\u00edmetros do corpo humano, sendo estes m\u00e9todos potenciais quando utilizadas para o estudo da composi\u00e7\u00e3o corporal. Durante a avalia\u00e7\u00e3o s\u00e3o realizadas as seguintes medidas: Dobras\u00a0Cut\u00e2neas\u00a0= realiza\u00e7\u00e3o de medidas corporais atrav\u00e9s da utiliza\u00e7\u00e3o [&hellip;]<\/p>\n","protected":false},"author":3,"featured_media":0,"parent":0,"menu_order":0,"comment_status":"closed","ping_status":"closed","template":"","meta":{"_exactmetrics_skip_tracking":false,"_exactmetrics_sitenote_active":false,"_exactmetrics_sitenote_note":"","_exactmetrics_sitenote_category":0,"footnotes":"","_links_to":"","_links_to_target":""},"class_list":["post-115","page","type-page","status-publish","hentry"],"_links":{"self":[{"href":"https:\/\/www3.unicentro.br\/cenut\/wp-json\/wp\/v2\/pages\/115","targetHints":{"allow":["GET"]}}],"collection":[{"href":"https:\/\/www3.unicentro.br\/cenut\/wp-json\/wp\/v2\/pages"}],"about":[{"href":"https:\/\/www3.unicentro.br\/cenut\/wp-json\/wp\/v2\/types\/page"}],"author":[{"embeddable":true,"href":"https:\/\/www3.unicentro.br\/cenut\/wp-json\/wp\/v2\/users\/3"}],"replies":[{"embeddable":true,"href":"https:\/\/www3.unicentro.br\/cenut\/wp-json\/wp\/v2\/comments?post=115"}],"version-history":[{"count":3,"href":"https:\/\/www3.unicentro.br\/cenut\/wp-json\/wp\/v2\/pages\/115\/revisions"}],"predecessor-version":[{"id":174,"href":"https:\/\/www3.unicentro.br\/cenut\/wp-json\/wp\/v2\/pages\/115\/revisions\/174"}],"wp:attachment":[{"href":"https:\/\/www3.unicentro.br\/cenut\/wp-json\/wp\/v2\/media?parent=115"}],"curies":[{"name":"wp","href":"https:\/\/api.w.org\/{rel}","templated":true}]}}