{"id":858,"date":"2026-02-21T14:02:33","date_gmt":"2026-02-21T17:02:33","guid":{"rendered":"https:\/\/www3.unicentro.br\/cedoci\/?page_id=858"},"modified":"2026-05-12T08:37:29","modified_gmt":"2026-05-12T11:37:29","slug":"infraestrutura","status":"publish","type":"page","link":"https:\/\/www3.unicentro.br\/cedoci\/infraestrutura\/","title":{"rendered":"Infraestrutura"},"content":{"rendered":"<div class=\"wpb-content-wrapper\"><p>[vc_row content_placement=&#8221;middle&#8221; u_row_style=&#8221;0&#8243; u_row_paralax=&#8221;0&#8243; u_row_scheme=&#8221;0&#8243;][vc_column width=&#8221;2\/5&#8243;][vc_single_image image=&#8221;955&#8243; img_size=&#8221;150x150px&#8221; alignment=&#8221;center&#8221; onclick=&#8221;custom_link&#8221; img_link_target=&#8221;_blank&#8221; css_animation=&#8221;fadeInLeft&#8221; css=&#8221;.vc_custom_1772203616489{margin-bottom: 0px !important;}&#8221; link=&#8221;https:\/\/pnipe.mcti.gov.br\/laboratory\/32199&#8243;][vc_single_image image=&#8221;954&#8243; img_size=&#8221;&#8221; alignment=&#8221;center&#8221; onclick=&#8221;custom_link&#8221; img_link_target=&#8221;_blank&#8221; css_animation=&#8221;fadeInLeft&#8221; css=&#8221;&#8221; link=&#8221;https:\/\/pnipe.mcti.gov.br\/&#8221;][\/vc_column][vc_column width=&#8221;3\/5&#8243;][vc_column_text css_animation=&#8221;fadeInRight&#8221; css=&#8221;&#8221;]<\/p>\n<p data-start=\"0\" data-end=\"396\">O <strong data-start=\"2\" data-end=\"107\">Centro de Documenta\u00e7\u00e3o e Mem\u00f3ria da Universidade Estadual do Centro-Oeste \u2013 Campus de Irati (CEDOC\/I)<\/strong>, disp\u00f5e de infraestrutura t\u00e9cnica e f\u00edsica plenamente adequada \u00e0s atividades arquiv\u00edsticas, em conformidade com a legisla\u00e7\u00e3o arquiv\u00edstica brasileira e com as diretrizes estabelecidas pelo <span class=\"hover:entity-accent entity-underline inline cursor-pointer align-baseline\"><span class=\"whitespace-normal\">Conselho Nacional de Arquivos<\/span><\/span> (CONARQ).<\/p>\n<p data-start=\"398\" data-end=\"732\">Suas instala\u00e7\u00f5es ocupam \u00e1rea total de <strong data-start=\"436\" data-end=\"448\">345,3 m\u00b2<\/strong>, distribu\u00eddas de forma sistematizada entre sala de acervo, sala de digitaliza\u00e7\u00e3o, sala de conserva\u00e7\u00e3o, sala de pesquisa, setor administrativo e \u00e1reas de apoio, garantindo condi\u00e7\u00f5es ideais para preserva\u00e7\u00e3o, tratamento t\u00e9cnico, difus\u00e3o e acesso ao patrim\u00f4nio documental sob sua guarda.<\/p>\n<p>[\/vc_column_text][\/vc_column][\/vc_row][vc_row content_placement=&#8221;middle&#8221; u_row_style=&#8221;0&#8243; u_row_paralax=&#8221;0&#8243; u_row_scheme=&#8221;0&#8243;][vc_column width=&#8221;3\/5&#8243;][vc_column_text css_animation=&#8221;fadeInLeft&#8221; css=&#8221;&#8221;]<\/p>\n<h2 data-start=\"739\" data-end=\"776\"><span style=\"font-family: 'Special Elite', serif;font-size: 14pt\">1. Fundamenta\u00e7\u00e3o Legal e Normativa<\/span><\/h2>\n<p data-start=\"778\" data-end=\"812\">As atividades do CEDOC\/I observam:<\/p>\n<ul>\n<li data-start=\"816\" data-end=\"892\"><strong data-start=\"816\" data-end=\"837\">Lei n\u00ba 8.159\/1991<\/strong> \u2013 Pol\u00edtica Nacional de Arquivos P\u00fablicos e Privados;<\/li>\n<li data-start=\"893\" data-end=\"955\">\n<p data-start=\"895\" data-end=\"955\"><strong data-start=\"895\" data-end=\"917\">Lei n\u00ba 12.527\/2011<\/strong> \u2013 Lei de Acesso \u00e0 Informa\u00e7\u00e3o (LAI);<\/p>\n<\/li>\n<li data-start=\"956\" data-end=\"1043\">\n<p data-start=\"958\" data-end=\"1043\">Resolu\u00e7\u00f5es e diretrizes t\u00e9cnicas do <span class=\"hover:entity-accent entity-underline inline cursor-pointer align-baseline\"><span class=\"whitespace-normal\">Conselho Nacional de Arquivos<\/span><\/span> (CONARQ);<\/p>\n<\/li>\n<li data-start=\"1044\" data-end=\"1121\">\n<p data-start=\"1046\" data-end=\"1121\">Recomenda\u00e7\u00f5es internacionais do Conselho Internacional de Arquivos (ICA);<\/p>\n<\/li>\n<li data-start=\"1122\" data-end=\"1219\">\n<p data-start=\"1124\" data-end=\"1219\">Normas t\u00e9cnicas aplic\u00e1veis \u00e0 digitaliza\u00e7\u00e3o e preserva\u00e7\u00e3o digital de documentos arquiv\u00edsticos;<\/p>\n<\/li>\n<li data-start=\"1220\" data-end=\"1355\">\n<p data-start=\"1222\" data-end=\"1355\">Normas de acessibilidade previstas na legisla\u00e7\u00e3o brasileira, especialmente a Lei n\u00ba 13.146\/2015 (Estatuto da Pessoa com Defici\u00eancia).<\/p>\n<\/li>\n<\/ul>\n<p>[\/vc_column_text][\/vc_column][vc_column css_animation=&#8221;fadeInRight&#8221; width=&#8221;2\/5&#8243;][vc_single_image image=&#8221;1219&#8243; img_size=&#8221;&#8221; css=&#8221;&#8221;][\/vc_column][\/vc_row][vc_row content_placement=&#8221;middle&#8221; u_row_style=&#8221;0&#8243; u_row_paralax=&#8221;0&#8243; u_row_scheme=&#8221;0&#8243;][vc_column css_animation=&#8221;fadeInLeft&#8221; width=&#8221;2\/5&#8243;][vc_single_image image=&#8221;1212&#8243; img_size=&#8221;full&#8221; css=&#8221;&#8221;][\/vc_column][vc_column width=&#8221;3\/5&#8243;][vc_column_text css_animation=&#8221;fadeInRight&#8221; css=&#8221;&#8221;]<\/p>\n<h2 data-start=\"1362\" data-end=\"1389\"><span style=\"font-family: 'Special Elite', serif;font-size: 14pt\">2. Sala de Digitaliza\u00e7\u00e3o<\/span><\/h2>\n<p data-start=\"1391\" data-end=\"1607\">A sala de digitaliza\u00e7\u00e3o \u00e9 equipada com tecnologia de alto desempenho, adequada \u00e0 captura de documentos arquiv\u00edsticos em diferentes formatos e dimens\u00f5es, atendendo \u00e0s diretrizes t\u00e9cnicas de digitaliza\u00e7\u00e3o arquiv\u00edstica.<\/p>\n<h3 data-start=\"1609\" data-end=\"1638\"><span style=\"font-size: 12pt\">Equipamentos dispon\u00edveis:<\/span><\/h3>\n<ul data-start=\"1640\" data-end=\"2183\">\n<li data-start=\"1640\" data-end=\"1856\">\n<p data-start=\"1642\" data-end=\"1856\"><strong data-start=\"1642\" data-end=\"1686\">BookTEK\u00ae 5 V1A Professional Book Scanner<\/strong> \u2013 equipamento de alta performance para digitaliza\u00e7\u00e3o de documentos at\u00e9 o formato A1 (ISO), especialmente indicado para obras encadernadas e documentos de grande formato;<\/p>\n<\/li>\n<li data-start=\"1857\" data-end=\"1933\">\n<p data-start=\"1859\" data-end=\"1933\"><strong data-start=\"1859\" data-end=\"1880\">CZUR M3000 Pro V3<\/strong> \u2013 scanner planet\u00e1rio para documentos at\u00e9 formato A3 (ISO);<\/p>\n<\/li>\n<li data-start=\"1934\" data-end=\"2066\">\n<p data-start=\"1936\" data-end=\"2066\"><strong data-start=\"1936\" data-end=\"1967\">Avision A3 Bookedge Scanner<\/strong> \u2013 destinado \u00e0 digitaliza\u00e7\u00e3o de livros e fotografias, garantindo qualidade e agilidade no processo;<\/p>\n<\/li>\n<li data-start=\"2067\" data-end=\"2183\">\n<p data-start=\"2069\" data-end=\"2183\">Dois computadores de alto desempenho para tratamento de imagem, organiza\u00e7\u00e3o e processamento dos arquivos digitais.<\/p>\n<\/li>\n<\/ul>\n<p data-start=\"2185\" data-end=\"2347\">A sala \u00e9 climatizada e integrada ao setor administrativo, garantindo controle t\u00e9cnico do fluxo de digitaliza\u00e7\u00e3o, tratamento e armazenamento dos arquivos digitais.<\/p>\n<p>[\/vc_column_text][\/vc_column][\/vc_row][vc_row content_placement=&#8221;middle&#8221; u_row_style=&#8221;0&#8243; u_row_paralax=&#8221;0&#8243; u_row_scheme=&#8221;0&#8243;][vc_column width=&#8221;3\/5&#8243;][vc_column_text css_animation=&#8221;fadeInLeft&#8221; css=&#8221;&#8221;]<\/p>\n<h2 data-start=\"2354\" data-end=\"2374\"><span style=\"font-family: 'Special Elite', serif;font-size: 14pt\">3. Sala do Acervo<\/span><\/h2>\n<p data-start=\"2376\" data-end=\"2468\">A \u00e1rea de guarda documental \u00e9 equipada com mobili\u00e1rio arquiv\u00edstico especializado, incluindo:<\/p>\n<ul data-start=\"2470\" data-end=\"2617\">\n<li data-start=\"2470\" data-end=\"2545\">\n<p data-start=\"2472\" data-end=\"2545\"><strong data-start=\"2472\" data-end=\"2496\">Arquivos deslizantes<\/strong> com capacidade total de <strong data-start=\"2521\" data-end=\"2544\">564 metros lineares<\/strong>;<\/p>\n<\/li>\n<li data-start=\"2546\" data-end=\"2617\">\n<p data-start=\"2548\" data-end=\"2617\">Estantes complementares que somam <strong data-start=\"2582\" data-end=\"2616\">150 metros lineares adicionais<\/strong>.<\/p>\n<\/li>\n<\/ul>\n<p data-start=\"2619\" data-end=\"2749\">O ambiente mant\u00e9m <strong data-start=\"2637\" data-end=\"2670\">controle clim\u00e1tico permanente<\/strong>, com tr\u00eas aparelhos de ar-condicionado operando 24 horas por dia, assegurando:<\/p>\n<ul data-start=\"2751\" data-end=\"2822\">\n<li data-start=\"2751\" data-end=\"2780\">\n<p data-start=\"2753\" data-end=\"2780\">Temperatura m\u00e1xima de 23\u00b0C;<\/p>\n<\/li>\n<li data-start=\"2781\" data-end=\"2822\">\n<p data-start=\"2783\" data-end=\"2822\">Umidade relativa controlada em at\u00e9 50%.<\/p>\n<\/li>\n<\/ul>\n<p data-start=\"2824\" data-end=\"2994\">Esses par\u00e2metros seguem recomenda\u00e7\u00f5es t\u00e9cnicas de preserva\u00e7\u00e3o documental, reduzindo riscos de deteriora\u00e7\u00e3o f\u00edsico-qu\u00edmica, prolifera\u00e7\u00e3o de fungos e degrada\u00e7\u00e3o do suporte.<\/p>\n<p>[\/vc_column_text][\/vc_column][vc_column width=&#8221;2\/5&#8243;][vc_single_image image=&#8221;1220&#8243; img_size=&#8221;&#8221; css_animation=&#8221;fadeInRight&#8221; css=&#8221;&#8221;][\/vc_column][\/vc_row][vc_row content_placement=&#8221;middle&#8221; u_row_style=&#8221;0&#8243; u_row_paralax=&#8221;0&#8243; u_row_scheme=&#8221;0&#8243;][vc_column width=&#8221;2\/5&#8243;][vc_single_image image=&#8221;1222&#8243; img_size=&#8221;&#8221; css_animation=&#8221;fadeInLeft&#8221; css=&#8221;&#8221;][\/vc_column][vc_column width=&#8221;3\/5&#8243;][vc_column_text css_animation=&#8221;fadeInRight&#8221; css=&#8221;&#8221;]<\/p>\n<h2 data-start=\"3001\" data-end=\"3023\"><span style=\"font-family: 'Special Elite', serif;font-size: 14pt\">4. Sala de Pesquisa<\/span><\/h2>\n<p data-start=\"3025\" data-end=\"3124\">Destinada ao atendimento ao p\u00fablico acad\u00eamico e \u00e0 comunidade externa, a sala de pesquisa disp\u00f5e de:<\/p>\n<ul data-start=\"3126\" data-end=\"3318\">\n<li data-start=\"3126\" data-end=\"3171\">\n<p data-start=\"3128\" data-end=\"3171\">Mesas e cadeiras adequadas ao uso cont\u00ednuo;<\/p>\n<\/li>\n<li data-start=\"3172\" data-end=\"3230\">\n<p data-start=\"3174\" data-end=\"3230\">Computador central para consulta aos cat\u00e1logos digitais;<\/p>\n<\/li>\n<li data-start=\"3231\" data-end=\"3318\">\n<p data-start=\"3233\" data-end=\"3318\">Biblioteca de apoio com obras especializadas em Hist\u00f3ria, Arquivologia e \u00e1reas afins.<\/p>\n<\/li>\n<\/ul>\n<p data-start=\"3320\" data-end=\"3551\">O acesso ao acervo f\u00edsico \u00e9 regulado por <strong data-start=\"3361\" data-end=\"3390\">normas internas rigorosas<\/strong>, que estabelecem procedimentos de manuseio, requisi\u00e7\u00e3o e consulta, garantindo a preserva\u00e7\u00e3o dos documentos originais e a integridade do patrim\u00f4nio arquiv\u00edstico.<\/p>\n<p>[\/vc_column_text][\/vc_column][\/vc_row][vc_row content_placement=&#8221;middle&#8221; u_row_style=&#8221;0&#8243; u_row_paralax=&#8221;0&#8243; u_row_scheme=&#8221;0&#8243;][vc_column width=&#8221;2\/3&#8243;][vc_column_text css_animation=&#8221;fadeInLeft&#8221; css=&#8221;&#8221;]<\/p>\n<h2 data-start=\"3558\" data-end=\"3583\"><span style=\"font-family: 'Special Elite', serif;font-size: 14pt\">5. Sala de Conserva\u00e7\u00e3o<\/span><\/h2>\n<p data-start=\"3585\" data-end=\"3690\">Espa\u00e7o t\u00e9cnico destinado \u00e0 higieniza\u00e7\u00e3o, pequenos reparos e acondicionamento de documentos, equipada com:<\/p>\n<ul data-start=\"3692\" data-end=\"3996\">\n<li data-start=\"3692\" data-end=\"3792\">\n<p data-start=\"3694\" data-end=\"3792\">Duas mesas amplas com cobertura de vidro temperado, apropriadas ao manuseio de documentos fr\u00e1geis;<\/p>\n<\/li>\n<li data-start=\"3793\" data-end=\"3814\">\n<p data-start=\"3795\" data-end=\"3814\">Mesa higienizadora;<\/p>\n<\/li>\n<li data-start=\"3815\" data-end=\"3826\">\n<p data-start=\"3817\" data-end=\"3826\">Seladora;<\/p>\n<\/li>\n<li data-start=\"3827\" data-end=\"3845\">\n<p data-start=\"3829\" data-end=\"3845\">Prensa de papel;<\/p>\n<\/li>\n<li data-start=\"3846\" data-end=\"3859\">\n<p data-start=\"3848\" data-end=\"3859\">Guilhotina;<\/p>\n<\/li>\n<li data-start=\"3860\" data-end=\"3876\">\n<p data-start=\"3862\" data-end=\"3876\">Encadernadora;<\/p>\n<\/li>\n<li data-start=\"3877\" data-end=\"3899\">\n<p data-start=\"3879\" data-end=\"3899\">Bancada de trabalho;<\/p>\n<\/li>\n<li data-start=\"3900\" data-end=\"3996\">\n<p data-start=\"3902\" data-end=\"3996\">Dois arm\u00e1rios para organiza\u00e7\u00e3o e armazenamento de materiais de conserva\u00e7\u00e3o e acondicionamento.<\/p>\n<\/li>\n<\/ul>\n<p data-start=\"3998\" data-end=\"4148\">A estrutura permite a execu\u00e7\u00e3o de procedimentos t\u00e9cnicos preventivos e corretivos de baixa complexidade, conforme pr\u00e1ticas arquiv\u00edsticas consolidadas.<\/p>\n<p>[\/vc_column_text][\/vc_column][vc_column width=&#8221;1\/3&#8243;][vc_single_image css_animation=&#8221;fadeInRight&#8221; css=&#8221;&#8221;][\/vc_column][\/vc_row][vc_row content_placement=&#8221;middle&#8221; u_row_style=&#8221;0&#8243; u_row_paralax=&#8221;0&#8243; u_row_scheme=&#8221;0&#8243;][vc_column width=&#8221;1\/3&#8243;][vc_single_image image=&#8221;1223&#8243; img_size=&#8221;&#8221; css_animation=&#8221;fadeInLeft&#8221; css=&#8221;&#8221;][\/vc_column][vc_column width=&#8221;2\/3&#8243;][vc_column_text css_animation=&#8221;fadeInRight&#8221; css=&#8221;&#8221;]<\/p>\n<h2 data-start=\"4155\" data-end=\"4181\"><span style=\"font-family: Special Elite, serif\"><span style=\"font-size: x-large\">6. Sala Administrativa<\/span><\/span><\/h2>\n<p data-start=\"4183\" data-end=\"4217\">A sala da administra\u00e7\u00e3o conta com:<\/p>\n<ul data-start=\"4219\" data-end=\"4440\">\n<li data-start=\"4219\" data-end=\"4345\">\n<p data-start=\"4221\" data-end=\"4345\">Quatro computadores destinados \u00e0s atividades administrativas, descri\u00e7\u00e3o arquiv\u00edstica e produ\u00e7\u00e3o de instrumentos de pesquisa;<\/p>\n<\/li>\n<li data-start=\"4346\" data-end=\"4375\">\n<p data-start=\"4348\" data-end=\"4375\">Quatro mesas de escrit\u00f3rio;<\/p>\n<\/li>\n<li data-start=\"4376\" data-end=\"4440\">\n<p data-start=\"4378\" data-end=\"4440\">Dois telefones fixos, sendo um ramal institucional de contato.<\/p>\n<\/li>\n<\/ul>\n<p data-start=\"4442\" data-end=\"4635\">Neste setor s\u00e3o desenvolvidas atividades de gest\u00e3o documental, organiza\u00e7\u00e3o de fundos, elabora\u00e7\u00e3o de cat\u00e1logos, atendimento institucional e coordena\u00e7\u00e3o das a\u00e7\u00f5es t\u00e9cnicas e acad\u00eamicas do Centro.<\/p>\n<p>[\/vc_column_text][\/vc_column][\/vc_row][vc_row content_placement=&#8221;middle&#8221; u_row_style=&#8221;0&#8243; u_row_paralax=&#8221;0&#8243; u_row_scheme=&#8221;0&#8243;][vc_column width=&#8221;2\/3&#8243;][vc_column_text css_animation=&#8221;fadeInLeft&#8221; css=&#8221;&#8221;]<\/p>\n<h2 data-start=\"4642\" data-end=\"4685\"><span style=\"font-family: Special Elite, serif\"><span style=\"font-size: x-large\">7. Infraestrutura Geral e Acessibilidade<\/span><\/span><\/h2>\n<p data-start=\"4687\" data-end=\"4707\">O CEDOC\/I disp\u00f5e de:<\/p>\n<ul data-start=\"4709\" data-end=\"5037\">\n<li data-start=\"4709\" data-end=\"4741\">\n<p data-start=\"4711\" data-end=\"4741\">Sistema de alarme de inc\u00eandio;<\/p>\n<\/li>\n<li data-start=\"4742\" data-end=\"4815\">\n<p data-start=\"4744\" data-end=\"4815\">Extintores estrategicamente posicionados, conforme normas de seguran\u00e7a;<\/p>\n<\/li>\n<li data-start=\"4816\" data-end=\"4855\">\n<p data-start=\"4818\" data-end=\"4855\">Ambientes integralmente climatizados;<\/p>\n<\/li>\n<li data-start=\"4856\" data-end=\"4959\">\n<p data-start=\"4858\" data-end=\"4959\">Cinco banheiros (dois masculinos, dois femininos e um unissex adaptado para pessoas com defici\u00eancia);<\/p>\n<\/li>\n<li data-start=\"4960\" data-end=\"5037\">\n<p data-start=\"4962\" data-end=\"5037\">Rampa de acesso \u00e0s \u00e1reas internas, garantindo acessibilidade arquitet\u00f4nica.<\/p>\n<\/li>\n<\/ul>\n<p data-start=\"5039\" data-end=\"5212\">A infraestrutura atende \u00e0s exig\u00eancias de seguran\u00e7a, acessibilidade e preserva\u00e7\u00e3o, assegurando condi\u00e7\u00f5es adequadas para guarda, tratamento t\u00e9cnico e acesso p\u00fablico ao acervo.<\/p>\n<p>[\/vc_column_text][\/vc_column][vc_column width=&#8221;1\/3&#8243;][vc_single_image image=&#8221;958&#8243; img_size=&#8221;250x250px&#8221; alignment=&#8221;center&#8221; css_animation=&#8221;fadeInRight&#8221; css=&#8221;&#8221;][\/vc_column][\/vc_row]<\/p>\n<\/div>","protected":false},"excerpt":{"rendered":"<p>[vc_row content_placement=&#8221;middle&#8221; u_row_style=&#8221;0&#8243; u_row_paralax=&#8221;0&#8243; u_row_scheme=&#8221;0&#8243;][vc_column width=&#8221;2\/5&#8243;][vc_single_image image=&#8221;955&#8243; img_size=&#8221;150x150px&#8221; alignment=&#8221;center&#8221; onclick=&#8221;custom_link&#8221; img_link_target=&#8221;_blank&#8221; css_animation=&#8221;fadeInLeft&#8221; css=&#8221;.vc_custom_1772203616489{margin-bottom: 0px !important;}&#8221; link=&#8221;https:\/\/pnipe.mcti.gov.br\/laboratory\/32199&#8243;][vc_single_image image=&#8221;954&#8243; img_size=&#8221;&#8221; alignment=&#8221;center&#8221; onclick=&#8221;custom_link&#8221; img_link_target=&#8221;_blank&#8221; css_animation=&#8221;fadeInLeft&#8221; css=&#8221;&#8221; link=&#8221;https:\/\/pnipe.mcti.gov.br\/&#8221;][\/vc_column][vc_column width=&#8221;3\/5&#8243;][vc_column_text css_animation=&#8221;fadeInRight&#8221; css=&#8221;&#8221;] O Centro de Documenta\u00e7\u00e3o e Mem\u00f3ria da Universidade Estadual do Centro-Oeste \u2013 Campus de Irati (CEDOC\/I), disp\u00f5e de infraestrutura t\u00e9cnica e f\u00edsica plenamente adequada \u00e0s atividades arquiv\u00edsticas, em [&hellip;]<\/p>\n","protected":false},"author":750,"featured_media":0,"parent":0,"menu_order":0,"comment_status":"closed","ping_status":"closed","template":"","meta":{"_exactmetrics_skip_tracking":false,"_exactmetrics_sitenote_active":false,"_exactmetrics_sitenote_note":"","_exactmetrics_sitenote_category":0,"footnotes":"","_links_to":"","_links_to_target":""},"class_list":["post-858","page","type-page","status-publish","hentry"],"_links":{"self":[{"href":"https:\/\/www3.unicentro.br\/cedoci\/wp-json\/wp\/v2\/pages\/858","targetHints":{"allow":["GET"]}}],"collection":[{"href":"https:\/\/www3.unicentro.br\/cedoci\/wp-json\/wp\/v2\/pages"}],"about":[{"href":"https:\/\/www3.unicentro.br\/cedoci\/wp-json\/wp\/v2\/types\/page"}],"author":[{"embeddable":true,"href":"https:\/\/www3.unicentro.br\/cedoci\/wp-json\/wp\/v2\/users\/750"}],"replies":[{"embeddable":true,"href":"https:\/\/www3.unicentro.br\/cedoci\/wp-json\/wp\/v2\/comments?post=858"}],"version-history":[{"count":3,"href":"https:\/\/www3.unicentro.br\/cedoci\/wp-json\/wp\/v2\/pages\/858\/revisions"}],"predecessor-version":[{"id":949,"href":"https:\/\/www3.unicentro.br\/cedoci\/wp-json\/wp\/v2\/pages\/858\/revisions\/949"}],"wp:attachment":[{"href":"https:\/\/www3.unicentro.br\/cedoci\/wp-json\/wp\/v2\/media?parent=858"}],"curies":[{"name":"wp","href":"https:\/\/api.w.org\/{rel}","templated":true}]}}