{"id":31,"date":"2018-10-22T12:03:46","date_gmt":"2018-10-22T14:03:46","guid":{"rendered":"https:\/\/www3.unicentro.br\/cedoci\/?page_id=31"},"modified":"2026-02-27T11:50:17","modified_gmt":"2026-02-27T14:50:17","slug":"apresentacao","status":"publish","type":"page","link":"https:\/\/www3.unicentro.br\/cedoci\/apresentacao\/","title":{"rendered":"Apresenta\u00e7\u00e3o"},"content":{"rendered":"<div class=\"wpb-content-wrapper\"><p>[vc_row][vc_column css_animation=&#8221;fadeIn&#8221;][vc_column_text css=&#8221;&#8221;]Centro de Documenta\u00e7\u00e3o e Mem\u00f3ria do Campus de Irati, Cedoc\/I, \u00e9 um \u00f3rg\u00e3o colegiado vinculado \u00e0 Dire\u00e7\u00e3o do C\u00e2mpus de Irati, da Universidade Estadual do Centro-Oeste, Unicentro, voltado ao tratamento arquiv\u00edstico de documentos de car\u00e1ter permanente, reconhecidos pelo seu valor hist\u00f3rico, cient\u00edfico e cultural, produzidos e recebidos pela institui\u00e7\u00e3o e preferencialmente, relacionados com a regi\u00e3o de abrang\u00eancia da Unicentro, produzidos no \u00e2mbito p\u00fablico ou privado.<\/p>\n<p>Seu principal objetivo, conforme seu regulamento (Resolu\u00e7\u00e3o n\u00ba 01, de 08 de julho de 2021 \u2013 Cadcam\/Dircamp\/I\/ Unicentro), \u00e9 a capta\u00e7\u00e3o de acervos arquiv\u00edsticos, seu tratamento, preserva\u00e7\u00e3o e difus\u00e3o. Fazem parte do acervo: fundos e cole\u00e7\u00f5es privadas, fundos dos poderes Judici\u00e1rio, Executivo e Legislativo e peri\u00f3dicos. Atualmente o acervo \u00e9 constitu\u00eddo de 246 metros lineares de documentos textuais, iconogr\u00e1ficos, cartogr\u00e1ficos, bibliogr\u00e1ficos e peri\u00f3dicos.<\/p>\n<p>Parte substancial do acervo \u00e9 constitu\u00eddo por documentos do Poder Judici\u00e1rio da regi\u00e3o Centro Sul e do chamado \u201cParan\u00e1 Tradicional\u201d, cujo tratamento arquiv\u00edstico foi possibilitado mediante conv\u00eanios com o Tribunal de Justi\u00e7a do Paran\u00e1. Trata-se de cerca de 15 mil processos crime (aprox. 120 metros lineares) recebidos das comarcas de Irati, Imbituva, Mallet, Prudent\u00f3polis, Teixeira Soares, S\u00e3o Mateus do Sul, S\u00e3o Jo\u00e3o do Triunfo, Palmeira, Castro, Rio Negro. Al\u00e9m disto, est\u00e3o sendo digitalizados processos criminais das comarcas de Imbituva, Ponta Grossa e Antonina, sob a guarda do Museu da Justi\u00e7a do Estado do Paran\u00e1, visando a sua disponibiliza\u00e7\u00e3o para pesquisa no Cedoc\/I.<\/p>\n<p>Com esse trabalho, o Centro de Documenta\u00e7\u00e3o e Mem\u00f3ria da Unicentro em Irati, \u00e9 um arquivo de refer\u00eancia em documenta\u00e7\u00e3o criminal no estado do Paran\u00e1. Por meio dos conv\u00eanios citados, manter\u00e1 sob sua guarda documentos preciosos para desvendar diferentes aspectos da hist\u00f3ria paranaense e, portanto, do Brasil.<br \/>\nOutro fundo documental substancial disponibilizado para pesquisa s\u00e3o os Livros de Atas das C\u00e2maras Municipais de Castro, Palmeira, Ponta Grossa, Paranagu\u00e1, Irati, Rio Azul, Mallet, que compreendem os s\u00e9culos XVIII, XIX e XX.<\/p>\n<p>Nos \u00faltimos anos o Cedoc\/I incrementou sua cole\u00e7\u00e3o de peri\u00f3dicos. Al\u00e9m de jornais impressos em Irati, o acervo re\u00fane as publica\u00e7\u00f5es da Tipografia Prudent\u00f3polis (Jornal Pr\u00e1cia e seus suplementos, o Mission\u00e1rio Ucra\u00edno do Brasil e o Almanaque Pracia), peri\u00f3dicos cat\u00f3licos da antiga biblioteca do Semin\u00e1rio S\u00e3o Jos\u00e9 e 14 t\u00edtulos de jornais em l\u00edngua ucraniana, publicados em 7 pa\u00edses (Argentina, Estados Unidos, Canad\u00e1, Londres, Alemanha e Ucr\u00e2nia), totalizando cerca de 17 metros lineares de jornais do per\u00edodo de 1917 a 1984.<\/p>\n<p>O Cedoc\/I tamb\u00e9m tem como prop\u00f3sito atuar como laborat\u00f3rio de natureza cient\u00edfica e pedag\u00f3gica, oferecendo suporte para as atividades de ensino, pesquisa e extens\u00e3o. Para esta miss\u00e3o, contribuem a Reitoria, a Dire\u00e7\u00e3o do campus, o Departamento de Hist\u00f3ria, e o Programa de P\u00f3s-Gradua\u00e7\u00e3o em Hist\u00f3ria, estes respons\u00e1veis por fomentar a pesquisa entre os acad\u00eamicos.<\/p>\n<p>O Cedoc\/I conta com instala\u00e7\u00f5es adequadas \u00e0 preserva\u00e7\u00e3o da documenta\u00e7\u00e3o, climatiza\u00e7\u00e3o, espa\u00e7o para processamento t\u00e9cnico, sala de pesquisa e atendimento a pesquisadores. Isso foi poss\u00edvel com o empenho de seus diretores, Prof.\u00aa Dr.\u00aa M\u00e9ri Frotscher Kramer, Prof. Dr. Helio Sochodolak (Dehis\/I), Profa. Dra. Ana Paula Wagner (Dehis\/I) e Prof. Dr. Valter Martins; da arquivista M\u00e1rcia Dor\u00e9 e dos acad\u00eamicos do curso de Hist\u00f3ria, que ora como estagi\u00e1rios remunerados, ora como participantes de projetos de extens\u00e3o, ora ainda como volunt\u00e1rios em mutir\u00f5es, garantem o necess\u00e1rio para que as fontes estejam acess\u00edveis a pesquisa.[\/vc_column_text][\/vc_column][\/vc_row]<\/p>\n<\/div>","protected":false},"excerpt":{"rendered":"<p>[vc_row][vc_column css_animation=&#8221;fadeIn&#8221;][vc_column_text css=&#8221;&#8221;]Centro de Documenta\u00e7\u00e3o e Mem\u00f3ria do Campus de Irati, Cedoc\/I, \u00e9 um \u00f3rg\u00e3o colegiado vinculado \u00e0 Dire\u00e7\u00e3o do C\u00e2mpus de Irati, da Universidade Estadual do Centro-Oeste, Unicentro, voltado ao tratamento arquiv\u00edstico de documentos de car\u00e1ter permanente, reconhecidos pelo seu valor hist\u00f3rico, cient\u00edfico e cultural, produzidos e recebidos pela institui\u00e7\u00e3o e preferencialmente, relacionados com [&hellip;]<\/p>\n","protected":false},"author":3,"featured_media":0,"parent":0,"menu_order":0,"comment_status":"closed","ping_status":"closed","template":"","meta":{"_exactmetrics_skip_tracking":false,"_exactmetrics_sitenote_active":false,"_exactmetrics_sitenote_note":"","_exactmetrics_sitenote_category":0,"footnotes":"","_links_to":"","_links_to_target":""},"class_list":["post-31","page","type-page","status-publish","hentry"],"_links":{"self":[{"href":"https:\/\/www3.unicentro.br\/cedoci\/wp-json\/wp\/v2\/pages\/31","targetHints":{"allow":["GET"]}}],"collection":[{"href":"https:\/\/www3.unicentro.br\/cedoci\/wp-json\/wp\/v2\/pages"}],"about":[{"href":"https:\/\/www3.unicentro.br\/cedoci\/wp-json\/wp\/v2\/types\/page"}],"author":[{"embeddable":true,"href":"https:\/\/www3.unicentro.br\/cedoci\/wp-json\/wp\/v2\/users\/3"}],"replies":[{"embeddable":true,"href":"https:\/\/www3.unicentro.br\/cedoci\/wp-json\/wp\/v2\/comments?post=31"}],"version-history":[{"count":4,"href":"https:\/\/www3.unicentro.br\/cedoci\/wp-json\/wp\/v2\/pages\/31\/revisions"}],"predecessor-version":[{"id":964,"href":"https:\/\/www3.unicentro.br\/cedoci\/wp-json\/wp\/v2\/pages\/31\/revisions\/964"}],"wp:attachment":[{"href":"https:\/\/www3.unicentro.br\/cedoci\/wp-json\/wp\/v2\/media?parent=31"}],"curies":[{"name":"wp","href":"https:\/\/api.w.org\/{rel}","templated":true}]}}