{"id":1227,"date":"2026-05-12T13:42:00","date_gmt":"2026-05-12T16:42:00","guid":{"rendered":"https:\/\/www3.unicentro.br\/cedoci\/?page_id=1227"},"modified":"2026-05-12T13:43:46","modified_gmt":"2026-05-12T16:43:46","slug":"conteudo-e-informacao","status":"publish","type":"page","link":"https:\/\/www3.unicentro.br\/cedoci\/conteudo-e-informacao\/","title":{"rendered":"Conte\u00fado e Informa\u00e7\u00e3o"},"content":{"rendered":"<div class=\"wpb-content-wrapper\"><p>[vc_row][vc_column][vc_column_text css_animation=&#8221;fadeIn&#8221; css=&#8221;&#8221;]<\/p>\n<p align=\"justify\"><span style=\"font-family: Sitka Banner\">O Centro de Documenta\u00e7\u00e3o e Mem\u00f3ria (CEDOC\/I) atua como institui\u00e7\u00e3o respons\u00e1vel pela cust\u00f3dia, preserva\u00e7\u00e3o e difus\u00e3o de acervos documentais de valor hist\u00f3rico. Nesse sentido, informa que n\u00e3o se responsabiliza pelo conte\u00fado, pelas opini\u00f5es, interpreta\u00e7\u00f5es ou ideias expressas nos documentos sob sua guarda, os quais s\u00e3o de inteira responsabilidade de seus respectivos autores, produtores e\/ou detentores de direitos intelectuais.<\/span><\/p>\n<p align=\"justify\"><span style=\"font-family: Sitka Banner\"> Ressalta-se que os documentos preservados refletem os contextos hist\u00f3ricos, sociais, culturais e jur\u00eddicos nos quais foram produzidos, podendo conter concep\u00e7\u00f5es, linguagens e pr\u00e1ticas pr\u00f3prias de seu tempo. Sua disponibiliza\u00e7\u00e3o n\u00e3o implica concord\u00e2ncia, valida\u00e7\u00e3o ou endosso institucional por parte do CEDOC, mas se fundamenta no compromisso com a integridade das fontes e com o acesso amplo \u00e0 informa\u00e7\u00e3o.<\/span><\/p>\n<p align=\"justify\"><span style=\"font-family: Sitka Banner\"> O CEDOC tem como finalidade a preserva\u00e7\u00e3o, a guarda, a organiza\u00e7\u00e3o, o tratamento t\u00e9cnico e a difus\u00e3o de acervos documentais hist\u00f3ricos, assegurando sua conserva\u00e7\u00e3o e promovendo sua disponibiliza\u00e7\u00e3o a pesquisadores e ao p\u00fablico em geral. Suas a\u00e7\u00f5es est\u00e3o orientadas pela valoriza\u00e7\u00e3o do patrim\u00f4nio documental, pela promo\u00e7\u00e3o da mem\u00f3ria social e pela democratiza\u00e7\u00e3o do acesso \u00e0s fontes, contribuindo para o desenvolvimento da pesquisa, da educa\u00e7\u00e3o e da reflex\u00e3o cr\u00edtica sobre o passado e o presente.<\/span><\/p>\n<p>[\/vc_column_text][vc_single_image image=&#8221;1231&#8243; img_size=&#8221;800x168px&#8221; alignment=&#8221;center&#8221; css_animation=&#8221;fadeIn&#8221; css=&#8221;&#8221;][\/vc_column][\/vc_row]<\/p>\n<\/div>","protected":false},"excerpt":{"rendered":"<p>[vc_row][vc_column][vc_column_text css_animation=&#8221;fadeIn&#8221; css=&#8221;&#8221;] O Centro de Documenta\u00e7\u00e3o e Mem\u00f3ria (CEDOC\/I) atua como institui\u00e7\u00e3o respons\u00e1vel pela cust\u00f3dia, preserva\u00e7\u00e3o e difus\u00e3o de acervos documentais de valor hist\u00f3rico. Nesse sentido, informa que n\u00e3o se responsabiliza pelo conte\u00fado, pelas opini\u00f5es, interpreta\u00e7\u00f5es ou ideias expressas nos documentos sob sua guarda, os quais s\u00e3o de inteira responsabilidade de seus respectivos autores, [&hellip;]<\/p>\n","protected":false},"author":750,"featured_media":0,"parent":0,"menu_order":0,"comment_status":"closed","ping_status":"closed","template":"","meta":{"_exactmetrics_skip_tracking":false,"_exactmetrics_sitenote_active":false,"_exactmetrics_sitenote_note":"","_exactmetrics_sitenote_category":0,"footnotes":"","_links_to":"","_links_to_target":""},"class_list":["post-1227","page","type-page","status-publish","hentry"],"_links":{"self":[{"href":"https:\/\/www3.unicentro.br\/cedoci\/wp-json\/wp\/v2\/pages\/1227","targetHints":{"allow":["GET"]}}],"collection":[{"href":"https:\/\/www3.unicentro.br\/cedoci\/wp-json\/wp\/v2\/pages"}],"about":[{"href":"https:\/\/www3.unicentro.br\/cedoci\/wp-json\/wp\/v2\/types\/page"}],"author":[{"embeddable":true,"href":"https:\/\/www3.unicentro.br\/cedoci\/wp-json\/wp\/v2\/users\/750"}],"replies":[{"embeddable":true,"href":"https:\/\/www3.unicentro.br\/cedoci\/wp-json\/wp\/v2\/comments?post=1227"}],"version-history":[{"count":3,"href":"https:\/\/www3.unicentro.br\/cedoci\/wp-json\/wp\/v2\/pages\/1227\/revisions"}],"predecessor-version":[{"id":1240,"href":"https:\/\/www3.unicentro.br\/cedoci\/wp-json\/wp\/v2\/pages\/1227\/revisions\/1240"}],"wp:attachment":[{"href":"https:\/\/www3.unicentro.br\/cedoci\/wp-json\/wp\/v2\/media?parent=1227"}],"curies":[{"name":"wp","href":"https:\/\/api.w.org\/{rel}","templated":true}]}}