{"id":47,"date":"2020-09-01T16:24:42","date_gmt":"2020-09-01T19:24:42","guid":{"rendered":"https:\/\/www3.unicentro.br\/cedeteg\/?page_id=47"},"modified":"2020-10-26T16:07:41","modified_gmt":"2020-10-26T19:07:41","slug":"inovacao-tecnologica","status":"publish","type":"page","link":"https:\/\/www3.unicentro.br\/cedeteg\/inovacao-tecnologica\/","title":{"rendered":"Inova\u00e7\u00e3o Tecnol\u00f3gica"},"content":{"rendered":"<p><a href=\"https:\/\/www.unicentronovatec.com.br\/\" target=\"_blank\" rel=\"noopener noreferrer\"><img loading=\"lazy\" decoding=\"async\" class=\"aligncenter wp-image-404 size-full\" src=\"https:\/\/www3.unicentro.br\/cedeteg\/wp-content\/uploads\/sites\/91\/2020\/10\/WhatsApp-Image-2019-08-22-at-12.31.55-2.jpeg\" alt=\"\" width=\"956\" height=\"461\" srcset=\"https:\/\/www3.unicentro.br\/cedeteg\/wp-content\/uploads\/sites\/91\/2020\/10\/WhatsApp-Image-2019-08-22-at-12.31.55-2.jpeg 956w, https:\/\/www3.unicentro.br\/cedeteg\/wp-content\/uploads\/sites\/91\/2020\/10\/WhatsApp-Image-2019-08-22-at-12.31.55-2-300x145.jpeg 300w, https:\/\/www3.unicentro.br\/cedeteg\/wp-content\/uploads\/sites\/91\/2020\/10\/WhatsApp-Image-2019-08-22-at-12.31.55-2-768x370.jpeg 768w, https:\/\/www3.unicentro.br\/cedeteg\/wp-content\/uploads\/sites\/91\/2020\/10\/WhatsApp-Image-2019-08-22-at-12.31.55-2-255x123.jpeg 255w\" sizes=\"auto, (max-width: 956px) 100vw, 956px\" \/><\/a><\/p>\n<p>&nbsp;<\/p>\n<p style=\"text-align: justify\">A <span style=\"color: #800000\"><a style=\"color: #800000\" href=\"https:\/\/www.unicentronovatec.com.br\/\" target=\"_blank\" rel=\"noopener noreferrer\">Ag\u00eancia de Inova\u00e7\u00e3o Tecnol\u00f3gica da Unicentro &#8211; Novatec<\/a><\/span> foi criada em 8 de dezembro de 2005 com o objetivo de apoiar a cria\u00e7\u00e3o e o desenvolvimento de pequenas empresas de base tecnol\u00f3gica e oferecer total apoio, assist\u00eancia e capacita\u00e7\u00e3o para as pessoas com ideias inovadoras e empreendedoras.\u00a0 Al\u00e9m disso, tem por miss\u00e3o buscar e fortalecer parcerias com entidades p\u00fablicas e privadas, criando oportunidade para que as atividades de ensino e pesquisa de base tecnol\u00f3gica se beneficiem dessas parcerias e contribuam para o desenvolvimento econ\u00f4mica e social de regi\u00e3o.<\/p>\n<p>A ag\u00eancia tem como objetivo:<\/p>\n<p>&#8211; Divulgar e proteger os conhecimentos gerados pelos pesquisadores da institui\u00e7\u00e3o;<\/p>\n<p>&#8211; Estimular parcerias com empresas e \u00f3rg\u00e3os p\u00fablicos;<\/p>\n<p>&#8211; Coordenar a\u00e7\u00f5es entre \u00f3rg\u00e3os municipais, estaduais, nacionais e internacionais, visando a implanta\u00e7\u00e3o do Parque Tecnol\u00f3gico;<\/p>\n<p>&#8211; Apoiar e estimular novas empresas de base tecnol\u00f3gica;<\/p>\n<p>&#8211; Implementar a pol\u00edtica de propriedade intelectual da Unicentro;<\/p>\n<p>&#8211; Incentivar a cria\u00e7\u00e3o de laborat\u00f3rios de presta\u00e7\u00e3o de servi\u00e7os e zelar pela manuten\u00e7\u00e3o da pol\u00edtica institucional de est\u00edmulo \u00e0 prote\u00e7\u00e3o de cria\u00e7\u00f5es, licenciamentos, inova\u00e7\u00f5es e outras formas de transfer\u00eancia de tecnologias.<\/p>\n<p>Acesse o <span style=\"color: #800000\"><a style=\"color: #800000\" href=\"https:\/\/www.unicentronovatec.com.br\/\" target=\"_blank\" rel=\"noopener noreferrer\">site da Novatec<\/a><\/span> e saiba mais sobre os servi\u00e7os ofertados.<\/p>\n","protected":false},"excerpt":{"rendered":"<p>&nbsp; A Ag\u00eancia de Inova\u00e7\u00e3o Tecnol\u00f3gica da Unicentro &#8211; Novatec foi criada em 8 de dezembro de 2005 com o objetivo de apoiar a cria\u00e7\u00e3o e o desenvolvimento de pequenas empresas de base tecnol\u00f3gica e oferecer total apoio, assist\u00eancia e capacita\u00e7\u00e3o para as pessoas com ideias inovadoras e empreendedoras.\u00a0 Al\u00e9m disso, tem por miss\u00e3o buscar [&hellip;]<\/p>\n","protected":false},"author":3,"featured_media":0,"parent":0,"menu_order":0,"comment_status":"closed","ping_status":"closed","template":"","meta":{"_exactmetrics_skip_tracking":false,"_exactmetrics_sitenote_active":false,"_exactmetrics_sitenote_note":"","_exactmetrics_sitenote_category":0,"footnotes":"","_links_to":"","_links_to_target":""},"class_list":["post-47","page","type-page","status-publish","hentry"],"_links":{"self":[{"href":"https:\/\/www3.unicentro.br\/cedeteg\/wp-json\/wp\/v2\/pages\/47","targetHints":{"allow":["GET"]}}],"collection":[{"href":"https:\/\/www3.unicentro.br\/cedeteg\/wp-json\/wp\/v2\/pages"}],"about":[{"href":"https:\/\/www3.unicentro.br\/cedeteg\/wp-json\/wp\/v2\/types\/page"}],"author":[{"embeddable":true,"href":"https:\/\/www3.unicentro.br\/cedeteg\/wp-json\/wp\/v2\/users\/3"}],"replies":[{"embeddable":true,"href":"https:\/\/www3.unicentro.br\/cedeteg\/wp-json\/wp\/v2\/comments?post=47"}],"version-history":[{"count":0,"href":"https:\/\/www3.unicentro.br\/cedeteg\/wp-json\/wp\/v2\/pages\/47\/revisions"}],"wp:attachment":[{"href":"https:\/\/www3.unicentro.br\/cedeteg\/wp-json\/wp\/v2\/media?parent=47"}],"curies":[{"name":"wp","href":"https:\/\/api.w.org\/{rel}","templated":true}]}}