{"id":440,"date":"2020-11-09T08:57:51","date_gmt":"2020-11-09T11:57:51","guid":{"rendered":"https:\/\/www3.unicentro.br\/cedeteg\/?page_id=440"},"modified":"2020-11-25T16:03:35","modified_gmt":"2020-11-25T19:03:35","slug":"estudantes","status":"publish","type":"page","link":"https:\/\/www3.unicentro.br\/cedeteg\/estudantes\/","title":{"rendered":"Estudantes"},"content":{"rendered":"<p><a href=\"https:\/\/www3.unicentro.br\/apoioaoestudante\/\"><img loading=\"lazy\" decoding=\"async\" class=\"alignleft wp-image-487 size-medium\" src=\"https:\/\/www3.unicentro.br\/cedeteg\/wp-content\/uploads\/sites\/91\/2020\/11\/people-2557396_640-300x200.jpg\" alt=\"\" width=\"300\" height=\"200\" srcset=\"https:\/\/www3.unicentro.br\/cedeteg\/wp-content\/uploads\/sites\/91\/2020\/11\/people-2557396_640-300x200.jpg 300w, https:\/\/www3.unicentro.br\/cedeteg\/wp-content\/uploads\/sites\/91\/2020\/11\/people-2557396_640-255x170.jpg 255w, https:\/\/www3.unicentro.br\/cedeteg\/wp-content\/uploads\/sites\/91\/2020\/11\/people-2557396_640.jpg 640w\" sizes=\"auto, (max-width: 300px) 100vw, 300px\" \/><\/a><\/p>\n<h3><a href=\"https:\/\/www3.unicentro.br\/apoioaoestudante\/\" target=\"_blank\" rel=\"noopener noreferrer\">Assist\u00eancia Estudantil &#8211; Coordenadoria de Apoio ao Estudante<\/a><\/h3>\n<p>A Coordenadoria de Apoio ao Estudante (COORAE) destina-se aos acad\u00eamicos da Universidade Estadual do Centro-Oeste, Unicentro, com a finalidade de propiciar aos estudantes condi\u00e7\u00f5es para o acesso e perman\u00eancia no ensino superior.<\/p>\n<p>&nbsp;<\/p>\n<p>&nbsp;<\/p>\n<p>&nbsp;<\/p>\n<p>&nbsp;<\/p>\n<h3><a href=\"https:\/\/www3.unicentro.br\/coorti\/aonline\/\" target=\"_blank\" rel=\"noopener noreferrer\"><img loading=\"lazy\" decoding=\"async\" class=\"alignleft size-medium wp-image-486\" src=\"https:\/\/www3.unicentro.br\/cedeteg\/wp-content\/uploads\/sites\/91\/2020\/11\/student-849822_640-300x200.jpg\" alt=\"\" width=\"300\" height=\"200\" srcset=\"https:\/\/www3.unicentro.br\/cedeteg\/wp-content\/uploads\/sites\/91\/2020\/11\/student-849822_640-300x200.jpg 300w, https:\/\/www3.unicentro.br\/cedeteg\/wp-content\/uploads\/sites\/91\/2020\/11\/student-849822_640-255x170.jpg 255w, https:\/\/www3.unicentro.br\/cedeteg\/wp-content\/uploads\/sites\/91\/2020\/11\/student-849822_640.jpg 640w\" sizes=\"auto, (max-width: 300px) 100vw, 300px\" \/><\/a><a href=\"https:\/\/www3.unicentro.br\/coorti\/aonline\/\" target=\"_blank\" rel=\"noopener noreferrer\">Aluno Online<\/a><\/h3>\n<p>Sistema online que permite aos acad\u00eamicos de gradua\u00e7\u00e3o e p\u00f3s-gradua\u00e7\u00e3o acompanhar sua trajet\u00f3ria na universidade. Utilize seu n\u00famero de RA (letras, se existirem, em mai\u00fasculas) e senha para acesso. Se voc\u00ea \u00e9 calouro, sua senha inicial usualmente \u00e9 a mesma que voc\u00ea cadastrou no processo seletivo (vestibular).<\/p>\n<p>&nbsp;<\/p>\n<p>&nbsp;<\/p>\n<p>&nbsp;<\/p>\n<h3><a href=\"https:\/\/www3.unicentro.br\/bibliotecas\/\" target=\"_blank\" rel=\"noopener noreferrer\"><img loading=\"lazy\" decoding=\"async\" class=\"alignleft size-medium wp-image-484\" src=\"https:\/\/www3.unicentro.br\/cedeteg\/wp-content\/uploads\/sites\/91\/2020\/11\/books-1204029_640-300x199.jpg\" alt=\"\" width=\"300\" height=\"199\" srcset=\"https:\/\/www3.unicentro.br\/cedeteg\/wp-content\/uploads\/sites\/91\/2020\/11\/books-1204029_640-300x199.jpg 300w, https:\/\/www3.unicentro.br\/cedeteg\/wp-content\/uploads\/sites\/91\/2020\/11\/books-1204029_640-255x169.jpg 255w, https:\/\/www3.unicentro.br\/cedeteg\/wp-content\/uploads\/sites\/91\/2020\/11\/books-1204029_640.jpg 640w\" sizes=\"auto, (max-width: 300px) 100vw, 300px\" \/><\/a><a href=\"https:\/\/www3.unicentro.br\/bibliotecas\/\" target=\"_blank\" rel=\"noopener noreferrer\">Bibliotecas<\/a><\/h3>\n<p>A Unicentro conta com bibliotecas em todos os seus Campi. Os acervos de Guarapuava (Santa Cruz e Cedeteg) e Irati somam milhares de obras entre livros, peri\u00f3dicos, disserta\u00e7\u00f5es, monografias, cat\u00e1logos, etc. Al\u00e9m destes, os Campi Avan\u00e7ados de Pitanga, Chopinzinho, Laranjeiras do Sul, Prudent\u00f3polis e a Extens\u00e3o de Coronel Vivida tamb\u00e9m possuem bibliotecas pr\u00f3prias.<\/p>\n<p>&nbsp;<\/p>\n<p>&nbsp;<\/p>\n<p>&nbsp;<\/p>\n<h3><img loading=\"lazy\" decoding=\"async\" class=\"alignleft size-medium wp-image-488\" src=\"https:\/\/www3.unicentro.br\/cedeteg\/wp-content\/uploads\/sites\/91\/2020\/11\/library-922998_640-300x200.jpg\" alt=\"\" width=\"300\" height=\"200\" srcset=\"https:\/\/www3.unicentro.br\/cedeteg\/wp-content\/uploads\/sites\/91\/2020\/11\/library-922998_640-300x200.jpg 300w, https:\/\/www3.unicentro.br\/cedeteg\/wp-content\/uploads\/sites\/91\/2020\/11\/library-922998_640-255x170.jpg 255w, https:\/\/www3.unicentro.br\/cedeteg\/wp-content\/uploads\/sites\/91\/2020\/11\/library-922998_640.jpg 640w\" sizes=\"auto, (max-width: 300px) 100vw, 300px\" \/>Divis\u00e3o de Apoio Acad\u00eamico (Diap)<\/h3>\n<p>Divis\u00e3o respons\u00e1vel pelo suporte ao acad\u00eamico em tr\u00e2mites da vida acad\u00eamica.<\/p>\n<p>Contato: (42)3629-8109 \/ diap_c@unicentro.br<\/p>\n","protected":false},"excerpt":{"rendered":"<p>Assist\u00eancia Estudantil &#8211; Coordenadoria de Apoio ao Estudante A Coordenadoria de Apoio ao Estudante (COORAE) destina-se aos acad\u00eamicos da Universidade Estadual do Centro-Oeste, Unicentro, com a finalidade de propiciar aos estudantes condi\u00e7\u00f5es para o acesso e perman\u00eancia no ensino superior. &nbsp; &nbsp; &nbsp; &nbsp; Aluno Online Sistema online que permite aos acad\u00eamicos de gradua\u00e7\u00e3o e [&hellip;]<\/p>\n","protected":false},"author":3,"featured_media":0,"parent":0,"menu_order":0,"comment_status":"closed","ping_status":"closed","template":"","meta":{"_exactmetrics_skip_tracking":false,"_exactmetrics_sitenote_active":false,"_exactmetrics_sitenote_note":"","_exactmetrics_sitenote_category":0,"footnotes":"","_links_to":"","_links_to_target":""},"class_list":["post-440","page","type-page","status-publish","hentry"],"_links":{"self":[{"href":"https:\/\/www3.unicentro.br\/cedeteg\/wp-json\/wp\/v2\/pages\/440","targetHints":{"allow":["GET"]}}],"collection":[{"href":"https:\/\/www3.unicentro.br\/cedeteg\/wp-json\/wp\/v2\/pages"}],"about":[{"href":"https:\/\/www3.unicentro.br\/cedeteg\/wp-json\/wp\/v2\/types\/page"}],"author":[{"embeddable":true,"href":"https:\/\/www3.unicentro.br\/cedeteg\/wp-json\/wp\/v2\/users\/3"}],"replies":[{"embeddable":true,"href":"https:\/\/www3.unicentro.br\/cedeteg\/wp-json\/wp\/v2\/comments?post=440"}],"version-history":[{"count":0,"href":"https:\/\/www3.unicentro.br\/cedeteg\/wp-json\/wp\/v2\/pages\/440\/revisions"}],"wp:attachment":[{"href":"https:\/\/www3.unicentro.br\/cedeteg\/wp-json\/wp\/v2\/media?parent=440"}],"curies":[{"name":"wp","href":"https:\/\/api.w.org\/{rel}","templated":true}]}}