{"id":37,"date":"2020-09-01T16:22:41","date_gmt":"2020-09-01T19:22:41","guid":{"rendered":"https:\/\/www3.unicentro.br\/cedeteg\/?page_id=37"},"modified":"2025-04-29T14:33:14","modified_gmt":"2025-04-29T17:33:14","slug":"expediente","status":"publish","type":"page","link":"https:\/\/www3.unicentro.br\/cedeteg\/sobre-o-campus\/expediente\/","title":{"rendered":"Expediente"},"content":{"rendered":"<h2><strong>Gest\u00e3o do C\u00e2mpus Cedeteg<\/strong><\/h2>\n<p><img loading=\"lazy\" decoding=\"async\" class=\"alignright wp-image-360\" src=\"https:\/\/www3.unicentro.br\/cedeteg\/wp-content\/uploads\/sites\/91\/2020\/10\/DJI_0241-1024x576.jpg\" alt=\"\" width=\"600\" height=\"338\" srcset=\"https:\/\/www3.unicentro.br\/cedeteg\/wp-content\/uploads\/sites\/91\/2020\/10\/DJI_0241-1024x576.jpg 1024w, https:\/\/www3.unicentro.br\/cedeteg\/wp-content\/uploads\/sites\/91\/2020\/10\/DJI_0241-300x169.jpg 300w, https:\/\/www3.unicentro.br\/cedeteg\/wp-content\/uploads\/sites\/91\/2020\/10\/DJI_0241-768x432.jpg 768w, https:\/\/www3.unicentro.br\/cedeteg\/wp-content\/uploads\/sites\/91\/2020\/10\/DJI_0241-1536x864.jpg 1536w, https:\/\/www3.unicentro.br\/cedeteg\/wp-content\/uploads\/sites\/91\/2020\/10\/DJI_0241-255x143.jpg 255w, https:\/\/www3.unicentro.br\/cedeteg\/wp-content\/uploads\/sites\/91\/2020\/10\/DJI_0241.jpg 2000w\" sizes=\"auto, (max-width: 600px) 100vw, 600px\" \/><\/p>\n<p>&nbsp;<\/p>\n<p>A gest\u00e3o do C\u00e2mpus Cedeteg \u00e9 um trabalho conjunto da Dire\u00e7\u00e3o-Geral do C\u00e2mpus Cedeteg (Dircamp\/C) e do Conselho Administrativo do C\u00e2mpus (Cadcam\/C).<\/p>\n<p>A Dire\u00e7\u00e3o-Geral do C\u00e2mpus \u00e9 uma unidade executiva, da administra\u00e7\u00e3o intermedi\u00e1ria, que planeja, desenvolve e coordena as atividades-meio do c\u00e2mpus, vinculando-se \u00e0 administra\u00e7\u00e3o superior da Unicentro.<\/p>\n<p>O Conselho Administrativo de C\u00e2mpus, por sua vez, \u00e9 \u00f3rg\u00e3o de car\u00e1ter deliberativo e consultivo em mat\u00e9ria administrativa.<\/p>\n<p>As atribui\u00e7\u00f5es e a composi\u00e7\u00e3o da Dircamp\/C e do Cadcam\/C est\u00e3o previstas no Regulamento do C\u00e2mpus Cedeteg, aprovado pela Resolu\u00e7\u00e3o n\u00ba 133-COU\/Unicentro, de 18 de dezembro de 2014.<\/p>\n<p>&nbsp;<\/p>\n<p>______________________________________________________________________________________________________________________________________________________________________<\/p>\n<p>Os servi\u00e7os da Dire\u00e7\u00e3o-Geral do C\u00e2mpus Cedeteg (Dircamp\/C) podem ser solicitados, conforme segue:<\/p>\n<p>Quando o solicitante for estudante, via e-mail: <strong><a href=\"mailto:dircampcedeteg@unicentro.br\">dircampcedeteg@unicentro.br<\/a><br \/>\n<\/strong><\/p>\n<p>Quando o solicitante for professor ou agente universit\u00e1rio, via Ordem de Servi\u00e7o, pelo <strong><a href=\"https:\/\/sguweb.unicentro.br\/usuarios\/login\" target=\"_blank\" rel=\"noopener noreferrer\">SGUWeb<\/a><\/strong>.<\/p>\n<p>______________________________________________________________________________________________________________________________________________________________________<\/p>\n<h2><\/h2>\n<h2><strong>Atendimento da Dire\u00e7\u00e3o-Geral do C\u00e2mpus Cedeteg<\/strong><\/h2>\n<p>&nbsp;<\/p>\n<p><strong>Telefones:<\/strong><\/p>\n<p>Central telef\u00f4nica e recep\u00e7\u00e3o &#8211; (42) 3629-8103 \/ 3629-8102 \/ 3629-8185<\/p>\n<p><strong>E-mail:\u00a0<\/strong><a href=\"mailto:dircampcedeteg@unicentro.br\">dircampcedeteg@unicentro.br<\/a><\/p>\n<p><strong>Hor\u00e1rios:<\/strong><\/p>\n<p>Manh\u00e3: 7h30 \u00e0s 12 horas<\/p>\n<p>Tarde: 13h \u00e0s 17h<\/p>\n<p>Noite: 18h \u00e0s 22h<\/p>\n<p>O contrato de servi\u00e7os de vigil\u00e2ncia funciona 24 horas e os vigilantes podem contatar o diretor e a vice-diretora do c\u00e2mpus em caso de urg\u00eancias.<\/p>\n<p>______________________________________________________________________________________________________________________________________________________________________<\/p>\n<h2><strong>Acesso ao Cedeteg<\/strong><\/h2>\n<p>&nbsp;<\/p>\n<p>Acesso principal: via Alameda \u00c9lio Antonio Dalla Vecchia<\/p>\n<p>Acesso secund\u00e1rio: via Rua Sime\u00e3o Varela de S\u00e1<\/p>\n<p>De segunda \u00e0 sexta-feira, das 7h \u00e0s 23h30, e aos s\u00e1bados, das 7h \u00e0s 19h.<\/p>\n<p>Aos domingos, recessos e feriados \u00e9 feito o controle de entrada de pedestres e ve\u00edculos no c\u00e2mpus, via acesso principal. Os professores, agentes universit\u00e1rios e estudantes devem apresentar o crach\u00e1 ou o RA para serem autorizados a entrarem no c\u00e2mpus.<\/p>\n<p><span style=\"font-weight: 400\">O acesso ao c\u00e2mpus em hor\u00e1rios espec\u00edficos, como durante a madrugada, por exemplo, deve ser solicitado, via Ordem de Servi\u00e7o, para o prestador \u201cDircamp\/C \u2013 Dire\u00e7\u00e3o e Secretaria-Geral do C\u00e2mpus Cedeteg\u201d, com anteced\u00eancia, para comunicarmos aos vigilantes.<\/span><\/p>\n<p>&nbsp;<\/p>\n","protected":false},"excerpt":{"rendered":"<p>Gest\u00e3o do C\u00e2mpus Cedeteg &nbsp; A gest\u00e3o do C\u00e2mpus Cedeteg \u00e9 um trabalho conjunto da Dire\u00e7\u00e3o-Geral do C\u00e2mpus Cedeteg (Dircamp\/C) e do Conselho Administrativo do C\u00e2mpus (Cadcam\/C). A Dire\u00e7\u00e3o-Geral do C\u00e2mpus \u00e9 uma unidade executiva, da administra\u00e7\u00e3o intermedi\u00e1ria, que planeja, desenvolve e coordena as atividades-meio do c\u00e2mpus, vinculando-se \u00e0 administra\u00e7\u00e3o superior da Unicentro. O Conselho [&hellip;]<\/p>\n","protected":false},"author":3,"featured_media":0,"parent":19,"menu_order":0,"comment_status":"closed","ping_status":"closed","template":"","meta":{"_exactmetrics_skip_tracking":false,"_exactmetrics_sitenote_active":false,"_exactmetrics_sitenote_note":"","_exactmetrics_sitenote_category":0,"footnotes":"","_links_to":"","_links_to_target":""},"class_list":["post-37","page","type-page","status-publish","hentry"],"_links":{"self":[{"href":"https:\/\/www3.unicentro.br\/cedeteg\/wp-json\/wp\/v2\/pages\/37","targetHints":{"allow":["GET"]}}],"collection":[{"href":"https:\/\/www3.unicentro.br\/cedeteg\/wp-json\/wp\/v2\/pages"}],"about":[{"href":"https:\/\/www3.unicentro.br\/cedeteg\/wp-json\/wp\/v2\/types\/page"}],"author":[{"embeddable":true,"href":"https:\/\/www3.unicentro.br\/cedeteg\/wp-json\/wp\/v2\/users\/3"}],"replies":[{"embeddable":true,"href":"https:\/\/www3.unicentro.br\/cedeteg\/wp-json\/wp\/v2\/comments?post=37"}],"version-history":[{"count":2,"href":"https:\/\/www3.unicentro.br\/cedeteg\/wp-json\/wp\/v2\/pages\/37\/revisions"}],"predecessor-version":[{"id":6264,"href":"https:\/\/www3.unicentro.br\/cedeteg\/wp-json\/wp\/v2\/pages\/37\/revisions\/6264"}],"up":[{"embeddable":true,"href":"https:\/\/www3.unicentro.br\/cedeteg\/wp-json\/wp\/v2\/pages\/19"}],"wp:attachment":[{"href":"https:\/\/www3.unicentro.br\/cedeteg\/wp-json\/wp\/v2\/media?parent=37"}],"curies":[{"name":"wp","href":"https:\/\/api.w.org\/{rel}","templated":true}]}}